{"id":735351,"date":"2025-08-27T22:46:19","date_gmt":"2025-08-27T19:46:19","guid":{"rendered":"https:\/\/roveyayinevi.com.tr\/index.php\/urun\/kadim-sehrin-sifreleri\/"},"modified":"2026-04-16T02:43:42","modified_gmt":"2026-04-15T23:43:42","slug":"kadim-sehrin-sifreleri","status":"publish","type":"product","link":"https:\/\/roveyayinevi.com.tr\/index.php\/urun\/kadim-sehrin-sifreleri\/","title":{"rendered":"Kadim \u015eehrin \u015eifreleri"},"content":{"rendered":"<p>Kadim \u015fehrin s\u0131r perdesi aralan\u0131yor&#8230; Ceren, Ate\u015f ve Kaan s\u0131radan bir okul g\u00fcn\u00fcn\u00fcn sabah\u0131nda, kendilerini okullar aras\u0131 d\u00fczenlenen bir hazine av\u0131n\u0131n i\u00e7inde bulurlar. G\u00f6revleri \u0130stanbul&#8217;u ke\u015ffetmektedir! \u00d6nceleri bilgiye ve ak\u0131l y\u00fcr\u00fctmeye dayal\u0131 e\u011flenceli bir yar\u0131\u015fma oldu\u011funu d\u00fc\u015f\u00fcnseler de \u00e7ok ge\u00e7meden yar\u0131\u015fman\u0131n sonunda ger\u00e7ek bir hazine oldu\u011fundan \u015f\u00fcphelenmeye ba\u015flarlar. \u00c7\u00fcnk\u00fc yapmalar\u0131 gereken yaln\u0131zca zamana ve rakip okullara kar\u015f\u0131 yar\u0131\u015farak gittik\u00e7e zorla\u015fan \u015fifreleri \u00e7\u00f6zmek de\u011fildir; pe\u015flerine d\u00fc\u015fen tuhaf ve kimi zaman tehlikeli insanlarla da ba\u015fa \u00e7\u0131kmalar\u0131 gerekmektedir. Birbirinden olduk\u00e7a farkl\u0131 olan bu \u00fc\u00e7 \u00e7ocuk, kitaplar\u0131n deste\u011fiyle \u0130stanbul&#8217;u ke\u015ffederken, kendilerini, yard\u0131mla\u015fman\u0131n ve arkada\u015fl\u0131\u011f\u0131n anlam\u0131n\u0131 da ke\u015ffeder. <\/p>\n","protected":false},"excerpt":{"rendered":"<p>Kadim \u015fehrin s\u0131r perdesi aralan\u0131yor&#8230; Ceren, Ate\u015f ve Kaan s\u0131radan bir okul g\u00fcn\u00fcn\u00fcn sabah\u0131nda, kendilerini okullar aras\u0131 d\u00fczenlenen bir hazine av\u0131n\u0131n i\u00e7inde bulurlar. G\u00f6revleri \u0130stanbul&#8217;u ke\u015ffetmektedir!<span class=\"excerpt-hellip\"> [\u2026]<\/span><\/p>\n","protected":false},"featured_media":0,"template":"","meta":{"_monsterinsights_skip_tracking":false,"_monsterinsights_sitenote_active":false,"_monsterinsights_sitenote_note":"","_monsterinsights_sitenote_category":0},"product_brand":[],"product_cat":[12275,12274],"product_tag":[],"class_list":{"0":"post-735351","1":"product","2":"type-product","3":"status-publish","5":"product_cat-6-12-yas-kitaplari","6":"product_cat-cocuk-ve-genclik-kitaplari","7":"pa_cilt-ciltsiz","8":"pa_tur-kitap","9":"pa_yayinevi-altin-kitaplar-ozel-urun","10":"pa_yazar-almila-aydin","12":"first","13":"instock","14":"sale","15":"shipping-taxable","16":"purchasable","17":"product-type-simple"},"_links":{"self":[{"href":"https:\/\/roveyayinevi.com.tr\/index.php\/wp-json\/wp\/v2\/product\/735351","targetHints":{"allow":["GET"]}}],"collection":[{"href":"https:\/\/roveyayinevi.com.tr\/index.php\/wp-json\/wp\/v2\/product"}],"about":[{"href":"https:\/\/roveyayinevi.com.tr\/index.php\/wp-json\/wp\/v2\/types\/product"}],"wp:attachment":[{"href":"https:\/\/roveyayinevi.com.tr\/index.php\/wp-json\/wp\/v2\/media?parent=735351"}],"wp:term":[{"taxonomy":"product_brand","embeddable":true,"href":"https:\/\/roveyayinevi.com.tr\/index.php\/wp-json\/wp\/v2\/product_brand?post=735351"},{"taxonomy":"product_cat","embeddable":true,"href":"https:\/\/roveyayinevi.com.tr\/index.php\/wp-json\/wp\/v2\/product_cat?post=735351"},{"taxonomy":"product_tag","embeddable":true,"href":"https:\/\/roveyayinevi.com.tr\/index.php\/wp-json\/wp\/v2\/product_tag?post=735351"}],"curies":[{"name":"wp","href":"https:\/\/api.w.org\/{rel}","templated":true}]}}