{"id":735348,"date":"2025-08-27T22:46:16","date_gmt":"2025-08-27T19:46:16","guid":{"rendered":"https:\/\/roveyayinevi.com.tr\/index.php\/urun\/etkili-ogrenme-yontemleri\/"},"modified":"2026-04-16T02:43:42","modified_gmt":"2026-04-15T23:43:42","slug":"etkili-ogrenme-yontemleri","status":"publish","type":"product","link":"https:\/\/roveyayinevi.com.tr\/index.php\/urun\/etkili-ogrenme-yontemleri\/","title":{"rendered":"Etkili \u00d6\u011frenme Y\u00f6ntemleri"},"content":{"rendered":"<p>\u00dcz\u00fcc\u00fc ba\u015far\u0131s\u0131zl\u0131klardan m\u0131 mustaripsiniz? Okuduklar\u0131n\u0131z\u0131 hat\u0131rlamak zor mu geliyor? S\u0131k\u0131l\u0131p, dikkatiniz kolayca da\u011f\u0131ld\u0131\u011f\u0131 i\u00e7in \u00e7al\u0131\u015fmay\u0131 ilk f\u0131rsatta b\u0131rak\u0131yor musunuz? O halde Etkili \u00d6\u011frenme Y\u00f6ntemleri tam size g\u00f6re.    Dr. Barbara Oakley ve Olav Schewe de ge\u00e7mi\u015fte \u00f6\u011frenme sorunlar\u0131 ya\u015fad\u0131. Fakat sonra her konuda uzmanla\u015fabilmelerini sa\u011flayan y\u00f6ntemler \u00fcrettiler. Sinirbilim ve bili\u015fsel psikoloji konular\u0131na e\u011filen kitap, \u00f6\u011frenme yetinizi geli\u015ftirmeye yarayan h\u0131zland\u0131r\u0131lm\u0131\u015f bir ders niteli\u011fi ta\u015f\u0131yor.    Olav ve Barb \u00f6\u011frenme ile ilgili; \u00f6\u011fretme, yazma ve ara\u015ft\u0131rma ile ge\u00e7en y\u0131llar\u0131 boyunca bir\u00e7ok disiplinden uzmanlarla sa\u011flam ili\u015fkiler de tesis etti ve her bir sav\u0131 \u00f6\u011frenmenin zorlu siperlerinde sava\u015fan binlerce \u00f6\u011frencinin geri d\u00f6n\u00fc\u015f\u00fcyle yo\u011furarak \u00f6n\u00fcn\u00fcze getirdi.   \u201cElinizdeki kitap i\u015fte bu y\u00f6ntemleri en ak\u0131c\u0131 ve e\u011flenceli haliyle ele al\u0131yor.  Okuyunca siz de denemek i\u00e7in sab\u0131rs\u0131zlanacaks\u0131n\u0131z.\u201d  -Dr. Eric Siegel<\/p>\n","protected":false},"excerpt":{"rendered":"<p>\u00dcz\u00fcc\u00fc ba\u015far\u0131s\u0131zl\u0131klardan m\u0131 mustaripsiniz? Okuduklar\u0131n\u0131z\u0131 hat\u0131rlamak zor mu geliyor? S\u0131k\u0131l\u0131p, dikkatiniz kolayca da\u011f\u0131ld\u0131\u011f\u0131 i\u00e7in \u00e7al\u0131\u015fmay\u0131 ilk f\u0131rsatta b\u0131rak\u0131yor musunuz? O halde Etkili \u00d6\u011frenme Y\u00f6ntemleri tam size<span class=\"excerpt-hellip\"> [\u2026]<\/span><\/p>\n","protected":false},"featured_media":0,"template":"","meta":{"_monsterinsights_skip_tracking":false,"_monsterinsights_sitenote_active":false,"_monsterinsights_sitenote_note":"","_monsterinsights_sitenote_category":0},"product_brand":[],"product_cat":[12573,12566],"product_tag":[],"class_list":{"0":"post-735348","1":"product","2":"type-product","3":"status-publish","5":"product_cat-akademik-kitaplar","6":"product_cat-egitim","7":"pa_cilt-ciltsiz","8":"pa_tur-kitap","9":"pa_yayinevi-orenda","10":"pa_yazar-olav-schewe-barbara-oakley","12":"first","13":"instock","14":"sale","15":"shipping-taxable","16":"purchasable","17":"product-type-simple"},"_links":{"self":[{"href":"https:\/\/roveyayinevi.com.tr\/index.php\/wp-json\/wp\/v2\/product\/735348","targetHints":{"allow":["GET"]}}],"collection":[{"href":"https:\/\/roveyayinevi.com.tr\/index.php\/wp-json\/wp\/v2\/product"}],"about":[{"href":"https:\/\/roveyayinevi.com.tr\/index.php\/wp-json\/wp\/v2\/types\/product"}],"wp:attachment":[{"href":"https:\/\/roveyayinevi.com.tr\/index.php\/wp-json\/wp\/v2\/media?parent=735348"}],"wp:term":[{"taxonomy":"product_brand","embeddable":true,"href":"https:\/\/roveyayinevi.com.tr\/index.php\/wp-json\/wp\/v2\/product_brand?post=735348"},{"taxonomy":"product_cat","embeddable":true,"href":"https:\/\/roveyayinevi.com.tr\/index.php\/wp-json\/wp\/v2\/product_cat?post=735348"},{"taxonomy":"product_tag","embeddable":true,"href":"https:\/\/roveyayinevi.com.tr\/index.php\/wp-json\/wp\/v2\/product_tag?post=735348"}],"curies":[{"name":"wp","href":"https:\/\/api.w.org\/{rel}","templated":true}]}}