{"id":735347,"date":"2025-08-27T22:46:16","date_gmt":"2025-08-27T19:46:16","guid":{"rendered":"https:\/\/roveyayinevi.com.tr\/index.php\/urun\/memluk-devletinin-son-yillari\/"},"modified":"2026-04-16T02:43:42","modified_gmt":"2026-04-15T23:43:42","slug":"memluk-devletinin-son-yillari","status":"publish","type":"product","link":"https:\/\/roveyayinevi.com.tr\/index.php\/urun\/memluk-devletinin-son-yillari\/","title":{"rendered":"Memluk Devleti&#8217;nin Son Y\u0131llar\u0131"},"content":{"rendered":"<p>Bu \u00e7al\u0131\u015fma, Memluklar devri tarih\u00e7ilerinden \u0130bn \u0130yas olarak bilinen Zeyneddin Muhammed bin Ahmed\u2019in (\u00f6l. 1523 civar\u0131nda) Bed\u00e2yi\u00fc\u2019z-Z\u00fch\u00fbr f\u00ee Vekayi\u2018i\u2019d-D\u00fch\u00fbr adl\u0131 M\u0131s\u0131r tarihinin d\u00f6rd\u00fcnc\u00fc cildinin terc\u00fcmesidir. Eser, Kansu Gavr\u00ee\u2019nin saltanat\u0131 d\u00f6nemine, 906-921\/1501-1516 y\u0131llar\u0131 aras\u0131nda Memluklar Devleti\u2019ne \u0131\u015f\u0131k tutmaktad\u0131r. Art\u0131k bu devirde Memluklar Devleti idar\u00ee, mal\u00ee ve asker\u00ee bak\u0131mdan tam bir \u00e7\u00f6k\u00fcnt\u00fc i\u00e7indedir. Sultan Gavr\u00ee, istemeyerek, a\u011flayarak sultan olmu\u015ftur. Defalarca memluklar taraf\u0131ndan isyanla tehdit edilmi\u015ftir. \u00dcmit Burnu yolunun ke\u015ffi ve Portekiz tehdidi y\u00fcz\u00fcnden baharat yolu i\u015flememektedir. Devlet birka\u00e7 Portekiz gemisiyle ba\u015f edemez h\u00e2le gelmi\u015f, Portekizliler Cidde\u2019ye dayanm\u0131\u015f, Kahire y\u00f6netimi Osmanl\u0131 Devleti\u2019nden yard\u0131m istemek zorunda kalm\u0131\u015ft\u0131r. \u00d6te yandan Safev\u00ee Devleti, Memluklar\u0131 da tehdit edecek \u015fekilde h\u0131zla b\u00fcy\u00fcmektedir. Yavuz Sultan Selim ile \u015eah \u0130smail aras\u0131ndaki rekabet, Sultan Gavr\u00ee\u2019nin de kaderini tayin edecektir. \u0130bn \u0130yas, eserinde b\u00fct\u00fcn bu siyas\u00ee ve asker\u00ee konular\u0131n yan\u0131 s\u0131ra, sultan\u0131n, b\u00fcy\u00fck emirlerin, memurlar\u0131n g\u00fcnl\u00fck faaliyetlerini, tayin ve azilleri, idamlar\u0131, insanlar\u0131n g\u00fcndelik ya\u015fant\u0131s\u0131n\u0131, emniyetle ilgili olaylar\u0131, vergileri, fiyat hareketlerini, Nil\u2019in ta\u015fma d\u00fczenini, hava durumunu, depremleri, salg\u0131n hastal\u0131klar\u0131, hemen hemen tarih\u00e7ileri ilgilendiren her \u015feyi nakletmektedir. Yazar, bir tarih\u00e7i olarak olaylara g\u00fcn\u00fc g\u00fcn\u00fcne yak\u0131ndan \u015fahit olmu\u015ftur. Devri i\u00e7in en teferruatl\u0131, sa\u011flam kaynakt\u0131r. <\/p>\n","protected":false},"excerpt":{"rendered":"<p>Bu \u00e7al\u0131\u015fma, Memluklar devri tarih\u00e7ilerinden \u0130bn \u0130yas olarak bilinen Zeyneddin Muhammed bin Ahmed\u2019in (\u00f6l. 1523 civar\u0131nda) Bed\u00e2yi\u00fc\u2019z-Z\u00fch\u00fbr f\u00ee Vekayi\u2018i\u2019d-D\u00fch\u00fbr adl\u0131 M\u0131s\u0131r tarihinin d\u00f6rd\u00fcnc\u00fc cildinin terc\u00fcmesidir. Eser,<span class=\"excerpt-hellip\"> [\u2026]<\/span><\/p>\n","protected":false},"featured_media":0,"template":"","meta":{"_monsterinsights_skip_tracking":false,"_monsterinsights_sitenote_active":false,"_monsterinsights_sitenote_note":"","_monsterinsights_sitenote_category":0},"product_brand":[],"product_cat":[13517,12304],"product_tag":[],"class_list":{"0":"post-735347","1":"product","2":"type-product","3":"status-publish","5":"product_cat-osmanli-tarihi","6":"product_cat-tarih","7":"pa_cilt-ciltsiz","8":"pa_tur-kitap","9":"pa_yayinevi-yeditepe-yayinevi","10":"pa_yazar-ibn-iyas","12":"first","13":"instock","14":"sale","15":"shipping-taxable","16":"purchasable","17":"product-type-simple"},"_links":{"self":[{"href":"https:\/\/roveyayinevi.com.tr\/index.php\/wp-json\/wp\/v2\/product\/735347","targetHints":{"allow":["GET"]}}],"collection":[{"href":"https:\/\/roveyayinevi.com.tr\/index.php\/wp-json\/wp\/v2\/product"}],"about":[{"href":"https:\/\/roveyayinevi.com.tr\/index.php\/wp-json\/wp\/v2\/types\/product"}],"wp:attachment":[{"href":"https:\/\/roveyayinevi.com.tr\/index.php\/wp-json\/wp\/v2\/media?parent=735347"}],"wp:term":[{"taxonomy":"product_brand","embeddable":true,"href":"https:\/\/roveyayinevi.com.tr\/index.php\/wp-json\/wp\/v2\/product_brand?post=735347"},{"taxonomy":"product_cat","embeddable":true,"href":"https:\/\/roveyayinevi.com.tr\/index.php\/wp-json\/wp\/v2\/product_cat?post=735347"},{"taxonomy":"product_tag","embeddable":true,"href":"https:\/\/roveyayinevi.com.tr\/index.php\/wp-json\/wp\/v2\/product_tag?post=735347"}],"curies":[{"name":"wp","href":"https:\/\/api.w.org\/{rel}","templated":true}]}}