{"id":735302,"date":"2025-08-27T22:45:27","date_gmt":"2025-08-27T19:45:27","guid":{"rendered":"https:\/\/roveyayinevi.com.tr\/index.php\/urun\/insan-nedir-3\/"},"modified":"2026-04-16T02:43:40","modified_gmt":"2026-04-15T23:43:40","slug":"insan-nedir-3","status":"publish","type":"product","link":"https:\/\/roveyayinevi.com.tr\/index.php\/urun\/insan-nedir-3\/","title":{"rendered":"\u0130nsan Nedir ?"},"content":{"rendered":"<p>Bir zamanlar verem hastalar\u0131n\u0131n iyile\u015fmek i\u00e7in ziyaret etti\u011fi Davos, bir\u00e7ok \u00f6nemli k\u00fclt\u00fcr ve bilim insan\u0131n\u0131n yer ald\u0131\u011f\u0131 konferans dizilerine tan\u0131kl\u0131k etti. Bu kitap da 1929 bahar\u0131nda Heidegger ve Cassirer aras\u0131ndaki tart\u0131\u015fman\u0131n \u00fcr\u00fcn\u00fcd\u00fcr. \u00dc\u00e7 hafta kadar s\u00fcren kongrenin b\u00fcy\u00fck olay\u0131 bu kar\u015f\u0131la\u015fmad\u0131r. Toplant\u0131da kimler yoktur ki Levinas, Leo Strauss, Carnap ve daha bir\u00e7ok \u00f6nemli isim. Tart\u0131\u015fmay\u0131 \u00f6nemli k\u0131lan di\u011fer bir konu daha vard\u0131r: Bu, eski ile yeninin kar\u015f\u0131la\u015fmas\u0131 olmakla birlikte, anti-semitist bir parti taraftar\u0131 filozof ile Yahudi bir filozofun da kar\u015f\u0131la\u015fmas\u0131d\u0131r. Tart\u0131\u015fma sorusu \u201c\u0130nsan nedir?\u201d olsa da tart\u0131\u015fma, felsefede yeni bir \u00e7a\u011f a\u00e7an Kant \u00fczerinedir. Ayr\u0131ca bu kitapta geni\u015f bir yer tutan Sons\u00f6z\u2019de, bu kongrenin tarihsel detaylar\u0131, siyasal konjonkt\u00fcr i\u00e7erisindeki yeri ve tart\u0131\u015fman\u0131n felsefi arka plan\u0131 hakk\u0131nda \u00f6nemli a\u00e7\u0131klamalar sunulmaktad\u0131r.<\/p>\n","protected":false},"excerpt":{"rendered":"<p>Bir zamanlar verem hastalar\u0131n\u0131n iyile\u015fmek i\u00e7in ziyaret etti\u011fi Davos, bir\u00e7ok \u00f6nemli k\u00fclt\u00fcr ve bilim insan\u0131n\u0131n yer ald\u0131\u011f\u0131 konferans dizilerine tan\u0131kl\u0131k etti. Bu kitap da 1929 bahar\u0131nda<span class=\"excerpt-hellip\"> [\u2026]<\/span><\/p>\n","protected":false},"featured_media":0,"template":"","meta":{"_monsterinsights_skip_tracking":false,"_monsterinsights_sitenote_active":false,"_monsterinsights_sitenote_note":"","_monsterinsights_sitenote_category":0},"product_brand":[],"product_cat":[20351,12388],"product_tag":[],"class_list":{"0":"post-735302","1":"product","2":"type-product","3":"status-publish","5":"product_cat-dusunce","6":"product_cat-felsefe","7":"pa_cilt-ciltsiz","8":"pa_tur-kitap","9":"pa_yayinevi-fol-kitap","10":"pa_yazar-ernst-cassirer","12":"first","13":"instock","14":"sale","15":"shipping-taxable","16":"purchasable","17":"product-type-simple"},"_links":{"self":[{"href":"https:\/\/roveyayinevi.com.tr\/index.php\/wp-json\/wp\/v2\/product\/735302","targetHints":{"allow":["GET"]}}],"collection":[{"href":"https:\/\/roveyayinevi.com.tr\/index.php\/wp-json\/wp\/v2\/product"}],"about":[{"href":"https:\/\/roveyayinevi.com.tr\/index.php\/wp-json\/wp\/v2\/types\/product"}],"wp:attachment":[{"href":"https:\/\/roveyayinevi.com.tr\/index.php\/wp-json\/wp\/v2\/media?parent=735302"}],"wp:term":[{"taxonomy":"product_brand","embeddable":true,"href":"https:\/\/roveyayinevi.com.tr\/index.php\/wp-json\/wp\/v2\/product_brand?post=735302"},{"taxonomy":"product_cat","embeddable":true,"href":"https:\/\/roveyayinevi.com.tr\/index.php\/wp-json\/wp\/v2\/product_cat?post=735302"},{"taxonomy":"product_tag","embeddable":true,"href":"https:\/\/roveyayinevi.com.tr\/index.php\/wp-json\/wp\/v2\/product_tag?post=735302"}],"curies":[{"name":"wp","href":"https:\/\/api.w.org\/{rel}","templated":true}]}}