{"id":735271,"date":"2025-08-27T22:44:56","date_gmt":"2025-08-27T19:44:56","guid":{"rendered":"https:\/\/roveyayinevi.com.tr\/index.php\/urun\/bir-bilim-insaninin-tutkulu-hikayesi-bitkilerin-buyulu-dunyasi\/"},"modified":"2026-04-16T02:43:38","modified_gmt":"2026-04-15T23:43:38","slug":"bir-bilim-insaninin-tutkulu-hikayesi-bitkilerin-buyulu-dunyasi","status":"publish","type":"product","link":"https:\/\/roveyayinevi.com.tr\/index.php\/urun\/bir-bilim-insaninin-tutkulu-hikayesi-bitkilerin-buyulu-dunyasi\/","title":{"rendered":"Bir Bilim \u0130nsan\u0131n\u0131n Tutkulu Hikayesi &#8211; Bitkilerin B\u00fcy\u00fcl\u00fc D\u00fcnyas\u0131"},"content":{"rendered":"<p>\u201c\u0130nsanlar bitkilere benzer: I\u015f\u0131\u011fa do\u011fru b\u00fcy\u00fcrler. Bilimi se\u00e7memin nedeni, bana ihtiya\u00e7 duydu\u011fum \u015feyi sunmas\u0131yd\u0131. Bilim, bana kelimenin ger\u00e7ek anlam\u0131yla bir yuva sundu.\u201d Bir Bilim \u0130nsan\u0131n\u0131n Tutkulu Hik\u00e2yesi, Hope Jahren\u2019\u0131n hayat\u0131n\u0131 adad\u0131\u011f\u0131 \u00e7al\u0131\u015fmalar\u0131n\u0131 ve t\u00fcm \u00e7abas\u0131n\u0131 anlaml\u0131 k\u0131lan sevgiye dair d\u00fc\u015f\u00fcncelerini i\u00e7tenlikle payla\u015ft\u0131\u011f\u0131, etkileyici bir otobiyografi. Ya\u015fam\u0131n\u0131 a\u011fa\u00e7lar\u0131, \u00e7i\u00e7ekleri, tohumlar\u0131 ve topra\u011f\u0131 inceleyerek ge\u00e7iren bitkibilimci, tabiat\u0131n sundu\u011fu b\u00fcy\u00fcleyici g\u00fczellikleri ke\u015ffe \u00e7\u0131karken y\u00fcz y\u00fcze geldi\u011fi amans\u0131z hayatta kalma m\u00fccadelesini ve bu ke\u015fiflerden edindi\u011fi deneyimleri hik\u00e2yele\u015ftirerek anlat\u0131yor. \u0130nsan\u0131n do\u011fayla olan bitmek bilmez m\u00fccadelesinde s\u0131ra, bitkilerin dilini \u00f6\u011frenmeye ve ye\u015fil yapraklar\u0131n, y\u00fczy\u0131ll\u0131k a\u011fa\u00e7 g\u00f6vdelerinin, topra\u011f\u0131 kucaklayan k\u00f6klerin anlatacaklar\u0131n\u0131 dinlemeye geldi.<\/p>\n","protected":false},"excerpt":{"rendered":"<p>\u201c\u0130nsanlar bitkilere benzer: I\u015f\u0131\u011fa do\u011fru b\u00fcy\u00fcrler. Bilimi se\u00e7memin nedeni, bana ihtiya\u00e7 duydu\u011fum \u015feyi sunmas\u0131yd\u0131. Bilim, bana kelimenin ger\u00e7ek anlam\u0131yla bir yuva sundu.\u201d Bir Bilim \u0130nsan\u0131n\u0131n Tutkulu<span class=\"excerpt-hellip\"> [\u2026]<\/span><\/p>\n","protected":false},"featured_media":0,"template":"","meta":{"_monsterinsights_skip_tracking":false,"_monsterinsights_sitenote_active":false,"_monsterinsights_sitenote_note":"","_monsterinsights_sitenote_category":0},"product_brand":[],"product_cat":[12291,14777],"product_tag":[],"class_list":{"0":"post-735271","1":"product","2":"type-product","3":"status-publish","5":"product_cat-edebiyat","6":"product_cat-fantastik","7":"pa_cilt-ciltsiz","8":"pa_tur-kitap","9":"pa_yayinevi-epsilon-yayinlari","10":"pa_yazar-hope-jahren","12":"first","13":"instock","14":"sale","15":"shipping-taxable","16":"purchasable","17":"product-type-simple"},"_links":{"self":[{"href":"https:\/\/roveyayinevi.com.tr\/index.php\/wp-json\/wp\/v2\/product\/735271","targetHints":{"allow":["GET"]}}],"collection":[{"href":"https:\/\/roveyayinevi.com.tr\/index.php\/wp-json\/wp\/v2\/product"}],"about":[{"href":"https:\/\/roveyayinevi.com.tr\/index.php\/wp-json\/wp\/v2\/types\/product"}],"wp:attachment":[{"href":"https:\/\/roveyayinevi.com.tr\/index.php\/wp-json\/wp\/v2\/media?parent=735271"}],"wp:term":[{"taxonomy":"product_brand","embeddable":true,"href":"https:\/\/roveyayinevi.com.tr\/index.php\/wp-json\/wp\/v2\/product_brand?post=735271"},{"taxonomy":"product_cat","embeddable":true,"href":"https:\/\/roveyayinevi.com.tr\/index.php\/wp-json\/wp\/v2\/product_cat?post=735271"},{"taxonomy":"product_tag","embeddable":true,"href":"https:\/\/roveyayinevi.com.tr\/index.php\/wp-json\/wp\/v2\/product_tag?post=735271"}],"curies":[{"name":"wp","href":"https:\/\/api.w.org\/{rel}","templated":true}]}}