{"id":735258,"date":"2025-08-27T22:44:43","date_gmt":"2025-08-27T19:44:43","guid":{"rendered":"https:\/\/roveyayinevi.com.tr\/index.php\/urun\/payitahtta-bir-sazeli\/"},"modified":"2026-04-16T02:43:38","modified_gmt":"2026-04-15T23:43:38","slug":"payitahtta-bir-sazeli","status":"publish","type":"product","link":"https:\/\/roveyayinevi.com.tr\/index.php\/urun\/payitahtta-bir-sazeli\/","title":{"rendered":"Payitahtta Bir \u015eazeli"},"content":{"rendered":"<p>Be\u015fikta\u015f\u2019tan Balmumcu\u2019ya do\u011fru \u00e7\u0131karken sa\u011fdaki metruk ve harap haldeki binay\u0131 g\u00f6rmeyenimiz yoktur. Buradan gelip ge\u00e7enler acaba bir zamanlar bu b\u00fcy\u00fck konakta Trablsugarp\u2019tan \u0130stanbul\u2019a davet edilmi\u015f ve \u00e7eyrek as\u0131r burada padi\u015fah\u0131n daim\u00ee misafiri olmu\u015f bir \u015e\u00e2zel\u00ee \u015feyhinin kald\u0131\u011f\u0131n\u0131 bilirler mi? 1903 y\u0131l\u0131nda D\u00e2r-\u0131 Bek\u00e2\u2019ya irtihal eden bu me\u015fhur \u015feyh, kona\u011f\u0131n az a\u015fa\u011f\u0131s\u0131nda Osmanl\u0131lar\u0131n kurucu ismi ad\u0131na kendisine tahsis edilen tekke ve caminin haziresinde zarif bir t\u00fcrbede ebedi istirhatg\u00e2h\u0131ndad\u0131r \u015fimdi. \u015eeyh Muhammed Z\u00e2fir el-Meden\u00ee; Sultan II. Abd\u00fclhamid\u2019in son derece h\u00fcrmet etti\u011fi ve arada s\u0131rada Cuma selaml\u0131klar\u0131na kat\u0131lmak suretiyle ziyaretine geldi\u011fi bir \u015eazel\u00ee-Meden\u00ee \u015feyhidir. Libya, Tunus, Fas ve Cezayir b\u00f6lgelerinde muteber bir isim ve hakl\u0131 \u015f\u00f6hrete sahip bu \u00e2lim ve f\u00e2z\u0131l \u015feyh ad\u0131na kurulan tekkede 1925\u2019e kadar \u015e\u00e2zel\u00ee us\u00fbl\u00fc ile zikirler yap\u0131ld\u0131 ve virdler okundu. Ma\u011frip ve Ma\u015fr\u0131k Arap b\u00f6lgelerinden gelen; Cemaleddin Efg\u00e2n\u00ee, Muhammed Abduh, Muhyiddin el-Cez\u00e2yir\u00ee ve Mekke \u015eerifi Abd-i \u0130lah Pa\u015fa gibi daha nice \u00f6nemli \u015fahsiyet burada misafir edildi\u2026 Ma\u011frip memleketlerinde Frans\u0131z s\u00f6m\u00fcrgesine kar\u015f\u0131 \u015e\u00e2zel\u00ee-Meden\u00ee tarikat\u0131 mensuplar\u0131 aktif bir direni\u015fi organize etti, Tunuslu Hayreddin Pa\u015fa gibi \u0130slam \u00e2leminde \u015f\u00f6hret bulmu\u015f ilim ve siyaset adam\u0131 bir z\u00e2t \u015eeyh Z\u00e2fir sayesinde \u0130stanbul\u2019a geldi ve k\u0131sa s\u00fcrse de Osmanl\u0131 payitaht\u0131n\u0131n en zirve noktas\u0131na; sadrazaml\u0131k makam\u0131na getirildi. Siyaseten bu derece \u00f6nemli misyonlara sahip olan \u015feyh, mistik \u015fahsiyeti ile saray\u0131 da etkilemi\u015f ve sayg\u0131n bir konum kazanm\u0131\u015ft\u0131. \u0130\u015fte, \u015e\u00e2zel\u00ee \u015feyhi Z\u00e2fir Efendi ve Osmanl\u0131 hizmetindeki faaliyetleri hakk\u0131ndaki Neslihan A. Kaya\u2019n\u0131n bu kitab\u0131 konu hakk\u0131ndaki ilk kapsaml\u0131 monografi olma \u00f6zelli\u011fini ta\u015f\u0131yor. <\/p>\n","protected":false},"excerpt":{"rendered":"<p>Be\u015fikta\u015f\u2019tan Balmumcu\u2019ya do\u011fru \u00e7\u0131karken sa\u011fdaki metruk ve harap haldeki binay\u0131 g\u00f6rmeyenimiz yoktur. Buradan gelip ge\u00e7enler acaba bir zamanlar bu b\u00fcy\u00fck konakta Trablsugarp\u2019tan \u0130stanbul\u2019a davet edilmi\u015f ve<span class=\"excerpt-hellip\"> [\u2026]<\/span><\/p>\n","protected":false},"featured_media":0,"template":"","meta":{"_monsterinsights_skip_tracking":false,"_monsterinsights_sitenote_active":false,"_monsterinsights_sitenote_note":"","_monsterinsights_sitenote_category":0},"product_brand":[],"product_cat":[13517,12304],"product_tag":[],"class_list":{"0":"post-735258","1":"product","2":"type-product","3":"status-publish","5":"product_cat-osmanli-tarihi","6":"product_cat-tarih","7":"pa_cilt-ciltsiz","8":"pa_tur-kitap","9":"pa_yayinevi-sufi-kitap","10":"pa_yazar-neslihan-agdas-kaya","12":"first","13":"instock","14":"sale","15":"shipping-taxable","16":"purchasable","17":"product-type-simple"},"_links":{"self":[{"href":"https:\/\/roveyayinevi.com.tr\/index.php\/wp-json\/wp\/v2\/product\/735258","targetHints":{"allow":["GET"]}}],"collection":[{"href":"https:\/\/roveyayinevi.com.tr\/index.php\/wp-json\/wp\/v2\/product"}],"about":[{"href":"https:\/\/roveyayinevi.com.tr\/index.php\/wp-json\/wp\/v2\/types\/product"}],"wp:attachment":[{"href":"https:\/\/roveyayinevi.com.tr\/index.php\/wp-json\/wp\/v2\/media?parent=735258"}],"wp:term":[{"taxonomy":"product_brand","embeddable":true,"href":"https:\/\/roveyayinevi.com.tr\/index.php\/wp-json\/wp\/v2\/product_brand?post=735258"},{"taxonomy":"product_cat","embeddable":true,"href":"https:\/\/roveyayinevi.com.tr\/index.php\/wp-json\/wp\/v2\/product_cat?post=735258"},{"taxonomy":"product_tag","embeddable":true,"href":"https:\/\/roveyayinevi.com.tr\/index.php\/wp-json\/wp\/v2\/product_tag?post=735258"}],"curies":[{"name":"wp","href":"https:\/\/api.w.org\/{rel}","templated":true}]}}