{"id":735234,"date":"2025-08-27T22:44:18","date_gmt":"2025-08-27T19:44:18","guid":{"rendered":"https:\/\/roveyayinevi.com.tr\/index.php\/urun\/ben-farkli-miyim\/"},"modified":"2026-04-16T02:43:37","modified_gmt":"2026-04-15T23:43:37","slug":"ben-farkli-miyim","status":"publish","type":"product","link":"https:\/\/roveyayinevi.com.tr\/index.php\/urun\/ben-farkli-miyim\/","title":{"rendered":"Ben Farkl\u0131 M\u0131y\u0131m?"},"content":{"rendered":"<p>Farkl\u0131 Olsak da Ayn\u0131y\u0131z!   K\u00fc\u00e7\u00fck Tahtac\u0131k, ba\u015fl\u0131yor okula! Heyecan\u0131 dorukta! Kendilerinden farkl\u0131 olan Tahtac\u0131k\u2019a yeni arkada\u015flar\u0131 nas\u0131l davranacak acaba? Farkl\u0131 oldu\u011fu i\u00e7in ona nas\u0131l yakla\u015facaklar okulda?   Bu hik\u00e2yede farkl\u0131l\u0131klara sayg\u0131, akran zorbal\u0131\u011f\u0131 ile birlikte ele al\u0131n\u0131yor.<\/p>\n","protected":false},"excerpt":{"rendered":"<p>Farkl\u0131 Olsak da Ayn\u0131y\u0131z! K\u00fc\u00e7\u00fck Tahtac\u0131k, ba\u015fl\u0131yor okula! Heyecan\u0131 dorukta! Kendilerinden farkl\u0131 olan Tahtac\u0131k\u2019a yeni arkada\u015flar\u0131 nas\u0131l davranacak acaba? Farkl\u0131 oldu\u011fu i\u00e7in ona nas\u0131l yakla\u015facaklar okulda?<span class=\"excerpt-hellip\"> [\u2026]<\/span><\/p>\n","protected":false},"featured_media":0,"template":"","meta":{"_monsterinsights_skip_tracking":false,"_monsterinsights_sitenote_active":false,"_monsterinsights_sitenote_note":"","_monsterinsights_sitenote_category":0},"product_brand":[],"product_cat":[12274,12284],"product_tag":[],"class_list":{"0":"post-735234","1":"product","2":"type-product","3":"status-publish","5":"product_cat-cocuk-ve-genclik-kitaplari","6":"product_cat-hikayeler","7":"pa_cilt-ciltsiz","8":"pa_tur-kitap","9":"pa_yayinevi-bambu-kitap","10":"pa_yazar-mohammad-alohaly","12":"first","13":"instock","14":"sale","15":"shipping-taxable","16":"purchasable","17":"product-type-simple"},"_links":{"self":[{"href":"https:\/\/roveyayinevi.com.tr\/index.php\/wp-json\/wp\/v2\/product\/735234","targetHints":{"allow":["GET"]}}],"collection":[{"href":"https:\/\/roveyayinevi.com.tr\/index.php\/wp-json\/wp\/v2\/product"}],"about":[{"href":"https:\/\/roveyayinevi.com.tr\/index.php\/wp-json\/wp\/v2\/types\/product"}],"wp:attachment":[{"href":"https:\/\/roveyayinevi.com.tr\/index.php\/wp-json\/wp\/v2\/media?parent=735234"}],"wp:term":[{"taxonomy":"product_brand","embeddable":true,"href":"https:\/\/roveyayinevi.com.tr\/index.php\/wp-json\/wp\/v2\/product_brand?post=735234"},{"taxonomy":"product_cat","embeddable":true,"href":"https:\/\/roveyayinevi.com.tr\/index.php\/wp-json\/wp\/v2\/product_cat?post=735234"},{"taxonomy":"product_tag","embeddable":true,"href":"https:\/\/roveyayinevi.com.tr\/index.php\/wp-json\/wp\/v2\/product_tag?post=735234"}],"curies":[{"name":"wp","href":"https:\/\/api.w.org\/{rel}","templated":true}]}}