{"id":735229,"date":"2025-08-27T22:43:38","date_gmt":"2025-08-27T19:43:38","guid":{"rendered":"https:\/\/roveyayinevi.com.tr\/index.php\/urun\/artik-yatma-vakti\/"},"modified":"2026-04-16T02:43:04","modified_gmt":"2026-04-15T23:43:04","slug":"artik-yatma-vakti","status":"publish","type":"product","link":"https:\/\/roveyayinevi.com.tr\/index.php\/urun\/artik-yatma-vakti\/","title":{"rendered":"Art\u0131k Yatma Vakti"},"content":{"rendered":"<p>Uyumadan \u00d6nce Oyalanan T\u00fcm \u00c7ocuklar \u0130\u00e7in E\u011flenceli Bir Kitap!   Siasi\u2019nin yatma vakti geldi ama di\u015flerini f\u0131r\u00e7alamak ya da oyuncaklar\u0131n\u0131 kald\u0131rmak istemiyor. \u00c7\u00fcnk\u00fc hayvanlarla oynamak \u00e7ok daha e\u011flenceli!   Herkes yatmak yerine kutup ay\u0131s\u0131yla dans etmeyi,kurtlarla ulumay\u0131 ve bal\u0131klarla y\u00fczmeyi tercih etmez mi?   Bu b\u00fcy\u00fcleyici yatma vakti hik\u00e2yesinde, Siasi neden yatmaya tam olarak haz\u0131r olmad\u0131\u011f\u0131na dair bahaneler pe\u015finde ko\u015farken okuyucular onu bir gece maceras\u0131nda takip ediyor.<\/p>\n","protected":false},"excerpt":{"rendered":"<p>Uyumadan \u00d6nce Oyalanan T\u00fcm \u00c7ocuklar \u0130\u00e7in E\u011flenceli Bir Kitap! Siasi\u2019nin yatma vakti geldi ama di\u015flerini f\u0131r\u00e7alamak ya da oyuncaklar\u0131n\u0131 kald\u0131rmak istemiyor. \u00c7\u00fcnk\u00fc hayvanlarla oynamak \u00e7ok daha<span class=\"excerpt-hellip\"> [\u2026]<\/span><\/p>\n","protected":false},"featured_media":0,"template":"","meta":{"_monsterinsights_skip_tracking":false,"_monsterinsights_sitenote_active":false,"_monsterinsights_sitenote_note":"","_monsterinsights_sitenote_category":0},"product_brand":[],"product_cat":[12274,12284],"product_tag":[],"class_list":{"0":"post-735229","1":"product","2":"type-product","3":"status-publish","5":"product_cat-cocuk-ve-genclik-kitaplari","6":"product_cat-hikayeler","7":"pa_cilt-ciltsiz","8":"pa_tur-kitap","9":"pa_yayinevi-bambu-kitap","10":"pa_yazar-ceporah-mearns","12":"first","13":"instock","14":"sale","15":"shipping-taxable","16":"purchasable","17":"product-type-simple"},"_links":{"self":[{"href":"https:\/\/roveyayinevi.com.tr\/index.php\/wp-json\/wp\/v2\/product\/735229","targetHints":{"allow":["GET"]}}],"collection":[{"href":"https:\/\/roveyayinevi.com.tr\/index.php\/wp-json\/wp\/v2\/product"}],"about":[{"href":"https:\/\/roveyayinevi.com.tr\/index.php\/wp-json\/wp\/v2\/types\/product"}],"wp:attachment":[{"href":"https:\/\/roveyayinevi.com.tr\/index.php\/wp-json\/wp\/v2\/media?parent=735229"}],"wp:term":[{"taxonomy":"product_brand","embeddable":true,"href":"https:\/\/roveyayinevi.com.tr\/index.php\/wp-json\/wp\/v2\/product_brand?post=735229"},{"taxonomy":"product_cat","embeddable":true,"href":"https:\/\/roveyayinevi.com.tr\/index.php\/wp-json\/wp\/v2\/product_cat?post=735229"},{"taxonomy":"product_tag","embeddable":true,"href":"https:\/\/roveyayinevi.com.tr\/index.php\/wp-json\/wp\/v2\/product_tag?post=735229"}],"curies":[{"name":"wp","href":"https:\/\/api.w.org\/{rel}","templated":true}]}}