{"id":735208,"date":"2025-08-27T22:43:17","date_gmt":"2025-08-27T19:43:17","guid":{"rendered":"https:\/\/roveyayinevi.com.tr\/index.php\/urun\/ben-alti-konferans-olmayan\/"},"modified":"2026-04-16T02:43:03","modified_gmt":"2026-04-15T23:43:03","slug":"ben-alti-konferans-olmayan","status":"publish","type":"product","link":"https:\/\/roveyayinevi.com.tr\/index.php\/urun\/ben-alti-konferans-olmayan\/","title":{"rendered":"Ben: Alt\u0131 Konferans-Olmayan"},"content":{"rendered":"<p>\u201cS\u00f6zde medeniyetimiz nereye giderse gitsin, var olmama i\u00e7in her t\u00fcrl\u00fc \u00f6d\u00fcl\u00fcn oldu\u011funun ve hi\u00e7bir cezan\u0131n olmad\u0131\u011f\u0131n\u0131n \u00e7ok iyi fark\u0131nday\u0131m. Ama e\u011fer hedefiniz \u015fiirse, cezalar, \u00f6d\u00fcller ve kendi kendinize bi\u00e7ti\u011finiz y\u00fck\u00fcml\u00fcl\u00fckler, g\u00f6revler ve sorumluluklar ve sonsuzca di\u011fer \u015feyler hakk\u0131nda her \u015feyi unutmal\u0131 ve sadece bir tek \u015feyi hat\u0131rlamal\u0131s\u0131n\u0131z: kaderinizi belirleyen ve gelece\u011finize karar veren sizsiniz ba\u015fka kimse de\u011fil. Ba\u015fka hi\u00e7 kimse sizin i\u00e7in ya\u015fayamaz; siz de ba\u015fkas\u0131 i\u00e7in ya\u015fayamazs\u0131n\u0131z. Sanat\u00e7\u0131n\u0131n sorumlulu\u011fu vard\u0131r; bu da d\u00fcnyadaki en korkun\u00e7 sorumluluktur. Alabilirseniz bu sorumlulu\u011fu al\u0131n ve var olun. Alamazsan\u0131z, avunup ba\u015fkalar\u0131n\u0131n i\u015fine bak\u0131n ve \u00f6lene kadar onu yap\u0131n (veya yapmay\u0131n).\u201dModernist \u015fiirin en b\u00fcy\u00fck \u015fairlerinden E. E. Cummings&#8217;in Norton Konferanslar\u0131 olan ben: Alt\u0131 Konferans-Olmayan&#8217;da \u015fairin sanat, \u015fiir, a\u015fk, tarih ve hayat \u00fczerine d\u00fc\u015f\u00fcncelerini, tecr\u00fcbelerini ve duygular\u0131n\u0131 okuyacaks\u0131n\u0131z.<\/p>\n","protected":false},"excerpt":{"rendered":"<p>\u201cS\u00f6zde medeniyetimiz nereye giderse gitsin, var olmama i\u00e7in her t\u00fcrl\u00fc \u00f6d\u00fcl\u00fcn oldu\u011funun ve hi\u00e7bir cezan\u0131n olmad\u0131\u011f\u0131n\u0131n \u00e7ok iyi fark\u0131nday\u0131m. Ama e\u011fer hedefiniz \u015fiirse, cezalar, \u00f6d\u00fcller ve<span class=\"excerpt-hellip\"> [\u2026]<\/span><\/p>\n","protected":false},"featured_media":0,"template":"","meta":{"_monsterinsights_skip_tracking":false,"_monsterinsights_sitenote_active":false,"_monsterinsights_sitenote_note":"","_monsterinsights_sitenote_category":0},"product_brand":[],"product_cat":[13072,12291],"product_tag":[],"class_list":{"0":"post-735208","1":"product","2":"type-product","3":"status-publish","5":"product_cat-arastirma-inceleme-referans","6":"product_cat-edebiyat","7":"pa_cilt-ciltsiz","8":"pa_tur-kitap","9":"pa_yayinevi-ketebe-yayinlari","10":"pa_yazar-e-e-cummings","12":"first","13":"instock","14":"sale","15":"shipping-taxable","16":"purchasable","17":"product-type-simple"},"_links":{"self":[{"href":"https:\/\/roveyayinevi.com.tr\/index.php\/wp-json\/wp\/v2\/product\/735208","targetHints":{"allow":["GET"]}}],"collection":[{"href":"https:\/\/roveyayinevi.com.tr\/index.php\/wp-json\/wp\/v2\/product"}],"about":[{"href":"https:\/\/roveyayinevi.com.tr\/index.php\/wp-json\/wp\/v2\/types\/product"}],"wp:attachment":[{"href":"https:\/\/roveyayinevi.com.tr\/index.php\/wp-json\/wp\/v2\/media?parent=735208"}],"wp:term":[{"taxonomy":"product_brand","embeddable":true,"href":"https:\/\/roveyayinevi.com.tr\/index.php\/wp-json\/wp\/v2\/product_brand?post=735208"},{"taxonomy":"product_cat","embeddable":true,"href":"https:\/\/roveyayinevi.com.tr\/index.php\/wp-json\/wp\/v2\/product_cat?post=735208"},{"taxonomy":"product_tag","embeddable":true,"href":"https:\/\/roveyayinevi.com.tr\/index.php\/wp-json\/wp\/v2\/product_tag?post=735208"}],"curies":[{"name":"wp","href":"https:\/\/api.w.org\/{rel}","templated":true}]}}