{"id":735203,"date":"2025-08-27T22:43:13","date_gmt":"2025-08-27T19:43:13","guid":{"rendered":"https:\/\/roveyayinevi.com.tr\/index.php\/urun\/sosyal-medya-istihbarati\/"},"modified":"2026-04-16T02:43:03","modified_gmt":"2026-04-15T23:43:03","slug":"sosyal-medya-istihbarati","status":"publish","type":"product","link":"https:\/\/roveyayinevi.com.tr\/index.php\/urun\/sosyal-medya-istihbarati\/","title":{"rendered":"Sosyal Medya \u0130stihbarat\u0131"},"content":{"rendered":"<p>Ter\u00f6r ve ter\u00f6rizm, g\u00fcn\u00fcm\u00fcz d\u00fcnyas\u0131nda \u00f6nemli g\u00fcvenlik sorunlar\u0131ndan birisi olarak g\u00fcndemdeki yerini koruyor. Asimetrik karakteri, \u015fiddet i\u00e7ermesi, farkl\u0131 motivasyonla hareket eden gruplara\/bireylere e\u015fsiz taktikler ve f\u0131rsatlar sunmas\u0131, icra maliyetinin d\u00fc\u015f\u00fck, \u00f6nlenmesinin ise pahal\u0131 olmas\u0131 bu metodu daha uzun y\u0131llar g\u00fcndemde tutacakt\u0131r. F\u0131rsat alanlar\u0131n\u0131 g\u00f6rme konusunda, b\u00fcrokrasiden-devletlerden daha yetenekli, h\u0131zl\u0131 ve elastiki olabilen ter\u00f6r \u00f6rg\u00fctlerinin sosyal medyay\u0131 ke\u015ffetmeleri de uzun s\u00fcrmedi. S\u0131n\u0131rs\u0131z propaganda imk\u00e2n\u0131 sunan, bilgiyi \u00e7arp\u0131tmaya, yalan haber \u00fcretmeye m\u00fcsait, maliyeti az, anl\u0131k m\u00fcdahaleye imk\u00e2n veren bu mecra sadece ter\u00f6r \u00f6rg\u00fctlerinin de\u011fil, \u015firketlerin ve devletlerinde ilgi alan\u0131nda bulunuyor. Nitekim bu alanda \u015firketler \u00fcrettikleri bilgileri pazarlarken, istihbarat \u00f6rg\u00fctleri de \u201csanal alanda\u201d ter\u00f6rist ve fikir av\u0131ndalar.Bu kitap da, bir yandan ter\u00f6rizm konusunda sosyal medyada veri toplama, analiz etme ve \u201csosyal medya istihbarat\u0131\u201d \u00fcretme faaliyetlerinin nas\u0131l olmas\u0131 gerekti\u011fini \u00f6rnekleri ile ortaya koyarken, bir yandan da PKK \u00f6zelinde veriyi okumay\u0131 ve ne gibi sonu\u00e7 \u00e7\u0131kart\u0131labilece\u011fini ortaya koymaktad\u0131r.<\/p>\n","protected":false},"excerpt":{"rendered":"<p>Ter\u00f6r ve ter\u00f6rizm, g\u00fcn\u00fcm\u00fcz d\u00fcnyas\u0131nda \u00f6nemli g\u00fcvenlik sorunlar\u0131ndan birisi olarak g\u00fcndemdeki yerini koruyor. Asimetrik karakteri, \u015fiddet i\u00e7ermesi, farkl\u0131 motivasyonla hareket eden gruplara\/bireylere e\u015fsiz taktikler ve f\u0131rsatlar<span class=\"excerpt-hellip\"> [\u2026]<\/span><\/p>\n","protected":false},"featured_media":0,"template":"","meta":{"_monsterinsights_skip_tracking":false,"_monsterinsights_sitenote_active":false,"_monsterinsights_sitenote_note":"","_monsterinsights_sitenote_category":0},"product_brand":[],"product_cat":[22061,13488],"product_tag":[],"class_list":{"0":"post-735203","1":"product","2":"type-product","3":"status-publish","5":"product_cat-sosyal-medya-ve-iletisim","6":"product_cat-toplum-ve-insan","7":"pa_cilt-ciltsiz","8":"pa_tur-kitap","9":"pa_yayinevi-yeditepe-yayinevi","10":"pa_yazar-erol-basaran-bural","12":"first","13":"instock","14":"sale","15":"shipping-taxable","16":"purchasable","17":"product-type-simple"},"_links":{"self":[{"href":"https:\/\/roveyayinevi.com.tr\/index.php\/wp-json\/wp\/v2\/product\/735203","targetHints":{"allow":["GET"]}}],"collection":[{"href":"https:\/\/roveyayinevi.com.tr\/index.php\/wp-json\/wp\/v2\/product"}],"about":[{"href":"https:\/\/roveyayinevi.com.tr\/index.php\/wp-json\/wp\/v2\/types\/product"}],"wp:attachment":[{"href":"https:\/\/roveyayinevi.com.tr\/index.php\/wp-json\/wp\/v2\/media?parent=735203"}],"wp:term":[{"taxonomy":"product_brand","embeddable":true,"href":"https:\/\/roveyayinevi.com.tr\/index.php\/wp-json\/wp\/v2\/product_brand?post=735203"},{"taxonomy":"product_cat","embeddable":true,"href":"https:\/\/roveyayinevi.com.tr\/index.php\/wp-json\/wp\/v2\/product_cat?post=735203"},{"taxonomy":"product_tag","embeddable":true,"href":"https:\/\/roveyayinevi.com.tr\/index.php\/wp-json\/wp\/v2\/product_tag?post=735203"}],"curies":[{"name":"wp","href":"https:\/\/api.w.org\/{rel}","templated":true}]}}