{"id":735197,"date":"2025-08-27T22:43:05","date_gmt":"2025-08-27T19:43:05","guid":{"rendered":"https:\/\/roveyayinevi.com.tr\/index.php\/urun\/sen-gecerken\/"},"modified":"2026-04-16T02:43:02","modified_gmt":"2026-04-15T23:43:02","slug":"sen-gecerken","status":"publish","type":"product","link":"https:\/\/roveyayinevi.com.tr\/index.php\/urun\/sen-gecerken\/","title":{"rendered":"Sen Ge\u00e7erken"},"content":{"rendered":"<p>Muhit Kitap g\u00fcn\u00fcm\u00fcz T\u00fcrk \u015fiirinin \u00f6nemli isimlerinden Arif Ay\u2019\u0131n eserlerini yay\u0131mlamaya devam ediyor.Gelene\u011fin yans\u0131malar\u0131yla \u015fekillenen Arif Ay \u015fiiri, istikrarl\u0131 bir bilinci ta\u015f\u0131r. \u015eiirlerinde derin \u015fahsiyetinden de izler b\u0131rakan Arif Ay, temel kaynaklardan beslenerek duyarl\u0131 bir ahengi yakalar. Onun \u015fiiri, olup biten kar\u015f\u0131s\u0131nda kay\u0131ts\u0131z kalamayan, kadim ve modern s\u00f6ylemlerin ustaca harmanland\u0131\u011f\u0131 bir \u00e7izgide yer al\u0131r.Sen ge\u00e7erkenY\u0131ld\u0131zlar kayd\u0131 her yereArma\u011fan olsun diye g\u00f6ky\u00fcz\u00fcDilini bilmedi\u011fim sabahlara \u00e7\u0131kt\u0131mNe bildimse kalbimden \u00f6\u011frendimSen ge\u00e7tin ya sevgilimUmudun g\u00f6lgesi d\u00fc\u015ft\u00fc her yere<\/p>\n","protected":false},"excerpt":{"rendered":"<p>Muhit Kitap g\u00fcn\u00fcm\u00fcz T\u00fcrk \u015fiirinin \u00f6nemli isimlerinden Arif Ay\u2019\u0131n eserlerini yay\u0131mlamaya devam ediyor.Gelene\u011fin yans\u0131malar\u0131yla \u015fekillenen Arif Ay \u015fiiri, istikrarl\u0131 bir bilinci ta\u015f\u0131r. \u015eiirlerinde derin \u015fahsiyetinden de<span class=\"excerpt-hellip\"> [\u2026]<\/span><\/p>\n","protected":false},"featured_media":0,"template":"","meta":{"_monsterinsights_skip_tracking":false,"_monsterinsights_sitenote_active":false,"_monsterinsights_sitenote_note":"","_monsterinsights_sitenote_category":0},"product_brand":[],"product_cat":[12291,12509],"product_tag":[],"class_list":{"0":"post-735197","1":"product","2":"type-product","3":"status-publish","5":"product_cat-edebiyat","6":"product_cat-siir","7":"pa_cilt-ciltsiz","8":"pa_tur-kitap","9":"pa_yayinevi-muhit-kitap","10":"pa_yazar-arif-ay","12":"first","13":"instock","14":"sale","15":"shipping-taxable","16":"purchasable","17":"product-type-simple"},"_links":{"self":[{"href":"https:\/\/roveyayinevi.com.tr\/index.php\/wp-json\/wp\/v2\/product\/735197","targetHints":{"allow":["GET"]}}],"collection":[{"href":"https:\/\/roveyayinevi.com.tr\/index.php\/wp-json\/wp\/v2\/product"}],"about":[{"href":"https:\/\/roveyayinevi.com.tr\/index.php\/wp-json\/wp\/v2\/types\/product"}],"wp:attachment":[{"href":"https:\/\/roveyayinevi.com.tr\/index.php\/wp-json\/wp\/v2\/media?parent=735197"}],"wp:term":[{"taxonomy":"product_brand","embeddable":true,"href":"https:\/\/roveyayinevi.com.tr\/index.php\/wp-json\/wp\/v2\/product_brand?post=735197"},{"taxonomy":"product_cat","embeddable":true,"href":"https:\/\/roveyayinevi.com.tr\/index.php\/wp-json\/wp\/v2\/product_cat?post=735197"},{"taxonomy":"product_tag","embeddable":true,"href":"https:\/\/roveyayinevi.com.tr\/index.php\/wp-json\/wp\/v2\/product_tag?post=735197"}],"curies":[{"name":"wp","href":"https:\/\/api.w.org\/{rel}","templated":true}]}}