{"id":735188,"date":"2025-08-27T22:42:56","date_gmt":"2025-08-27T19:42:56","guid":{"rendered":"https:\/\/roveyayinevi.com.tr\/index.php\/urun\/gorunmeyeni-gorebilmek\/"},"modified":"2026-04-07T02:52:16","modified_gmt":"2026-04-06T23:52:16","slug":"gorunmeyeni-gorebilmek","status":"publish","type":"product","link":"https:\/\/roveyayinevi.com.tr\/index.php\/urun\/gorunmeyeni-gorebilmek\/","title":{"rendered":"G\u00f6r\u00fcnmeyeni G\u00f6rebilmek"},"content":{"rendered":"<p>Bazen Ba\u015far\u0131rs\u0131n, Bazen \u00d6\u011frenirsin Arkeolog Klaus Schmidt bir kire\u00e7ta\u015f\u0131nda hen\u00fcz ke\u015ffedilmemi\u015f olan tarihin s\u0131f\u0131r noktas\u0131 G\u00f6beklitepe\u2019yi g\u00f6rd\u00fc. Steve Jobs i\u015fletim sisteminin 10 saniye daha h\u0131zl\u0131 y\u00fcklenmesinin devasa etkisini g\u00f6sterdi. Einstein zaman\u0131n g\u00f6receli akt\u0131\u011f\u0131n\u0131 fark etti. Atat\u00fcrk, sava\u015ftan yeni \u00e7\u0131km\u0131\u015f yorgun ve fakir bir halk\u0131n medeniyete kavu\u015fabilece\u011fine inand\u0131. Eratosthenes 2200 y\u0131l \u00f6nce sadece bir sopa kullanarak D\u00fcnya\u2019n\u0131n \u00e7evresinin ne kadar oldu\u011funu hesaplad\u0131. Yetenek avc\u0131s\u0131 Scooter Braun bir Youtube videosunda izledi\u011fi 14 ya\u015f\u0131ndaki gen\u00e7te d\u00fcnya y\u0131ld\u0131z\u0131 Justin Bieber\u2019\u0131 ke\u015ffetti. G\u00f6r\u00fcnmeyeni g\u00f6rmek m\u00fcmk\u00fcnd\u00fcr. Herkesin g\u00f6remedi\u011fini g\u00f6rmek bir potansiyel meselesidir. Ne var ki potansiyeli ortaya \u00e7\u0131karmay\u0131 bilmek gerekir. Bu san\u0131ld\u0131\u011f\u0131 kadar kolay de\u011fil. \u201cKendine inan, yapabilirsin, ba\u015farabilirsin\u201d demekle olmuyor. Sadece motivasyonla zafer kazan\u0131lmaz. Sahaya da \u00e7\u0131kmak laz\u0131md\u0131r. Ancak sahada \u00e7aresiz hissetmemek i\u00e7in bilinmesi ve \u00f6\u011frenilmesi gereken \u015feyler var. \u0130\u015fte bu kitap tam da bu meseleyi ayd\u0131nlat\u0131yor. <\/p>\n","protected":false},"excerpt":{"rendered":"<p>Bazen Ba\u015far\u0131rs\u0131n, Bazen \u00d6\u011frenirsin Arkeolog Klaus Schmidt bir kire\u00e7ta\u015f\u0131nda hen\u00fcz ke\u015ffedilmemi\u015f olan tarihin s\u0131f\u0131r noktas\u0131 G\u00f6beklitepe\u2019yi g\u00f6rd\u00fc. Steve Jobs i\u015fletim sisteminin 10 saniye daha h\u0131zl\u0131 y\u00fcklenmesinin<span class=\"excerpt-hellip\"> [\u2026]<\/span><\/p>\n","protected":false},"featured_media":0,"template":"","meta":{"_monsterinsights_skip_tracking":false,"_monsterinsights_sitenote_active":false,"_monsterinsights_sitenote_note":"","_monsterinsights_sitenote_category":0},"product_brand":[],"product_cat":[12364,12376],"product_tag":[],"class_list":{"0":"post-735188","1":"product","2":"type-product","3":"status-publish","5":"product_cat-genel-konular","6":"product_cat-kisisel-gelisim","7":"pa_cilt-ciltsiz","8":"pa_tur-kitap","9":"pa_yayinevi-destek-yayinlari","10":"pa_yazar-mehmet-guzel","12":"first","13":"instock","14":"sale","15":"shipping-taxable","16":"purchasable","17":"product-type-simple"},"_links":{"self":[{"href":"https:\/\/roveyayinevi.com.tr\/index.php\/wp-json\/wp\/v2\/product\/735188","targetHints":{"allow":["GET"]}}],"collection":[{"href":"https:\/\/roveyayinevi.com.tr\/index.php\/wp-json\/wp\/v2\/product"}],"about":[{"href":"https:\/\/roveyayinevi.com.tr\/index.php\/wp-json\/wp\/v2\/types\/product"}],"wp:attachment":[{"href":"https:\/\/roveyayinevi.com.tr\/index.php\/wp-json\/wp\/v2\/media?parent=735188"}],"wp:term":[{"taxonomy":"product_brand","embeddable":true,"href":"https:\/\/roveyayinevi.com.tr\/index.php\/wp-json\/wp\/v2\/product_brand?post=735188"},{"taxonomy":"product_cat","embeddable":true,"href":"https:\/\/roveyayinevi.com.tr\/index.php\/wp-json\/wp\/v2\/product_cat?post=735188"},{"taxonomy":"product_tag","embeddable":true,"href":"https:\/\/roveyayinevi.com.tr\/index.php\/wp-json\/wp\/v2\/product_tag?post=735188"}],"curies":[{"name":"wp","href":"https:\/\/api.w.org\/{rel}","templated":true}]}}