{"id":735183,"date":"2025-08-27T22:42:52","date_gmt":"2025-08-27T19:42:52","guid":{"rendered":"https:\/\/roveyayinevi.com.tr\/index.php\/urun\/eksik-alfabe\/"},"modified":"2026-04-16T02:43:02","modified_gmt":"2026-04-15T23:43:02","slug":"eksik-alfabe","status":"publish","type":"product","link":"https:\/\/roveyayinevi.com.tr\/index.php\/urun\/eksik-alfabe\/","title":{"rendered":"Eksik Alfabe"},"content":{"rendered":"<p>\u00c7ocuklar\u0131 yery\u00fcz\u00fc canl\u0131lar\u0131yla birlikte hayal kurmaya ve yazmaya \u00f6zendiren, onlara \u00f6zel sayfalar ay\u0131ran bir t\u00fcr do\u011fa kitab\u0131 Eksik Alfabe.   Eksik Alfabe\u2019de S\u00fcreyya Berfe \u00e7ocuklar\u0131 hayvanlar d\u00fcnyas\u0131na davet ediyor. Alfabetik, \u015fiirli, bilmeceli ve sonunda da \u201cEksik Alfabe Masal\u0131\u201d bulunan bir d\u00fcnya bu. Her harfte ipu\u00e7lar\u0131yla dolu, bilmeceli bir hayvan \u015fiiri var. Bir hayvan kendini tan\u0131t\u0131yor, sorunlar\u0131n\u0131 dile getiriyor.   \u00dc harfini \u00fczme. Ona da bir hik\u00e2ye bul. \u00dclkenin birinde diye ba\u015flas\u0131n istersen hik\u00e2ye ya da \u00fcveyik ku\u015funu anlat. Ya da sen neyi istiyorsan onu. <\/p>\n","protected":false},"excerpt":{"rendered":"<p>\u00c7ocuklar\u0131 yery\u00fcz\u00fc canl\u0131lar\u0131yla birlikte hayal kurmaya ve yazmaya \u00f6zendiren, onlara \u00f6zel sayfalar ay\u0131ran bir t\u00fcr do\u011fa kitab\u0131 Eksik Alfabe. Eksik Alfabe\u2019de S\u00fcreyya Berfe \u00e7ocuklar\u0131 hayvanlar d\u00fcnyas\u0131na<span class=\"excerpt-hellip\"> [\u2026]<\/span><\/p>\n","protected":false},"featured_media":0,"template":"","meta":{"_monsterinsights_skip_tracking":false,"_monsterinsights_sitenote_active":false,"_monsterinsights_sitenote_note":"","_monsterinsights_sitenote_category":0},"product_brand":[],"product_cat":[12274,12284],"product_tag":[],"class_list":{"0":"post-735183","1":"product","2":"type-product","3":"status-publish","5":"product_cat-cocuk-ve-genclik-kitaplari","6":"product_cat-hikayeler","7":"pa_cilt-ciltsiz","8":"pa_tur-kitap","9":"pa_yayinevi-yapi-kredi-yayinlari","10":"pa_yazar-sureyya-berfe","12":"first","13":"instock","14":"sale","15":"shipping-taxable","16":"purchasable","17":"product-type-simple"},"_links":{"self":[{"href":"https:\/\/roveyayinevi.com.tr\/index.php\/wp-json\/wp\/v2\/product\/735183","targetHints":{"allow":["GET"]}}],"collection":[{"href":"https:\/\/roveyayinevi.com.tr\/index.php\/wp-json\/wp\/v2\/product"}],"about":[{"href":"https:\/\/roveyayinevi.com.tr\/index.php\/wp-json\/wp\/v2\/types\/product"}],"wp:attachment":[{"href":"https:\/\/roveyayinevi.com.tr\/index.php\/wp-json\/wp\/v2\/media?parent=735183"}],"wp:term":[{"taxonomy":"product_brand","embeddable":true,"href":"https:\/\/roveyayinevi.com.tr\/index.php\/wp-json\/wp\/v2\/product_brand?post=735183"},{"taxonomy":"product_cat","embeddable":true,"href":"https:\/\/roveyayinevi.com.tr\/index.php\/wp-json\/wp\/v2\/product_cat?post=735183"},{"taxonomy":"product_tag","embeddable":true,"href":"https:\/\/roveyayinevi.com.tr\/index.php\/wp-json\/wp\/v2\/product_tag?post=735183"}],"curies":[{"name":"wp","href":"https:\/\/api.w.org\/{rel}","templated":true}]}}