{"id":735170,"date":"2025-08-27T22:42:35","date_gmt":"2025-08-27T19:42:35","guid":{"rendered":"https:\/\/roveyayinevi.com.tr\/index.php\/urun\/nevermoor-seti-3-kitap\/"},"modified":"2026-04-16T02:43:02","modified_gmt":"2026-04-15T23:43:02","slug":"nevermoor-seti-3-kitap","status":"publish","type":"product","link":"https:\/\/roveyayinevi.com.tr\/index.php\/urun\/nevermoor-seti-3-kitap\/","title":{"rendered":"Nevermoor Seti (3 Kitap)"},"content":{"rendered":"<p>Waterstones \u00c7ocuk ve Gen\u00e7lik Kitab\u0131 \u00d6d\u00fcl\u00fc\u2019n\u00fc kazanan; Amazon, Times, Bookseller taraf\u0131ndan y\u0131l\u0131n kitab\u0131 se\u00e7ilen ve 38 dile \u00e7evrilen NEVERMOOR serisi.\u201cTam gaz keyif; e\u011flenceli, s\u00fcr\u00fckleyici ve \u00e7\u0131lg\u0131nca yarat\u0131c\u0131.\u201dKatherine Rundell, G\u00d6KY\u00dcZ\u00dc \u00c7OCUKLARI, KA\u015e\u0130F ve FEO ve KURT&#8217;un yazar\u0131&#8221;Ustal\u0131kla kurgulanm\u0131\u015f. Hep daha fazlas\u0131n\u0131 merak ettiriyor.&#8221;New York TimesSetin i\u00e7erisindeki kitaplar:Nevermoor \u2013 Morrigan Crow&#8217;un B\u00fcy\u00fck S\u0131nav\u0131Wundersmith \u2013 Morrigan Crow&#8217;un Ger\u00e7ek Kimli\u011fi Ruhkoparan \u2013 Morrigan Crow&#8217;un Pe\u015finde<\/p>\n","protected":false},"excerpt":{"rendered":"<p>Waterstones \u00c7ocuk ve Gen\u00e7lik Kitab\u0131 \u00d6d\u00fcl\u00fc\u2019n\u00fc kazanan; Amazon, Times, Bookseller taraf\u0131ndan y\u0131l\u0131n kitab\u0131 se\u00e7ilen ve 38 dile \u00e7evrilen NEVERMOOR serisi.\u201cTam gaz keyif; e\u011flenceli, s\u00fcr\u00fckleyici ve \u00e7\u0131lg\u0131nca<span class=\"excerpt-hellip\"> [\u2026]<\/span><\/p>\n","protected":false},"featured_media":0,"template":"","meta":{"_monsterinsights_skip_tracking":false,"_monsterinsights_sitenote_active":false,"_monsterinsights_sitenote_note":"","_monsterinsights_sitenote_category":0},"product_brand":[],"product_cat":[12275,12274],"product_tag":[],"class_list":{"0":"post-735170","1":"product","2":"type-product","3":"status-publish","5":"product_cat-6-12-yas-kitaplari","6":"product_cat-cocuk-ve-genclik-kitaplari","7":"pa_cilt-set","8":"pa_tur-kitap","9":"pa_yayinevi-domingo-yayinevi","10":"pa_yazar-jessica-townsend","12":"first","13":"instock","14":"sale","15":"shipping-taxable","16":"purchasable","17":"product-type-simple"},"_links":{"self":[{"href":"https:\/\/roveyayinevi.com.tr\/index.php\/wp-json\/wp\/v2\/product\/735170","targetHints":{"allow":["GET"]}}],"collection":[{"href":"https:\/\/roveyayinevi.com.tr\/index.php\/wp-json\/wp\/v2\/product"}],"about":[{"href":"https:\/\/roveyayinevi.com.tr\/index.php\/wp-json\/wp\/v2\/types\/product"}],"wp:attachment":[{"href":"https:\/\/roveyayinevi.com.tr\/index.php\/wp-json\/wp\/v2\/media?parent=735170"}],"wp:term":[{"taxonomy":"product_brand","embeddable":true,"href":"https:\/\/roveyayinevi.com.tr\/index.php\/wp-json\/wp\/v2\/product_brand?post=735170"},{"taxonomy":"product_cat","embeddable":true,"href":"https:\/\/roveyayinevi.com.tr\/index.php\/wp-json\/wp\/v2\/product_cat?post=735170"},{"taxonomy":"product_tag","embeddable":true,"href":"https:\/\/roveyayinevi.com.tr\/index.php\/wp-json\/wp\/v2\/product_tag?post=735170"}],"curies":[{"name":"wp","href":"https:\/\/api.w.org\/{rel}","templated":true}]}}