{"id":735165,"date":"2025-08-27T22:42:28","date_gmt":"2025-08-27T19:42:28","guid":{"rendered":"https:\/\/roveyayinevi.com.tr\/index.php\/urun\/harikalar-dunyasi-seti\/"},"modified":"2026-04-16T02:43:01","modified_gmt":"2026-04-15T23:43:01","slug":"harikalar-dunyasi-seti","status":"publish","type":"product","link":"https:\/\/roveyayinevi.com.tr\/index.php\/urun\/harikalar-dunyasi-seti\/","title":{"rendered":"Harikalar D\u00fcnyas\u0131 Seti"},"content":{"rendered":"<p>G\u00f6z alabildi\u011fine D\u00fcnya: Atlas,G\u00f6ze g\u00f6r\u00fcnmez d\u00fcnya: \u0130lk Kuantum Fizi\u011fi Kitab\u0131m ve i\u00e7imizdeki d\u00fcnya: \u0130nsan V\u00fccudu Tiyatrosu\u00dc\u00e7\u00fcn\u00fc bir araya getirip ad\u0131n\u0131 Harikalar D\u00fcnyas\u0131 koyduk. Setin i\u00e7erisindeki kitaplar:\u0130nsan V\u00fccudu Tiyatrosu\u0130lk Kuantum Fizi\u011fi Kitab\u0131mAtlas &#8211; K\u0131talar, Denizler ve K\u00fclt\u00fcrler Aras\u0131 Yolculuk Rehberi<\/p>\n","protected":false},"excerpt":{"rendered":"<p>G\u00f6z alabildi\u011fine D\u00fcnya: Atlas,G\u00f6ze g\u00f6r\u00fcnmez d\u00fcnya: \u0130lk Kuantum Fizi\u011fi Kitab\u0131m ve i\u00e7imizdeki d\u00fcnya: \u0130nsan V\u00fccudu Tiyatrosu\u00dc\u00e7\u00fcn\u00fc bir araya getirip ad\u0131n\u0131 Harikalar D\u00fcnyas\u0131 koyduk. Setin i\u00e7erisindeki kitaplar:\u0130nsan<span class=\"excerpt-hellip\"> [\u2026]<\/span><\/p>\n","protected":false},"featured_media":0,"template":"","meta":{"_monsterinsights_skip_tracking":false,"_monsterinsights_sitenote_active":false,"_monsterinsights_sitenote_note":"","_monsterinsights_sitenote_category":0},"product_brand":[],"product_cat":[13829,12274],"product_tag":[],"class_list":{"0":"post-735165","1":"product","2":"type-product","3":"status-publish","5":"product_cat-bilimsel-kitaplar","6":"product_cat-cocuk-ve-genclik-kitaplari","7":"pa_cilt-set","8":"pa_tur-kitap","9":"pa_yayinevi-domingo-yayinevi","10":"pa_yazar-domingo-yayinevi-kolektif","12":"first","13":"instock","14":"sale","15":"shipping-taxable","16":"purchasable","17":"product-type-simple"},"_links":{"self":[{"href":"https:\/\/roveyayinevi.com.tr\/index.php\/wp-json\/wp\/v2\/product\/735165","targetHints":{"allow":["GET"]}}],"collection":[{"href":"https:\/\/roveyayinevi.com.tr\/index.php\/wp-json\/wp\/v2\/product"}],"about":[{"href":"https:\/\/roveyayinevi.com.tr\/index.php\/wp-json\/wp\/v2\/types\/product"}],"wp:attachment":[{"href":"https:\/\/roveyayinevi.com.tr\/index.php\/wp-json\/wp\/v2\/media?parent=735165"}],"wp:term":[{"taxonomy":"product_brand","embeddable":true,"href":"https:\/\/roveyayinevi.com.tr\/index.php\/wp-json\/wp\/v2\/product_brand?post=735165"},{"taxonomy":"product_cat","embeddable":true,"href":"https:\/\/roveyayinevi.com.tr\/index.php\/wp-json\/wp\/v2\/product_cat?post=735165"},{"taxonomy":"product_tag","embeddable":true,"href":"https:\/\/roveyayinevi.com.tr\/index.php\/wp-json\/wp\/v2\/product_tag?post=735165"}],"curies":[{"name":"wp","href":"https:\/\/api.w.org\/{rel}","templated":true}]}}