{"id":735150,"date":"2025-08-27T22:42:12","date_gmt":"2025-08-27T19:42:12","guid":{"rendered":"https:\/\/roveyayinevi.com.tr\/index.php\/urun\/deli-ibram-divani\/"},"modified":"2026-04-08T02:52:25","modified_gmt":"2026-04-07T23:52:25","slug":"deli-ibram-divani","status":"publish","type":"product","link":"https:\/\/roveyayinevi.com.tr\/index.php\/urun\/deli-ibram-divani\/","title":{"rendered":"Deli \u0130bram Divan\u0131"},"content":{"rendered":"<p>Fabrikan\u0131n bacas\u0131n\u0131n t\u00fctt\u00fc\u011f\u00fc ilk g\u00fcn ba\u015flad\u0131lar can almaya. Di\u015flerine kan de\u011fmi\u015f kurt s\u00fcr\u00fcs\u00fc gibi denize dald\u0131lar. Ya\u015f alm\u0131\u015f demediler, k\u00fc\u00e7\u00fck demediler, yavrulama zaman\u0131 demediler. K\u00f6stence\u2019nin g\u00f6\u011f\u00fc ya\u011f kokusuyla doldu. \u0130nsanlar \u00f6\u011f\u00fcrerek gezer oldu. S\u00fcng\u00fcyle vurmak ba\u015fka ama t\u00fcfekle avlanmak dayan\u0131l\u0131r de\u011fildi. O tarraka, o g\u00fcmb\u00fcrt\u00fc! Da\u011flara ka\u00e7t\u0131m ka\u00e7 defa. Ma\u011faralara girdim. Solucanlarla \u00e7\u0131yanlarla ge\u00e7irdim g\u00fcnlerimi. Ama sabah olup g\u00fcn do\u011funca o sesler yine her yan\u0131 tutuyordu.     Deli \u0130bram Divan\u0131, \u00f6yk\u00fcc\u00fcl\u00fc\u011f\u00fcm\u00fcz\u00fcn ya\u015fayan b\u00fcy\u00fck ismi Ahmet B\u00fcke\u2019nin romanda da ne kadar mahir oldu\u011funu g\u00f6steren, uzun y\u0131llar ak\u0131llarda kalacak, konu\u015fulacak bir eser. Ege insan\u0131n\u0131n do\u011fayla, tarihle, efsanelerle beslenen hayat\u0131, co\u011frafyam\u0131z\u0131n kangren olmu\u015f adaletsizlik, gelir e\u015fitsizli\u011fi sorunlar\u0131yla harmanlan\u0131yor, bir ada ve deniz hik\u00e2yesi olarak bi\u00e7imleniyor. \u0130zmir\u2019in de yer yer karakter olarak belirdi\u011fi bir d\u00f6nem roman\u0131 olan Deli \u0130bram Divan\u0131, deniz edebiyat\u0131m\u0131z\u0131n klasikleri aras\u0131na girmeye aday. <\/p>\n","protected":false},"excerpt":{"rendered":"<p>Fabrikan\u0131n bacas\u0131n\u0131n t\u00fctt\u00fc\u011f\u00fc ilk g\u00fcn ba\u015flad\u0131lar can almaya. Di\u015flerine kan de\u011fmi\u015f kurt s\u00fcr\u00fcs\u00fc gibi denize dald\u0131lar. Ya\u015f alm\u0131\u015f demediler, k\u00fc\u00e7\u00fck demediler, yavrulama zaman\u0131 demediler. K\u00f6stence\u2019nin g\u00f6\u011f\u00fc<span class=\"excerpt-hellip\"> [\u2026]<\/span><\/p>\n","protected":false},"featured_media":0,"template":"","meta":{"_monsterinsights_skip_tracking":false,"_monsterinsights_sitenote_active":false,"_monsterinsights_sitenote_note":"","_monsterinsights_sitenote_category":0},"product_brand":[],"product_cat":[12291,12711],"product_tag":[],"class_list":{"0":"post-735150","1":"product","2":"type-product","3":"status-publish","5":"product_cat-edebiyat","6":"product_cat-roman-oyku","7":"pa_cilt-ciltsiz","8":"pa_tur-kitap","9":"pa_yayinevi-can-yayinlari","10":"pa_yazar-ahmet-buke","12":"first","13":"instock","14":"sale","15":"shipping-taxable","16":"purchasable","17":"product-type-simple"},"_links":{"self":[{"href":"https:\/\/roveyayinevi.com.tr\/index.php\/wp-json\/wp\/v2\/product\/735150","targetHints":{"allow":["GET"]}}],"collection":[{"href":"https:\/\/roveyayinevi.com.tr\/index.php\/wp-json\/wp\/v2\/product"}],"about":[{"href":"https:\/\/roveyayinevi.com.tr\/index.php\/wp-json\/wp\/v2\/types\/product"}],"wp:attachment":[{"href":"https:\/\/roveyayinevi.com.tr\/index.php\/wp-json\/wp\/v2\/media?parent=735150"}],"wp:term":[{"taxonomy":"product_brand","embeddable":true,"href":"https:\/\/roveyayinevi.com.tr\/index.php\/wp-json\/wp\/v2\/product_brand?post=735150"},{"taxonomy":"product_cat","embeddable":true,"href":"https:\/\/roveyayinevi.com.tr\/index.php\/wp-json\/wp\/v2\/product_cat?post=735150"},{"taxonomy":"product_tag","embeddable":true,"href":"https:\/\/roveyayinevi.com.tr\/index.php\/wp-json\/wp\/v2\/product_tag?post=735150"}],"curies":[{"name":"wp","href":"https:\/\/api.w.org\/{rel}","templated":true}]}}