{"id":735136,"date":"2025-08-27T22:41:54","date_gmt":"2025-08-27T19:41:54","guid":{"rendered":"https:\/\/roveyayinevi.com.tr\/index.php\/urun\/lekeli-tac\/"},"modified":"2026-04-16T02:43:01","modified_gmt":"2026-04-15T23:43:01","slug":"lekeli-tac","status":"publish","type":"product","link":"https:\/\/roveyayinevi.com.tr\/index.php\/urun\/lekeli-tac\/","title":{"rendered":"Lekeli Ta\u00e7"},"content":{"rendered":"<p>Her \u015feyi senin i\u00e7in yapt\u0131m   Gideon Royal, ailesi g\u00f6zlerinin \u00f6n\u00fcnde par\u00e7alan\u0131rken geri d\u00f6n\u00fc\u015f\u00fc olmayan bir hata yapm\u0131\u015ft\u0131 ve hayat\u0131n\u0131n kad\u0131n\u0131 ellerinden kay\u0131p gitmi\u015fti. O g\u00fcnden beri pi\u015fmanl\u0131klar\u0131yla bo\u011fu\u015fuyordu. \u00dcniversiteye gitti\u011finde ge\u00e7mi\u015finden ka\u00e7abilece\u011fini sansa da kaderin onunla i\u015fi hen\u00fcz bitmemi\u015fti.   Savannah Montgomery, k\u00e2bus gibi ge\u00e7en g\u00fcnleri unutamayaca\u011f\u0131n\u0131 biliyordu. Baz\u0131 yaralar asla iyile\u015fmezdi. Ancak Gideon pes etmemeye kararl\u0131yd\u0131.   \u0130hanetle lekelenmi\u015f a\u015fklar\u0131 k\u00fcllerinden do\u011farken, \u00e7ok daha tehlikeli bir d\u00fc\u015fman pe\u015flerindeydi ve bu sefer yalanlar\u0131n ard\u0131na s\u0131\u011f\u0131namazlard\u0131. <\/p>\n","protected":false},"excerpt":{"rendered":"<p>Her \u015feyi senin i\u00e7in yapt\u0131m Gideon Royal, ailesi g\u00f6zlerinin \u00f6n\u00fcnde par\u00e7alan\u0131rken geri d\u00f6n\u00fc\u015f\u00fc olmayan bir hata yapm\u0131\u015ft\u0131 ve hayat\u0131n\u0131n kad\u0131n\u0131 ellerinden kay\u0131p gitmi\u015fti. O g\u00fcnden beri<span class=\"excerpt-hellip\"> [\u2026]<\/span><\/p>\n","protected":false},"featured_media":0,"template":"","meta":{"_monsterinsights_skip_tracking":false,"_monsterinsights_sitenote_active":false,"_monsterinsights_sitenote_note":"","_monsterinsights_sitenote_category":0},"product_brand":[],"product_cat":[12291,12711],"product_tag":[],"class_list":{"0":"post-735136","1":"product","2":"type-product","3":"status-publish","5":"product_cat-edebiyat","6":"product_cat-roman-oyku","7":"pa_cilt-ciltsiz","8":"pa_tur-kitap","9":"pa_yayinevi-yabanci-yayinevi","10":"pa_yazar-erin-watt","12":"first","13":"instock","14":"sale","15":"shipping-taxable","16":"purchasable","17":"product-type-simple"},"_links":{"self":[{"href":"https:\/\/roveyayinevi.com.tr\/index.php\/wp-json\/wp\/v2\/product\/735136","targetHints":{"allow":["GET"]}}],"collection":[{"href":"https:\/\/roveyayinevi.com.tr\/index.php\/wp-json\/wp\/v2\/product"}],"about":[{"href":"https:\/\/roveyayinevi.com.tr\/index.php\/wp-json\/wp\/v2\/types\/product"}],"wp:attachment":[{"href":"https:\/\/roveyayinevi.com.tr\/index.php\/wp-json\/wp\/v2\/media?parent=735136"}],"wp:term":[{"taxonomy":"product_brand","embeddable":true,"href":"https:\/\/roveyayinevi.com.tr\/index.php\/wp-json\/wp\/v2\/product_brand?post=735136"},{"taxonomy":"product_cat","embeddable":true,"href":"https:\/\/roveyayinevi.com.tr\/index.php\/wp-json\/wp\/v2\/product_cat?post=735136"},{"taxonomy":"product_tag","embeddable":true,"href":"https:\/\/roveyayinevi.com.tr\/index.php\/wp-json\/wp\/v2\/product_tag?post=735136"}],"curies":[{"name":"wp","href":"https:\/\/api.w.org\/{rel}","templated":true}]}}