{"id":735134,"date":"2025-08-27T22:41:52","date_gmt":"2025-08-27T19:41:52","guid":{"rendered":"https:\/\/roveyayinevi.com.tr\/index.php\/urun\/alacakaranlik-kavsagi-zaman-carki-10\/"},"modified":"2026-04-16T02:43:01","modified_gmt":"2026-04-15T23:43:01","slug":"alacakaranlik-kavsagi-zaman-carki-10","status":"publish","type":"product","link":"https:\/\/roveyayinevi.com.tr\/index.php\/urun\/alacakaranlik-kavsagi-zaman-carki-10\/","title":{"rendered":"Alacakaranl\u0131k Kav\u015fa\u011f\u0131 &#8211; Zaman \u00c7ark\u0131 10"},"content":{"rendered":"<p>\u201cZaman \u00c7ark\u0131 d\u00f6ner, \u00c7a\u011flar gelip ge\u00e7er, efsanele\u015fen an\u0131lar b\u0131rak\u0131r ard\u0131nda. Efsaneler solarak mit olur ve onlar\u0131 do\u011furan \u00c7a\u011f yeniden geldi\u011finde mitler bile unutulur.\u201dFantastik edebiyat\u0131n devi Robert Jordan\u2019\u0131n kaleminden \u00e7\u0131kan Zaman \u00c7ark\u0131 destan\u0131 d\u00fcnya \u00e7ap\u0131nda milyonlar\u0131n hayal g\u00fcc\u00fcnde yer etti. Ayr\u0131nt\u0131l\u0131 d\u00fcnyas\u0131, en ince detay\u0131na kadar d\u00fc\u015f\u00fcn\u00fclm\u00fc\u015f b\u00fcy\u00fc sistemi, g\u00f6n\u00fcllere taht kuran karakterleri Zaman \u00c7ark\u0131\u2019n\u0131n okurlar taraf\u0131ndan bu kadar sevilmesinin sadece birka\u00e7 sebebi. Zaman \u00c7ark\u0131\u2019n\u0131n etkileri, Patrick Rothfuss, Brandon Sanderson, Brent Weeks gibi g\u00fcn\u00fcm\u00fcz\u00fcn en b\u00fcy\u00fck fantastik yazarlar\u0131n\u0131n eserlerinde g\u00f6r\u00fclebilir.   Yenidendo\u011fan Ejder Rand al\u2019Thor risk alm\u0131\u015f ve Ger\u00e7ek Kaynak\u2019\u0131n eril yar\u0131s\u0131ndan Karanl\u0131k Varl\u0131k\u2019\u0131n b\u0131rakt\u0131\u011f\u0131 lekeyi silerek her \u015feyi de\u011fi\u015ftirmi\u015fti. Ama Rand\u2019\u0131n \u2013kendisini tehlikeye atarak\u2013 oynamas\u0131 gereken bir kumar daha vard\u0131 ve en yak\u0131n arkada\u015flar\u0131 da dahil kim dost kim d\u00fc\u015fman emin olam\u0131yordu.   Andor\u2019da Elayne Trakland, hakk\u0131 olan Alt\u0131n Taht\u2019\u0131 almak i\u00e7in sava\u015f\u0131yordu ama d\u00fc\u015fmanlar ve Karanl\u0131kdostlar\u0131 etraf\u0131n\u0131 sarm\u0131\u015f, onu y\u0131kmak istiyorlard\u0131. E\u011fer ba\u015far\u0131s\u0131z olursa hem Andor hem de Yenidendo\u011fan Ejder, Karanl\u0131k\u2019a mahk\u00fbm olabilirdi.   Bu arada Perrin Aybara, e\u015fi Faile\u2019i Shaido\u2019nun elinden kurtarmak i\u00e7in \u00e7abal\u0131yordu ama bunun i\u00e7in tek \u00e7aresi d\u00fc\u015fmanla i\u015fbirli\u011fi yapmak olabilirdi. Perrin, dostu Rand\u2019a sad\u0131k kalabilecek miydi? Ejderha, bir kez daha zaman\u0131n r\u00fczg\u00e2rlar\u0131nda havalanacak.   \u201cKendini ayr\u0131nt\u0131l\u0131 bir fantastik d\u00fcnyada kaybetmeyi sevenler i\u00e7in Zaman \u00c7ark\u0131 serisi birebir.\u201d \u2013Locus   \u201cRobert Jordan\u2019\u0131n eseri, bir nesil fantastik edebiyat yazar\u0131 i\u00e7in ilham veren, ufuk a\u00e7\u0131c\u0131 bir etkiye sahip.\u201d \u2013Brent Weeks <\/p>\n","protected":false},"excerpt":{"rendered":"<p>\u201cZaman \u00c7ark\u0131 d\u00f6ner, \u00c7a\u011flar gelip ge\u00e7er, efsanele\u015fen an\u0131lar b\u0131rak\u0131r ard\u0131nda. Efsaneler solarak mit olur ve onlar\u0131 do\u011furan \u00c7a\u011f yeniden geldi\u011finde mitler bile unutulur.\u201dFantastik edebiyat\u0131n devi Robert<span class=\"excerpt-hellip\"> [\u2026]<\/span><\/p>\n","protected":false},"featured_media":0,"template":"","meta":{"_monsterinsights_skip_tracking":false,"_monsterinsights_sitenote_active":false,"_monsterinsights_sitenote_note":"","_monsterinsights_sitenote_category":0},"product_brand":[],"product_cat":[12291,14777],"product_tag":[],"class_list":{"0":"post-735134","1":"product","2":"type-product","3":"status-publish","5":"product_cat-edebiyat","6":"product_cat-fantastik","7":"pa_cilt-ciltsiz","8":"pa_tur-kitap","9":"pa_yayinevi-ithaki-yayinlari","10":"pa_yazar-robert-jordan","12":"first","13":"instock","14":"sale","15":"shipping-taxable","16":"purchasable","17":"product-type-simple"},"_links":{"self":[{"href":"https:\/\/roveyayinevi.com.tr\/index.php\/wp-json\/wp\/v2\/product\/735134","targetHints":{"allow":["GET"]}}],"collection":[{"href":"https:\/\/roveyayinevi.com.tr\/index.php\/wp-json\/wp\/v2\/product"}],"about":[{"href":"https:\/\/roveyayinevi.com.tr\/index.php\/wp-json\/wp\/v2\/types\/product"}],"wp:attachment":[{"href":"https:\/\/roveyayinevi.com.tr\/index.php\/wp-json\/wp\/v2\/media?parent=735134"}],"wp:term":[{"taxonomy":"product_brand","embeddable":true,"href":"https:\/\/roveyayinevi.com.tr\/index.php\/wp-json\/wp\/v2\/product_brand?post=735134"},{"taxonomy":"product_cat","embeddable":true,"href":"https:\/\/roveyayinevi.com.tr\/index.php\/wp-json\/wp\/v2\/product_cat?post=735134"},{"taxonomy":"product_tag","embeddable":true,"href":"https:\/\/roveyayinevi.com.tr\/index.php\/wp-json\/wp\/v2\/product_tag?post=735134"}],"curies":[{"name":"wp","href":"https:\/\/api.w.org\/{rel}","templated":true}]}}