{"id":735126,"date":"2025-08-27T22:41:42","date_gmt":"2025-08-27T19:41:42","guid":{"rendered":"https:\/\/roveyayinevi.com.tr\/index.php\/urun\/donusu-yoktu-ayriligin\/"},"modified":"2026-04-12T02:50:01","modified_gmt":"2026-04-11T23:50:01","slug":"donusu-yoktu-ayriligin","status":"publish","type":"product","link":"https:\/\/roveyayinevi.com.tr\/index.php\/urun\/donusu-yoktu-ayriligin\/","title":{"rendered":"D\u00f6n\u00fc\u015f\u00fc Yoktu Ayr\u0131l\u0131\u011f\u0131n"},"content":{"rendered":"<p>D\u00f6n\u00fc\u015f\u00fc Yoktu Ayr\u0131l\u0131\u011f\u0131n isimli roman, Sel\u00e7uk \u00d6zyurt\u2019un ilk ve en \u00e7ok sevilen roman\u0131\u2026   \u00d6zyurt bu romanla edebiyat d\u00fcnyas\u0131na girdi ve bir daha hi\u00e7 \u00e7\u0131kmad\u0131.   ***   1979 ile 2002 y\u0131llar\u0131 aras\u0131nda ge\u00e7en roman\u0131n i\u00e7eri\u011fi, insan\u0131 farkl\u0131 bir ruh haline sokuyor. Her sat\u0131r\u0131nda hayat\u0131n bir h\u00fczn\u00fc ve sorumlulu\u011fu var.   Babas\u0131z b\u00fcy\u00fcmenin s\u0131k\u0131nt\u0131s\u0131n\u0131 yaz\u0131ya d\u00f6ken bir yazar\u0131n hem hayatla bo\u011fu\u015fmas\u0131, hem \u00e7eli\u015fkili karamsarl\u0131klar\u0131 ya\u015famas\u0131\u2026 Belki de edebiyat\u0131 insan\u0131n i\u00e7inde var eden en \u00f6nemli bir olgu yap\u0131yor.   Ac\u0131, \u0131zd\u0131rap, sevin\u00e7ler hep yar\u0131m kal\u0131r. Her g\u00fcl\u00fc\u015f\u00fcn sonu bir duru\u015f, her h\u00fczn\u00fcn sonu bir sevin\u00e7 olur. <\/p>\n","protected":false},"excerpt":{"rendered":"<p>D\u00f6n\u00fc\u015f\u00fc Yoktu Ayr\u0131l\u0131\u011f\u0131n isimli roman, Sel\u00e7uk \u00d6zyurt\u2019un ilk ve en \u00e7ok sevilen roman\u0131\u2026 \u00d6zyurt bu romanla edebiyat d\u00fcnyas\u0131na girdi ve bir daha hi\u00e7 \u00e7\u0131kmad\u0131. *** 1979<span class=\"excerpt-hellip\"> [\u2026]<\/span><\/p>\n","protected":false},"featured_media":0,"template":"","meta":{"_monsterinsights_skip_tracking":false,"_monsterinsights_sitenote_active":false,"_monsterinsights_sitenote_note":"","_monsterinsights_sitenote_category":0},"product_brand":[],"product_cat":[12291,12711],"product_tag":[],"class_list":{"0":"post-735126","1":"product","2":"type-product","3":"status-publish","5":"product_cat-edebiyat","6":"product_cat-roman-oyku","7":"pa_cilt-ciltsiz","8":"pa_tur-kitap","9":"pa_yayinevi-biyografi-net-yayincilik","10":"pa_yazar-selcuk-ozyurt","12":"first","13":"instock","14":"sale","15":"shipping-taxable","16":"purchasable","17":"product-type-simple"},"_links":{"self":[{"href":"https:\/\/roveyayinevi.com.tr\/index.php\/wp-json\/wp\/v2\/product\/735126","targetHints":{"allow":["GET"]}}],"collection":[{"href":"https:\/\/roveyayinevi.com.tr\/index.php\/wp-json\/wp\/v2\/product"}],"about":[{"href":"https:\/\/roveyayinevi.com.tr\/index.php\/wp-json\/wp\/v2\/types\/product"}],"wp:attachment":[{"href":"https:\/\/roveyayinevi.com.tr\/index.php\/wp-json\/wp\/v2\/media?parent=735126"}],"wp:term":[{"taxonomy":"product_brand","embeddable":true,"href":"https:\/\/roveyayinevi.com.tr\/index.php\/wp-json\/wp\/v2\/product_brand?post=735126"},{"taxonomy":"product_cat","embeddable":true,"href":"https:\/\/roveyayinevi.com.tr\/index.php\/wp-json\/wp\/v2\/product_cat?post=735126"},{"taxonomy":"product_tag","embeddable":true,"href":"https:\/\/roveyayinevi.com.tr\/index.php\/wp-json\/wp\/v2\/product_tag?post=735126"}],"curies":[{"name":"wp","href":"https:\/\/api.w.org\/{rel}","templated":true}]}}