{"id":735116,"date":"2025-08-27T22:41:30","date_gmt":"2025-08-27T19:41:30","guid":{"rendered":"https:\/\/roveyayinevi.com.tr\/index.php\/urun\/imdat-ogretmenim-havalandi\/"},"modified":"2026-04-16T02:43:00","modified_gmt":"2026-04-15T23:43:00","slug":"imdat-ogretmenim-havalandi","status":"publish","type":"product","link":"https:\/\/roveyayinevi.com.tr\/index.php\/urun\/imdat-ogretmenim-havalandi\/","title":{"rendered":"\u0130mdat, \u00d6\u011fretmenim Havaland\u0131"},"content":{"rendered":"<p>Felix neler oldu\u011funu \u00e7\u00f6zemiyordu. Her \u015fey yolunda giderken bir andaokulda tuhaf \u015feyler olmaya ba\u015flam\u0131\u015ft\u0131. S\u0131nav k\u00e2\u011f\u0131tlar\u0131 ortadan kaybolmu\u015f,geceleyin bah\u00e7e duvar\u0131na yaz\u0131lar yaz\u0131lmaya ba\u015flanm\u0131\u015f, derken matematik\u00f6\u011fretmeni \u00e7ukura d\u00fc\u015f\u00fcp baca\u011f\u0131n\u0131 k\u0131rm\u0131\u015ft\u0131. Her f\u0131rsatta u\u00e7ma hayallerikuran, biraz tuhaf yarad\u0131l\u0131\u015fl\u0131 yeni biyoloji \u00f6\u011fretmeninin t\u00fcm bu olan bitenleilgisi var m\u0131yd\u0131, yoksa her \u015fey tesad\u00fcf m\u00fcyd\u00fc? Felix\u2019in bu sorunun cevab\u0131n\u0131mutlaka bulmas\u0131 gerekiyordu\u2026\u00c7ok sevilen \u0130mdat, \u00d6\u011fretmenim K\u00fc\u00e7\u00fcld\u00fc\u2019n\u00fcn en az onun kadar e\u011flencelidevam maceras\u0131\u2026<\/p>\n","protected":false},"excerpt":{"rendered":"<p>Felix neler oldu\u011funu \u00e7\u00f6zemiyordu. Her \u015fey yolunda giderken bir andaokulda tuhaf \u015feyler olmaya ba\u015flam\u0131\u015ft\u0131. S\u0131nav k\u00e2\u011f\u0131tlar\u0131 ortadan kaybolmu\u015f,geceleyin bah\u00e7e duvar\u0131na yaz\u0131lar yaz\u0131lmaya ba\u015flanm\u0131\u015f, derken matematik\u00f6\u011fretmeni \u00e7ukura<span class=\"excerpt-hellip\"> [\u2026]<\/span><\/p>\n","protected":false},"featured_media":0,"template":"","meta":{"_monsterinsights_skip_tracking":false,"_monsterinsights_sitenote_active":false,"_monsterinsights_sitenote_note":"","_monsterinsights_sitenote_category":0},"product_brand":[],"product_cat":[12275,12274],"product_tag":[],"class_list":{"0":"post-735116","1":"product","2":"type-product","3":"status-publish","5":"product_cat-6-12-yas-kitaplari","6":"product_cat-cocuk-ve-genclik-kitaplari","7":"pa_cilt-ciltsiz","8":"pa_tur-kitap","9":"pa_yayinevi-iletisim-yayinlari","10":"pa_yazar-sabine-ludwig","12":"first","13":"instock","14":"sale","15":"shipping-taxable","16":"purchasable","17":"product-type-simple"},"_links":{"self":[{"href":"https:\/\/roveyayinevi.com.tr\/index.php\/wp-json\/wp\/v2\/product\/735116","targetHints":{"allow":["GET"]}}],"collection":[{"href":"https:\/\/roveyayinevi.com.tr\/index.php\/wp-json\/wp\/v2\/product"}],"about":[{"href":"https:\/\/roveyayinevi.com.tr\/index.php\/wp-json\/wp\/v2\/types\/product"}],"wp:attachment":[{"href":"https:\/\/roveyayinevi.com.tr\/index.php\/wp-json\/wp\/v2\/media?parent=735116"}],"wp:term":[{"taxonomy":"product_brand","embeddable":true,"href":"https:\/\/roveyayinevi.com.tr\/index.php\/wp-json\/wp\/v2\/product_brand?post=735116"},{"taxonomy":"product_cat","embeddable":true,"href":"https:\/\/roveyayinevi.com.tr\/index.php\/wp-json\/wp\/v2\/product_cat?post=735116"},{"taxonomy":"product_tag","embeddable":true,"href":"https:\/\/roveyayinevi.com.tr\/index.php\/wp-json\/wp\/v2\/product_tag?post=735116"}],"curies":[{"name":"wp","href":"https:\/\/api.w.org\/{rel}","templated":true}]}}