{"id":735114,"date":"2025-08-27T22:41:28","date_gmt":"2025-08-27T19:41:28","guid":{"rendered":"https:\/\/roveyayinevi.com.tr\/index.php\/urun\/turkiyede-spirituel-arayislar\/"},"modified":"2026-04-16T02:43:00","modified_gmt":"2026-04-15T23:43:00","slug":"turkiyede-spirituel-arayislar","status":"publish","type":"product","link":"https:\/\/roveyayinevi.com.tr\/index.php\/urun\/turkiyede-spirituel-arayislar\/","title":{"rendered":"T\u00fcrkiye&#8217;de Spirit\u00fcel Aray\u0131\u015flar"},"content":{"rendered":"<p>\u201cO\u0308zellikle de son y\u0131llarda Tu\u0308rkiye\u2019de ateizmin ve deizmin yayg\u0131nlas\u0327t\u0131g\u0306\u0131na ilis\u0327kin baz\u0131 heyecan verici tart\u0131s\u0327malar\u0131n yap\u0131ld\u0131g\u0306\u0131; Diyanet I\u0307s\u0327leri Bas\u0327kanl\u0131g\u0306\u0131\u2019n\u0131n oldukc\u0327a angaje bir akto\u0308r olarak es\u0327cinsellikten yogaya kadar ic\u0327 siyasete su\u0308rekli mu\u0308dahalede bulunarak ac\u0327\u0131klamalar yapt\u0131g\u0306\u0131; camilerden her gu\u0308n rutin d\u0131s\u0327\u0131 selalar\u0131n okundug\u0306u bir do\u0308nemde Tu\u0308rkiye\u2019de la-dinilig\u0306in (nonreligion) ya da la-dini inanc\u0327 ve pratiklerin analizinin toplumsal deg\u0306is\u0327menin anlas\u0327\u0131lmas\u0131 ac\u0327\u0131s\u0131ndan daha da o\u0308nemli hale geldig\u0306ini du\u0308s\u0327u\u0308nu\u0308yoruz.\u201d T\u00fcrkiye\u2019de 2010\u2019lar\u0131n sonlar\u0131ndan itibaren, uzun su\u0308redir u\u0308zerinde durulan dindarlas\u0327ma-muhafazaka\u0302rlas\u0327ma eg\u0306ilimine paralel veya ona kars\u0327\u0131t olarak, dinden uzaklas\u0327ma eg\u0306ilimlerinden so\u0308z edilir oldu. Bu eg\u0306ilimlerin bir yu\u0308zu\u0308, ateizme veya yine u\u0308zerine c\u0327ok konus\u0327ulan deizme ac\u0327\u0131l\u0131yor. Bir yu\u0308zu\u0308 ise alternatif manevi aray\u0131s\u0327lara ac\u0327\u0131l\u0131yor. Birc\u0327ok insan, Budizm, meditasyon, yoga, reiki, taichi gibi pratik ve ritu\u0308ellere yo\u0308neliyor \u2013 bazen bunlar\u0131 sufilikle de bag\u0306- das\u0327t\u0131rarak&#8230; Bazen, sag\u0306l\u0131k ve s\u0327ifa aray\u0131s\u0327\u0131yla da bag\u0306das\u0327t\u0131rarak. Tu\u0308rkiye\u2019de Spiritu\u0308el Aray\u0131s\u0327lar kitab\u0131nda Kurtulus\u0327 Cengiz, O\u0308nder Ku\u0308c\u0327u\u0308kural, Hande Gu\u0308r, kapsaml\u0131 bir saha ve go\u0308zlem birikimine dayanarak bu aray\u0131s\u0327lar\u0131n renga\u0302renk haritas\u0131n\u0131 c\u0327\u0131kart\u0131yorlar. Bu aray\u0131s\u0327\u0131n arkas\u0131ndaki bireysel, ruhsal, s\u0131n\u0131fsal ve toplumsal cinsiyete ilis\u0327kin o\u0308zgu\u0308l dinamiklere hassasiyetle eg\u0306iliyorlar. Tu\u0308rkiye toplumunun manevi du\u0308nyas\u0131n\u0131n karmas\u0327alar\u0131n\u0131 gerc\u0327ekten anlamak ic\u0327in k\u0131ymetli bir c\u0327al\u0131s\u0327ma.<\/p>\n","protected":false},"excerpt":{"rendered":"<p>\u201cO\u0308zellikle de son y\u0131llarda Tu\u0308rkiye\u2019de ateizmin ve deizmin yayg\u0131nlas\u0327t\u0131g\u0306\u0131na ilis\u0327kin baz\u0131 heyecan verici tart\u0131s\u0327malar\u0131n yap\u0131ld\u0131g\u0306\u0131; Diyanet I\u0307s\u0327leri Bas\u0327kanl\u0131g\u0306\u0131\u2019n\u0131n oldukc\u0327a angaje bir akto\u0308r olarak es\u0327cinsellikten yogaya kadar<span class=\"excerpt-hellip\"> [\u2026]<\/span><\/p>\n","protected":false},"featured_media":0,"template":"","meta":{"_monsterinsights_skip_tracking":false,"_monsterinsights_sitenote_active":false,"_monsterinsights_sitenote_note":"","_monsterinsights_sitenote_category":0},"product_brand":[],"product_cat":[16382,12718],"product_tag":[],"class_list":{"0":"post-735114","1":"product","2":"type-product","3":"status-publish","5":"product_cat-diger-inanclar","6":"product_cat-din","7":"pa_cilt-ciltsiz","8":"pa_tur-kitap","9":"pa_yayinevi-iletisim-yayinlari","10":"pa_yazar-iletisim-yayinlari-kolektif","12":"first","13":"instock","14":"sale","15":"shipping-taxable","16":"purchasable","17":"product-type-simple"},"_links":{"self":[{"href":"https:\/\/roveyayinevi.com.tr\/index.php\/wp-json\/wp\/v2\/product\/735114","targetHints":{"allow":["GET"]}}],"collection":[{"href":"https:\/\/roveyayinevi.com.tr\/index.php\/wp-json\/wp\/v2\/product"}],"about":[{"href":"https:\/\/roveyayinevi.com.tr\/index.php\/wp-json\/wp\/v2\/types\/product"}],"wp:attachment":[{"href":"https:\/\/roveyayinevi.com.tr\/index.php\/wp-json\/wp\/v2\/media?parent=735114"}],"wp:term":[{"taxonomy":"product_brand","embeddable":true,"href":"https:\/\/roveyayinevi.com.tr\/index.php\/wp-json\/wp\/v2\/product_brand?post=735114"},{"taxonomy":"product_cat","embeddable":true,"href":"https:\/\/roveyayinevi.com.tr\/index.php\/wp-json\/wp\/v2\/product_cat?post=735114"},{"taxonomy":"product_tag","embeddable":true,"href":"https:\/\/roveyayinevi.com.tr\/index.php\/wp-json\/wp\/v2\/product_tag?post=735114"}],"curies":[{"name":"wp","href":"https:\/\/api.w.org\/{rel}","templated":true}]}}