{"id":735102,"date":"2025-08-27T22:41:15","date_gmt":"2025-08-27T19:41:15","guid":{"rendered":"https:\/\/roveyayinevi.com.tr\/index.php\/urun\/iz-biraktigin-kadar-varsin\/"},"modified":"2026-04-16T02:42:59","modified_gmt":"2026-04-15T23:42:59","slug":"iz-biraktigin-kadar-varsin","status":"publish","type":"product","link":"https:\/\/roveyayinevi.com.tr\/index.php\/urun\/iz-biraktigin-kadar-varsin\/","title":{"rendered":"\u0130z B\u0131rakt\u0131\u011f\u0131n Kadar Vars\u0131n"},"content":{"rendered":"<p>NE KADAR \u0130Z BIRAKIRSANIZ O KADAR VAZGE\u00c7\u0130LMEZ OLURSUNUZ.   Kusursuz bir b\u00fct\u00fcn i\u00e7in harikulade par\u00e7alar gerekir. T\u0131k\u0131r t\u0131k\u0131r i\u015fleyen bir sistem ancak b\u00f6yle y\u00fcr\u00fcr, bir kovandaki ar\u0131lar\u0131 ya da devasa bir kar\u0131nca yuvas\u0131n\u0131 d\u00fc\u015f\u00fcn\u00fcn. \u0130li\u015fkiler de b\u00f6yledir, hi\u00e7bir \u015fey tek ba\u015f\u0131na t\u00fcm ili\u015fkiyi ayakta tutmaya yetmez. F\u0131rt\u0131naya yakalanm\u0131\u015f bir tekneye yelkenler tek ba\u015f\u0131na yard\u0131mc\u0131 olamaz, sa\u011flam bir motor, belki devreye girmesi gereken k\u00fcrekler ve g\u00fcvertede teknenin seyrini sa\u011flayan h\u00fcnerli birka\u00e7 insan laz\u0131md\u0131r. Bu bir ke\u015fif yolculu\u011fu olacak, yelkenlerinizi ayarlay\u0131n, birazdan r\u00fczg\u00e2r onlar\u0131 \u015fi\u015firecek ve gitmeye korktu\u011funuz yabanc\u0131 k\u0131y\u0131lara s\u00fcr\u00fckleneceksiniz. Korkmay\u0131n, bu yabanc\u0131 topraklar asl\u0131nda \u015fimdiye dek ayak basmad\u0131\u011f\u0131n\u0131z kendi k\u0131y\u0131lar\u0131n\u0131z olacak&#8230; Uzman Psikolog Esra Ezmeci bu kez cinsellikten \u00e7apalamaya, eril ve di\u015fil enerjilerden ileti\u015fime iz b\u0131rakman\u0131n ve vazge\u00e7ilmez olman\u0131n yollar\u0131n\u0131 anlat\u0131yor. \u0130li\u015fkilerde cesaretin ve \u00f6zg\u00fcr do\u011fan\u0131z\u0131 hissettirebilmenin fark yaratan, devrimci yollar\u0131n\u0131 incelikle tarif ediyor. Tarih nice korkak insan hik\u00e2yesiyle doludur ama biz hi\u00e7birinin ad\u0131n\u0131 duymam\u0131\u015f\u0131zd\u0131r. Cesur oldu\u011funuz kadar iz b\u0131rak\u0131rs\u0131n\u0131z ve iz b\u0131rakt\u0131\u011f\u0131n\u0131z kadar ya\u015fars\u0131n\u0131z&#8230; <\/p>\n","protected":false},"excerpt":{"rendered":"<p>NE KADAR \u0130Z BIRAKIRSANIZ O KADAR VAZGE\u00c7\u0130LMEZ OLURSUNUZ. Kusursuz bir b\u00fct\u00fcn i\u00e7in harikulade par\u00e7alar gerekir. T\u0131k\u0131r t\u0131k\u0131r i\u015fleyen bir sistem ancak b\u00f6yle y\u00fcr\u00fcr, bir kovandaki ar\u0131lar\u0131<span class=\"excerpt-hellip\"> [\u2026]<\/span><\/p>\n","protected":false},"featured_media":0,"template":"","meta":{"_monsterinsights_skip_tracking":false,"_monsterinsights_sitenote_active":false,"_monsterinsights_sitenote_note":"","_monsterinsights_sitenote_category":0},"product_brand":[],"product_cat":[12755,12357],"product_tag":[],"class_list":{"0":"post-735102","1":"product","2":"type-product","3":"status-publish","5":"product_cat-gelisim-psikolojisi","6":"product_cat-psikoloji","7":"pa_cilt-ciltsiz","8":"pa_tur-kitap","9":"pa_yayinevi-destek-yayinlari","10":"pa_yazar-esra-ezmeci","12":"first","13":"instock","14":"sale","15":"shipping-taxable","16":"purchasable","17":"product-type-simple"},"_links":{"self":[{"href":"https:\/\/roveyayinevi.com.tr\/index.php\/wp-json\/wp\/v2\/product\/735102","targetHints":{"allow":["GET"]}}],"collection":[{"href":"https:\/\/roveyayinevi.com.tr\/index.php\/wp-json\/wp\/v2\/product"}],"about":[{"href":"https:\/\/roveyayinevi.com.tr\/index.php\/wp-json\/wp\/v2\/types\/product"}],"wp:attachment":[{"href":"https:\/\/roveyayinevi.com.tr\/index.php\/wp-json\/wp\/v2\/media?parent=735102"}],"wp:term":[{"taxonomy":"product_brand","embeddable":true,"href":"https:\/\/roveyayinevi.com.tr\/index.php\/wp-json\/wp\/v2\/product_brand?post=735102"},{"taxonomy":"product_cat","embeddable":true,"href":"https:\/\/roveyayinevi.com.tr\/index.php\/wp-json\/wp\/v2\/product_cat?post=735102"},{"taxonomy":"product_tag","embeddable":true,"href":"https:\/\/roveyayinevi.com.tr\/index.php\/wp-json\/wp\/v2\/product_tag?post=735102"}],"curies":[{"name":"wp","href":"https:\/\/api.w.org\/{rel}","templated":true}]}}