{"id":735101,"date":"2025-08-27T22:41:14","date_gmt":"2025-08-27T19:41:14","guid":{"rendered":"https:\/\/roveyayinevi.com.tr\/index.php\/urun\/kisa-dunya-tarihleri-cin-tarihi\/"},"modified":"2026-04-16T02:42:59","modified_gmt":"2026-04-15T23:42:59","slug":"kisa-dunya-tarihleri-cin-tarihi","status":"publish","type":"product","link":"https:\/\/roveyayinevi.com.tr\/index.php\/urun\/kisa-dunya-tarihleri-cin-tarihi\/","title":{"rendered":"K\u0131sa D\u00fcnya Tarihleri &#8211; \u00c7in Tarihi"},"content":{"rendered":"<p>\u00c7inliler, \u00e7ok erken d\u00f6nemlerde kay\u0131tlar tutmaya ba\u015flam\u0131\u015flard\u0131r. Bu kay\u0131tlar sayesinde tarihlerini ayr\u0131nt\u0131l\u0131 olarak \u00f6\u011frenebildi\u011fimiz \u00c7in\u2019i anlamak i\u00e7in de onun binlerce y\u0131ll\u0131k ge\u00e7mi\u015fine vak\u0131f olmak laz\u0131md\u0131r. \u00c7in tarihinden T\u00fcrkleri \u00e7\u0131karmak m\u00fcmk\u00fcn de\u011fildir. \u00c7inlilerin siyasi, toplumsal ve ekonomik d\u00f6n\u00fc\u015f\u00fcmlerinde kuzeyden gelen T\u00fcrklerin ve di\u011fer konar-g\u00f6\u00e7erlerin b\u00fcy\u00fck etkisi vard\u0131r. \u00dcstelik \u00c7in\u2019deki hanedanl\u0131klar\u0131n \u00e7o\u011fu da T\u00fcrkler, Mo\u011follar ve Tunguz-Man\u00e7ular taraf\u0131ndan kurulmu\u015ftur. Haliyle \u00c7in tarihi, T\u00fcrk tarihinin ve hatta d\u00fcnya tarihinin bilinmesi a\u00e7\u0131s\u0131ndan \u00e7ok \u00f6nemlidir. \u00c7al\u0131\u015fmada ba\u015f\u0131ndan sonuna kadar \u00c7in siyasi tarihi ele al\u0131nm\u0131\u015f, gerekli yerlerde ekonomi, toplum, din gibi bahisler \u00fczerinde durulmu\u015f ve bilhassa toplum ve ekonomideki d\u00f6n\u00fc\u015f\u00fcmlerin siyasete ve devlete ne t\u00fcr etkiler yapt\u0131\u011f\u0131 vurgulanm\u0131\u015ft\u0131r. Ana kaynaklara ve ara\u015ft\u0131rma eserlerine g\u00f6re kaleme al\u0131nan bu kitapta, konular bir T\u00fcrk tarih\u00e7isinin bak\u0131\u015f a\u00e7\u0131s\u0131yla tarafs\u0131z ve \u00f6nyarg\u0131s\u0131z olarak i\u015flenmi\u015f, metnin yaz\u0131m\u0131nda genel okuyucu seviyesi de g\u00f6z \u00f6n\u00fcnde bulundurulmu\u015ftur.<\/p>\n","protected":false},"excerpt":{"rendered":"<p>\u00c7inliler, \u00e7ok erken d\u00f6nemlerde kay\u0131tlar tutmaya ba\u015flam\u0131\u015flard\u0131r. Bu kay\u0131tlar sayesinde tarihlerini ayr\u0131nt\u0131l\u0131 olarak \u00f6\u011frenebildi\u011fimiz \u00c7in\u2019i anlamak i\u00e7in de onun binlerce y\u0131ll\u0131k ge\u00e7mi\u015fine vak\u0131f olmak laz\u0131md\u0131r. \u00c7in<span class=\"excerpt-hellip\"> [\u2026]<\/span><\/p>\n","protected":false},"featured_media":0,"template":"","meta":{"_monsterinsights_skip_tracking":false,"_monsterinsights_sitenote_active":false,"_monsterinsights_sitenote_note":"","_monsterinsights_sitenote_category":0},"product_brand":[],"product_cat":[12370,12304],"product_tag":[],"class_list":{"0":"post-735101","1":"product","2":"type-product","3":"status-publish","5":"product_cat-arastirma-inceleme","6":"product_cat-tarih","7":"pa_cilt-ciltsiz","8":"pa_tur-kitap","9":"pa_yayinevi-otuken-nesriyat","10":"pa_yazar-kursat-yildirim","12":"first","13":"instock","14":"sale","15":"shipping-taxable","16":"purchasable","17":"product-type-simple"},"_links":{"self":[{"href":"https:\/\/roveyayinevi.com.tr\/index.php\/wp-json\/wp\/v2\/product\/735101","targetHints":{"allow":["GET"]}}],"collection":[{"href":"https:\/\/roveyayinevi.com.tr\/index.php\/wp-json\/wp\/v2\/product"}],"about":[{"href":"https:\/\/roveyayinevi.com.tr\/index.php\/wp-json\/wp\/v2\/types\/product"}],"wp:attachment":[{"href":"https:\/\/roveyayinevi.com.tr\/index.php\/wp-json\/wp\/v2\/media?parent=735101"}],"wp:term":[{"taxonomy":"product_brand","embeddable":true,"href":"https:\/\/roveyayinevi.com.tr\/index.php\/wp-json\/wp\/v2\/product_brand?post=735101"},{"taxonomy":"product_cat","embeddable":true,"href":"https:\/\/roveyayinevi.com.tr\/index.php\/wp-json\/wp\/v2\/product_cat?post=735101"},{"taxonomy":"product_tag","embeddable":true,"href":"https:\/\/roveyayinevi.com.tr\/index.php\/wp-json\/wp\/v2\/product_tag?post=735101"}],"curies":[{"name":"wp","href":"https:\/\/api.w.org\/{rel}","templated":true}]}}