{"id":735095,"date":"2025-08-27T22:41:07","date_gmt":"2025-08-27T19:41:07","guid":{"rendered":"https:\/\/roveyayinevi.com.tr\/index.php\/urun\/dijital-devlet\/"},"modified":"2026-04-08T02:52:23","modified_gmt":"2026-04-07T23:52:23","slug":"dijital-devlet","status":"publish","type":"product","link":"https:\/\/roveyayinevi.com.tr\/index.php\/urun\/dijital-devlet\/","title":{"rendered":"Dijital Devlet"},"content":{"rendered":"<p>1.      Dijital Ekonomi: Kavram, D\u00f6n\u00fc\u015f\u00fcm ve Etkiler 2.      Dijital (Yeni) Ekonomi: Yaratt\u0131\u011f\u0131 F\u0131rsat ve Tehditler 3.      Tarihsel S\u00fcre\u00e7te Devletin D\u00f6n\u00fc\u015f\u00fcm\u00fc: Analog Devlet, E- Devlet, Dijital Devlet 4.      Dijital U\u00e7urum Hipotezi ve Devlet 5.      Dijital Vatanda\u015fl\u0131k Kavram\u0131 6.      Devletin Sanalla\u015ft\u0131r\u0131lmas\u0131 ve Bulutla\u015ft\u0131r\u0131lmas\u0131 7.      Dijital Devletin Hangi A\u015famas\u0131nday\u0131z: Uluslararas\u0131 Dijital Devlet \u0130ndeksleri Ba\u011flam\u0131nda Bir De\u011ferlendirme 8.      Dijitalle\u015fme, Kamu Politikalar\u0131 ve Kamusal Mallar 9.      K\u00fcresel Kamu Mal\u0131 Olarak Bilimsel ve Teknolojik Bilgi: A\u00e7\u0131k Bilim ve A\u00e7\u0131k Eri\u015fim 10.  Kamu Hizmetlerinin Dijitalle\u015fmesi 11.  Kamu Hizmetleri ve Yapay Zek\u00e2 12.  T\u00fcrkiye\u2019de Kamu Hizmetlerinde Dijitalle\u015fme Uygulamalar\u0131: Adalet, G\u00fcvenlik, Savunma, E\u011fitim ve Sa\u011fl\u0131k Hizmetleri 13.  Dijitalle\u015fen Devletin Senyoraj Hakk\u0131 ve Siber Para Uygulamalar\u0131 14.  Dijitalle\u015fen Yerel Y\u00f6netimler: Ak\u0131ll\u0131 Kentler 15.  T\u00fcrkiye\u2019de Dijital Devletin D\u00f6n\u00fc\u015f\u00fcm\u00fcn\u00fcn Kurumsal Yap\u0131s\u0131: Quo Vadis? (T\u00fcrkiye Cumhuriyeti Cumhurba\u015fkanl\u0131\u011f\u0131 Dijital D\u00f6n\u00fc\u015f\u00fcm Ofisi \u00d6rne\u011fi) 16.  Dijitalle\u015fen Devletin Siber G\u00fcvenlik Sorunu 17.  Devlete G\u00fcven Sorunu ve Dijital D\u00f6n\u00fc\u015f\u00fcm 18.  Kamu Sekt\u00f6r\u00fcnde Dijital D\u00f6n\u00fc\u015f\u00fcme Bak\u0131\u015f (\u00d6neriler\/Ele\u015ftiriler) 19.  Dijitalle\u015fme: \u00dctopya M\u0131 Distopya M\u0131? Huxley Mi Orwell M\u0131? Felsefi Bir De\u011ferlendirme <\/p>\n","protected":false},"excerpt":{"rendered":"<p>1. Dijital Ekonomi: Kavram, D\u00f6n\u00fc\u015f\u00fcm ve Etkiler 2. Dijital (Yeni) Ekonomi: Yaratt\u0131\u011f\u0131 F\u0131rsat ve Tehditler 3. Tarihsel S\u00fcre\u00e7te Devletin D\u00f6n\u00fc\u015f\u00fcm\u00fc: Analog Devlet, E- Devlet, Dijital Devlet<span class=\"excerpt-hellip\"> [\u2026]<\/span><\/p>\n","protected":false},"featured_media":0,"template":"","meta":{"_monsterinsights_skip_tracking":false,"_monsterinsights_sitenote_active":false,"_monsterinsights_sitenote_note":"","_monsterinsights_sitenote_category":0},"product_brand":[],"product_cat":[13043,14381],"product_tag":[],"class_list":{"0":"post-735095","1":"product","2":"type-product","3":"status-publish","5":"product_cat-ekonomi","6":"product_cat-isletme-muhasebe-maliye","7":"pa_cilt-ciltsiz","8":"pa_tur-kitap","9":"pa_yayinevi-gazi-kitabevi","10":"pa_yazar-a-kemal-celebi-birol-kovancilar","12":"first","13":"instock","14":"sale","15":"shipping-taxable","16":"purchasable","17":"product-type-simple"},"_links":{"self":[{"href":"https:\/\/roveyayinevi.com.tr\/index.php\/wp-json\/wp\/v2\/product\/735095","targetHints":{"allow":["GET"]}}],"collection":[{"href":"https:\/\/roveyayinevi.com.tr\/index.php\/wp-json\/wp\/v2\/product"}],"about":[{"href":"https:\/\/roveyayinevi.com.tr\/index.php\/wp-json\/wp\/v2\/types\/product"}],"wp:attachment":[{"href":"https:\/\/roveyayinevi.com.tr\/index.php\/wp-json\/wp\/v2\/media?parent=735095"}],"wp:term":[{"taxonomy":"product_brand","embeddable":true,"href":"https:\/\/roveyayinevi.com.tr\/index.php\/wp-json\/wp\/v2\/product_brand?post=735095"},{"taxonomy":"product_cat","embeddable":true,"href":"https:\/\/roveyayinevi.com.tr\/index.php\/wp-json\/wp\/v2\/product_cat?post=735095"},{"taxonomy":"product_tag","embeddable":true,"href":"https:\/\/roveyayinevi.com.tr\/index.php\/wp-json\/wp\/v2\/product_tag?post=735095"}],"curies":[{"name":"wp","href":"https:\/\/api.w.org\/{rel}","templated":true}]}}