{"id":735094,"date":"2025-08-27T22:41:06","date_gmt":"2025-08-27T19:41:06","guid":{"rendered":"https:\/\/roveyayinevi.com.tr\/index.php\/urun\/toplum-tarih-ve-siyaset-uzerine-yazilar-prof-dr-cemil-oktaya-armagan\/"},"modified":"2026-04-16T02:42:59","modified_gmt":"2026-04-15T23:42:59","slug":"toplum-tarih-ve-siyaset-uzerine-yazilar-prof-dr-cemil-oktaya-armagan","status":"publish","type":"product","link":"https:\/\/roveyayinevi.com.tr\/index.php\/urun\/toplum-tarih-ve-siyaset-uzerine-yazilar-prof-dr-cemil-oktaya-armagan\/","title":{"rendered":"Toplum, Tarih ve Siyaset \u00dczerine Yaz\u0131lar &#8211; Prof. Dr. Cemil Oktay&#8217;a Arma\u011fan"},"content":{"rendered":"<p>1.      Fatmag\u00fcl BERKTAY &#8211; Bir Politika Kavram\u0131 Olarak Dostluk 2.      Bo\u011fa\u00e7 EROZAN &#8211; T\u00fcrk Siyasal Gelene\u011fi, \u201c\u0130slam Siyaset \u00dcslubu\u201d ve Arketipler 3.      M. \u0130nan\u00e7 \u00d6ZEKMEK\u00c7\u0130 &#8211; Siyaset Bilimi Alan\u0131nda Siyasal K\u00fclt\u00fcr Yakla\u015f\u0131m\u0131n\u0131n \u2018Serencam\u0131\u2019 4.      Ali Ya\u015far SARIBAY &#8211; Demokrasi ve Siyasal Temsil: \u0130li\u015fkisel Bir Bak\u0131\u015f 5.      Simten CO\u015eAR &amp; Aylin \u00d6ZMAN &#8211; T\u00fcrkiye\u2019de Rejim De\u011fi\u015fikli\u011finin Tarihsel Dinamikleri \u00dczerine Bir \u00c7\u00f6z\u00fcmleme: Merkez Siyaset ve \u0130ktidar \u2013 Muhalefet Pratikleri 6.      Fulya ATACAN &#8211; M\u0131s\u0131r\u2019da M\u00fcsl\u00fcman Karde\u015fler ve Parti \u00d6rg\u00fctlenmesi 7.      S. G\u00fclden AYMAN &#8211; K\u00fclt\u00fcrel Milliyet\u00e7ilik K\u0131skac\u0131nda Hindistan 8.      Murat \u00d6ZY\u00dcKSEL &#8211; Osmanl\u0131 Devleti\u2019nin Grevlere Kar\u015f\u0131 Tutumu \u00dczerine Baz\u0131 G\u00f6zlemler 9.      Ay\u015fen M\u00dcDERR\u0130SO\u011eLU &#8211; Reform Politikalar\u0131 Kar\u015f\u0131s\u0131nda Son D\u00f6nem Osmanl\u0131 Ulemas\u0131 10.  Nam\u0131k Sinan TURAN &#8211; Ad Hoc\u2019tan S\u00fcrekli Temsile Ge\u00e7i\u015f S\u00fcrecinde Osmanl\u0131 Diplomasisinin Modernle\u015fmesi: III. Selim ve II. Mahmud D\u00f6nemleri 11.  A. Din\u00e7 ALADA &#8211; Poulantzas\u2019\u0131n Yorumuyla Karl Marx\u2019da Tutunum (Coh\u00e9sion) Fakt\u00f6r\u00fc \u00dczerine Mukayeseli Bir Not 12.  \u015eirin TEKEL\u0130 &#8211; Ba\u015fkanlar\u0131n\u0131n G\u00f6z\u00fcnden KA-DER: Bir Derne\u011fin 15 Y\u0131l\u0131; Sorunlar, Ba\u015far\u0131lar, Ba\u015far\u0131s\u0131zl\u0131klar, Umutlar 13.  \u0130nci \u00d6ZKAN KERESTEC\u0130O\u011eLU &#8211; Sabiha Sertel\u2019in \u201cTerc\u00fcme-i H\u00e2li\u201d: Cinsiyetlendirilmi\u015f Bir Okuma Denemesi 14.  Serpil \u00c7AKIR &#8211; 124 Ya\u015f\u0131ndaki Feminist K\u0131z Karde\u015fle Sohbet 15.  Barbara PUSCH &#8211; \u00dc\u00e7 Kad\u0131n, \u00dc\u00e7 Kimlik: T\u00fcrkiye\u2019de G\u00f6\u00e7menlik ve Vatanda\u015fl\u0131k \u00dczerine Notlar 16.  E. Zeynep SUDA &#8211; 1930 ve 1940\u2019larda \u0130stanbul\u2019da Modernle\u015fme ve Kentsel Planlamaya Dair D\u00fc\u015f\u00fcnceler: \u201cG\u00fczelle\u015fen \u0130stanbul\u201d 17.  Bulut G\u00dcRPINAR &#8211; Devlet ve Egemenlik \u00c7er\u00e7evesinde G\u00fcvenli\u011fin D\u00f6n\u00fc\u015f\u00fcm\u00fc 18.  Sinan YILDIRMAZ &#8211; 93\u2019ler Manifestosu ya da \u201cSava\u015f \u0130\u00e7in Akademisyenler\u201d: Kultur ve Zivilization Ayr\u0131m\u0131 \u00dczerinden Entelekt\u00fcellerin Sava\u015f\u0131 19.  H. Birsen HEK\u0130MO\u011eLU &#8211; \u201cHakl\u0131 Sava\u015f\u201d Kavram\u0131n\u0131n D\u00f6n\u00fc\u015f\u00fcm\u00fc: Gelene\u011fin Yasalla\u015ft\u0131r\u0131lmas\u0131 ve Kuramsalla\u015ft\u0131r\u0131lmas\u0131 <\/p>\n","protected":false},"excerpt":{"rendered":"<p>1. Fatmag\u00fcl BERKTAY &#8211; Bir Politika Kavram\u0131 Olarak Dostluk 2. Bo\u011fa\u00e7 EROZAN &#8211; T\u00fcrk Siyasal Gelene\u011fi, \u201c\u0130slam Siyaset \u00dcslubu\u201d ve Arketipler 3. M. \u0130nan\u00e7 \u00d6ZEKMEK\u00c7\u0130 &#8211;<span class=\"excerpt-hellip\"> [\u2026]<\/span><\/p>\n","protected":false},"featured_media":0,"template":"","meta":{"_monsterinsights_skip_tracking":false,"_monsterinsights_sitenote_active":false,"_monsterinsights_sitenote_note":"","_monsterinsights_sitenote_category":0},"product_brand":[],"product_cat":[12337,14706],"product_tag":[],"class_list":{"0":"post-735094","1":"product","2":"type-product","3":"status-publish","5":"product_cat-politika-siyaset","6":"product_cat-siyaset-bilimi","7":"pa_cilt-ciltsiz","8":"pa_tur-kitap","9":"pa_yayinevi-gazi-kitabevi","10":"pa_yazar-h-birsen-hekimoglu-inci-ozkan-kerestecioglu","12":"first","13":"instock","14":"sale","15":"shipping-taxable","16":"purchasable","17":"product-type-simple"},"_links":{"self":[{"href":"https:\/\/roveyayinevi.com.tr\/index.php\/wp-json\/wp\/v2\/product\/735094","targetHints":{"allow":["GET"]}}],"collection":[{"href":"https:\/\/roveyayinevi.com.tr\/index.php\/wp-json\/wp\/v2\/product"}],"about":[{"href":"https:\/\/roveyayinevi.com.tr\/index.php\/wp-json\/wp\/v2\/types\/product"}],"wp:attachment":[{"href":"https:\/\/roveyayinevi.com.tr\/index.php\/wp-json\/wp\/v2\/media?parent=735094"}],"wp:term":[{"taxonomy":"product_brand","embeddable":true,"href":"https:\/\/roveyayinevi.com.tr\/index.php\/wp-json\/wp\/v2\/product_brand?post=735094"},{"taxonomy":"product_cat","embeddable":true,"href":"https:\/\/roveyayinevi.com.tr\/index.php\/wp-json\/wp\/v2\/product_cat?post=735094"},{"taxonomy":"product_tag","embeddable":true,"href":"https:\/\/roveyayinevi.com.tr\/index.php\/wp-json\/wp\/v2\/product_tag?post=735094"}],"curies":[{"name":"wp","href":"https:\/\/api.w.org\/{rel}","templated":true}]}}