{"id":735070,"date":"2025-08-27T22:40:41","date_gmt":"2025-08-27T19:40:41","guid":{"rendered":"https:\/\/roveyayinevi.com.tr\/index.php\/urun\/kulturun-evrimi\/"},"modified":"2026-04-16T02:42:58","modified_gmt":"2026-04-15T23:42:58","slug":"kulturun-evrimi","status":"publish","type":"product","link":"https:\/\/roveyayinevi.com.tr\/index.php\/urun\/kulturun-evrimi\/","title":{"rendered":"K\u00fclt\u00fcr\u00fcn Evrimi"},"content":{"rendered":"<p>Pop\u00fclasyon geneti\u011fi alan\u0131na b\u00fcy\u00fck katk\u0131lar sa\u011flam\u0131\u015f \u00f6d\u00fcll\u00fc biliminsan\u0131 Luigi Luca Cavalli Sforza, K\u00fclt\u00fcr\u00fcn Evrimi\u2019nde genetik biliminden biyolojiye, k\u00fclt\u00fcrel antropolojiden dilbilime uzanarak disiplinleraras\u0131 bir yakla\u015f\u0131mla insanl\u0131k tarihinin y\u00fcz bin y\u0131ll\u0131k ser\u00fcvenini yeniden okuyor.   Evrim kuram\u0131n\u0131n anahtar kavramlar\u0131ndan hareketle, \u201cyakla\u015f\u0131k y\u00fcz bin y\u0131l \u00f6nce, bug\u00fcn ya\u015fayan herkesin atas\u0131 olan bir avu\u00e7 insan\u0131n g\u00fcndelik ileti\u015fim kurma becerisi geli\u015ftirmi\u015f olmas\u0131 sayesinde\u201d filizlenerek insanl\u0131\u011fa e\u015flik etmi\u015f k\u00fclt\u00fcrel geli\u015fim s\u00fcre\u00e7lerini mercek alt\u0131na alan ve biyolojik evrim ile k\u00fclt\u00fcrel evrim aras\u0131ndaki dinamiklerin \u00f6rt\u00fc\u015ft\u00fckleri ve ayr\u0131\u015ft\u0131klar\u0131 yanlar\u0131n izini s\u00fcren K\u00fclt\u00fcr\u00fcn Evrimi, Homo sapiens\u2019in evrimle\u015fme s\u00fcrecine \u00e7ok boyutlu bir bak\u0131\u015f sunarken nereden geldi\u011fimizi, bug\u00fcn nerede durdu\u011fumuzu, bundan sonra nereye gidebilece\u011fimizi d\u00fc\u015f\u00fcnmeye de te\u015fvik ediyor. <\/p>\n","protected":false},"excerpt":{"rendered":"<p>Pop\u00fclasyon geneti\u011fi alan\u0131na b\u00fcy\u00fck katk\u0131lar sa\u011flam\u0131\u015f \u00f6d\u00fcll\u00fc biliminsan\u0131 Luigi Luca Cavalli Sforza, K\u00fclt\u00fcr\u00fcn Evrimi\u2019nde genetik biliminden biyolojiye, k\u00fclt\u00fcrel antropolojiden dilbilime uzanarak disiplinleraras\u0131 bir yakla\u015f\u0131mla insanl\u0131k tarihinin<span class=\"excerpt-hellip\"> [\u2026]<\/span><\/p>\n","protected":false},"featured_media":0,"template":"","meta":{"_monsterinsights_skip_tracking":false,"_monsterinsights_sitenote_active":false,"_monsterinsights_sitenote_note":"","_monsterinsights_sitenote_category":0},"product_brand":[],"product_cat":[15499,13488],"product_tag":[],"class_list":{"0":"post-735070","1":"product","2":"type-product","3":"status-publish","5":"product_cat-antropoloji","6":"product_cat-toplum-ve-insan","7":"pa_cilt-ciltsiz","8":"pa_tur-kitap","9":"pa_yayinevi-tellekt","10":"pa_yazar-luigi-luca-cavalli-sforza","12":"first","13":"instock","14":"sale","15":"shipping-taxable","16":"purchasable","17":"product-type-simple"},"_links":{"self":[{"href":"https:\/\/roveyayinevi.com.tr\/index.php\/wp-json\/wp\/v2\/product\/735070","targetHints":{"allow":["GET"]}}],"collection":[{"href":"https:\/\/roveyayinevi.com.tr\/index.php\/wp-json\/wp\/v2\/product"}],"about":[{"href":"https:\/\/roveyayinevi.com.tr\/index.php\/wp-json\/wp\/v2\/types\/product"}],"wp:attachment":[{"href":"https:\/\/roveyayinevi.com.tr\/index.php\/wp-json\/wp\/v2\/media?parent=735070"}],"wp:term":[{"taxonomy":"product_brand","embeddable":true,"href":"https:\/\/roveyayinevi.com.tr\/index.php\/wp-json\/wp\/v2\/product_brand?post=735070"},{"taxonomy":"product_cat","embeddable":true,"href":"https:\/\/roveyayinevi.com.tr\/index.php\/wp-json\/wp\/v2\/product_cat?post=735070"},{"taxonomy":"product_tag","embeddable":true,"href":"https:\/\/roveyayinevi.com.tr\/index.php\/wp-json\/wp\/v2\/product_tag?post=735070"}],"curies":[{"name":"wp","href":"https:\/\/api.w.org\/{rel}","templated":true}]}}