{"id":735061,"date":"2025-08-27T22:40:33","date_gmt":"2025-08-27T19:40:33","guid":{"rendered":"https:\/\/roveyayinevi.com.tr\/index.php\/urun\/bezelye-bozo-ile-havuc-havi\/"},"modified":"2026-04-16T02:42:58","modified_gmt":"2026-04-15T23:42:58","slug":"bezelye-bozo-ile-havuc-havi","status":"publish","type":"product","link":"https:\/\/roveyayinevi.com.tr\/index.php\/urun\/bezelye-bozo-ile-havuc-havi\/","title":{"rendered":"Bezelye Bozo \u0130le Havu\u00e7 Havi"},"content":{"rendered":"<p>Bezelye taneleri ile bir havu\u00e7 dilimi arkada\u015f olabilir mi? Neden olmas\u0131n! Minikler, farkl\u0131 olman\u0131n g\u00fczelli\u011fi ve arkada\u015fl\u0131\u011f\u0131n \u00f6nemini anlatan bu \u015firin \u00f6yk\u00fcy\u00fc \u00e7ok sevecek. <\/p>\n","protected":false},"excerpt":{"rendered":"<p>Bezelye taneleri ile bir havu\u00e7 dilimi arkada\u015f olabilir mi? Neden olmas\u0131n! Minikler, farkl\u0131 olman\u0131n g\u00fczelli\u011fi ve arkada\u015fl\u0131\u011f\u0131n \u00f6nemini anlatan bu \u015firin \u00f6yk\u00fcy\u00fc \u00e7ok sevecek.<\/p>\n","protected":false},"featured_media":0,"template":"","meta":{"_monsterinsights_skip_tracking":false,"_monsterinsights_sitenote_active":false,"_monsterinsights_sitenote_note":"","_monsterinsights_sitenote_category":0},"product_brand":[],"product_cat":[12274,12518],"product_tag":[],"class_list":{"0":"post-735061","1":"product","2":"type-product","3":"status-publish","5":"product_cat-cocuk-ve-genclik-kitaplari","6":"product_cat-okul-oncesi-kitaplar","7":"pa_cilt-ciltsiz","8":"pa_tur-kitap","9":"pa_yayinevi-is-bankasi-kultur-yayinlari","10":"pa_yazar-morag-hood","12":"first","13":"instock","14":"sale","15":"shipping-taxable","16":"purchasable","17":"product-type-simple"},"_links":{"self":[{"href":"https:\/\/roveyayinevi.com.tr\/index.php\/wp-json\/wp\/v2\/product\/735061","targetHints":{"allow":["GET"]}}],"collection":[{"href":"https:\/\/roveyayinevi.com.tr\/index.php\/wp-json\/wp\/v2\/product"}],"about":[{"href":"https:\/\/roveyayinevi.com.tr\/index.php\/wp-json\/wp\/v2\/types\/product"}],"wp:attachment":[{"href":"https:\/\/roveyayinevi.com.tr\/index.php\/wp-json\/wp\/v2\/media?parent=735061"}],"wp:term":[{"taxonomy":"product_brand","embeddable":true,"href":"https:\/\/roveyayinevi.com.tr\/index.php\/wp-json\/wp\/v2\/product_brand?post=735061"},{"taxonomy":"product_cat","embeddable":true,"href":"https:\/\/roveyayinevi.com.tr\/index.php\/wp-json\/wp\/v2\/product_cat?post=735061"},{"taxonomy":"product_tag","embeddable":true,"href":"https:\/\/roveyayinevi.com.tr\/index.php\/wp-json\/wp\/v2\/product_tag?post=735061"}],"curies":[{"name":"wp","href":"https:\/\/api.w.org\/{rel}","templated":true}]}}