{"id":735048,"date":"2025-08-27T22:40:18","date_gmt":"2025-08-27T19:40:18","guid":{"rendered":"https:\/\/roveyayinevi.com.tr\/index.php\/urun\/cok-bi-cocuk-ciltli\/"},"modified":"2026-04-16T02:42:58","modified_gmt":"2026-04-15T23:42:58","slug":"cok-bi-cocuk-ciltli","status":"publish","type":"product","link":"https:\/\/roveyayinevi.com.tr\/index.php\/urun\/cok-bi-cocuk-ciltli\/","title":{"rendered":"\u00c7ok Bi \u00c7ocuk (Ciltli)"},"content":{"rendered":"<p>Tasvir gibi bakma \u00f6yle y\u00fcz\u00fcme Bakar gibi g\u00f6ky\u00fcz\u00fcne Mahzun mahzun Mazlum, Mazlum!.. \u00d6lmekle silinir mi sand\u0131n, Silinir mi, bre h\u00e2yin, \u0130nsanlar\u0131 sevme su\u00e7un?.. (\u2026)    *Oktay\u2019a *Tans\u0131k Ger\u00e7ekli\u011fi * \u0130ntizar *Bir Enik \u0130\u00e7in \u00c7in \u015eiiri *Mira\u00e7 *Canhavliyle *Ak\u015famla \u0130ntihar *Bir Resmin Kar\u015f\u0131s\u0131nda *Bir S\u00f6ylenti *Sisley\u2019den *A\u015fk \u00c7ocu\u011fu *Konu\u015f *Bahar Yaz\u0131s\u0131 *Rezistans *Takaza *Acel *\u0130dris\u2019in \u015eu \u0130\u015fi! *D\u00fc\u015fe Durduk Bir Eyyam *Allah Kabul Etsin ki&#8230;*Poetika *Fotofini\u015f *\u00c7ok Bi \u00c7ocuk *Ba\u015fsa\u011fl\u0131\u011f\u0131 *Alttan Almayan Altan&#8217;a *\u00c7al\u0131nd\u0131 *Yaz Ho\u015fg\u00f6r\u00fcleri *G\u00fcz *Sone *Rest Makam\u0131ndan \u015eark\u0131 *Bir Evliyaya *R\u00fcbai *Tavuk-Karas\u0131 *Davetsiz Misafir *K\u0131\u015fl\u0131k *Gagal\u0131 Agalara *Althusser\u2019in \u0130zinden *Ho\u015f\u00e2medi *Yazdan Kalma *Orhan Veli\u2019nin Kula\u011f\u0131yla *Aynan\u0131n Kar\u015f\u0131s\u0131nda *Mesafeli *Yunani Bir Sone *\u00c7iftes\u00f6z *Feminizma *No:16 *C\u0131\u011fara B\u0131rakma Kampanyas\u0131 *Poetika <\/p>\n","protected":false},"excerpt":{"rendered":"<p>Tasvir gibi bakma \u00f6yle y\u00fcz\u00fcme Bakar gibi g\u00f6ky\u00fcz\u00fcne Mahzun mahzun Mazlum, Mazlum!.. \u00d6lmekle silinir mi sand\u0131n, Silinir mi, bre h\u00e2yin, \u0130nsanlar\u0131 sevme su\u00e7un?.. (\u2026) *Oktay\u2019a *Tans\u0131k<span class=\"excerpt-hellip\"> [\u2026]<\/span><\/p>\n","protected":false},"featured_media":0,"template":"","meta":{"_monsterinsights_skip_tracking":false,"_monsterinsights_sitenote_active":false,"_monsterinsights_sitenote_note":"","_monsterinsights_sitenote_category":0},"product_brand":[],"product_cat":[12291,12292],"product_tag":[],"class_list":{"0":"post-735048","1":"product","2":"type-product","3":"status-publish","5":"product_cat-edebiyat","6":"product_cat-turk-edebiyati","7":"pa_cilt-ciltli","8":"pa_tur-kitap","9":"pa_yayinevi-is-bankasi-kultur-yayinlari","10":"pa_yazar-sait-faik-abasiyanik","12":"first","13":"instock","14":"sale","15":"shipping-taxable","16":"purchasable","17":"product-type-simple"},"_links":{"self":[{"href":"https:\/\/roveyayinevi.com.tr\/index.php\/wp-json\/wp\/v2\/product\/735048","targetHints":{"allow":["GET"]}}],"collection":[{"href":"https:\/\/roveyayinevi.com.tr\/index.php\/wp-json\/wp\/v2\/product"}],"about":[{"href":"https:\/\/roveyayinevi.com.tr\/index.php\/wp-json\/wp\/v2\/types\/product"}],"wp:attachment":[{"href":"https:\/\/roveyayinevi.com.tr\/index.php\/wp-json\/wp\/v2\/media?parent=735048"}],"wp:term":[{"taxonomy":"product_brand","embeddable":true,"href":"https:\/\/roveyayinevi.com.tr\/index.php\/wp-json\/wp\/v2\/product_brand?post=735048"},{"taxonomy":"product_cat","embeddable":true,"href":"https:\/\/roveyayinevi.com.tr\/index.php\/wp-json\/wp\/v2\/product_cat?post=735048"},{"taxonomy":"product_tag","embeddable":true,"href":"https:\/\/roveyayinevi.com.tr\/index.php\/wp-json\/wp\/v2\/product_tag?post=735048"}],"curies":[{"name":"wp","href":"https:\/\/api.w.org\/{rel}","templated":true}]}}