{"id":735037,"date":"2025-08-27T22:40:05","date_gmt":"2025-08-27T19:40:05","guid":{"rendered":"https:\/\/roveyayinevi.com.tr\/index.php\/urun\/ihmal-edilen-anahtar\/"},"modified":"2026-04-16T02:42:57","modified_gmt":"2026-04-15T23:42:57","slug":"ihmal-edilen-anahtar","status":"publish","type":"product","link":"https:\/\/roveyayinevi.com.tr\/index.php\/urun\/ihmal-edilen-anahtar\/","title":{"rendered":"\u0130hmal Edilen Anahtar"},"content":{"rendered":"<p>\u201c\u0130yile\u015fmenin, hayattaki ne\u015feyi, yarat\u0131c\u0131l\u0131\u011f\u0131 ve huzuru yeniden kazanman\u0131n anahtar\u0131, Alice Miller&#8217;\u0131n ikna edici bir \u015fekilde a\u00e7\u0131klad\u0131\u011f\u0131 gibi, \u00e7ocuklu\u011fun ko\u015fulsuz if\u015fas\u0131nda yatar.\u201d Alice Miller \u0130hmal Edilen Anahtar&#8217;da, binlerce y\u0131ld\u0131r ger\u00e7e\u011fi \u00f6rtmek i\u00e7in titizlikle \u00f6r\u00fclm\u00fc\u015f olan perdeyi kald\u0131rmaya her zamanki gibi kararl\u0131. O perdeyi bir kenara itti\u011finde, \u015fa\u015f\u0131rt\u0131c\u0131 sonu\u00e7lar ortaya \u00e7\u0131k\u0131yor. Nietzsche, Picasso, Kathe Kollwitz, Buster Keaton hakk\u0131nda yapt\u0131\u011f\u0131 analizlerle ger\u00e7ekleri g\u00f6zler \u00f6n\u00fcne seriyor. Pek \u00e7ok ki\u015fi taraf\u0131ndan uzun s\u00fcredir rafa kald\u0131r\u0131lan anahtarla (\u00e7ocukluk) pasl\u0131 kilitleri a\u00e7\u0131yor ve okuyucular\u0131na beklenmedik zengin bir bak\u0131\u015f a\u00e7\u0131s\u0131 sunuyor.  Picasso Guernica\u2019da ne anlatt\u0131? Buster Keaton neden hi\u00e7 g\u00fcl\u00fcmsemedi? Nietzsche neden kad\u0131nlara ve dine bu kadar \u00e7ok hakaret etti? Ni\u00e7in akl\u0131n\u0131 yitirdi? Hitler ve Stalin neden zalim ve katil oldu? <\/p>\n","protected":false},"excerpt":{"rendered":"<p>\u201c\u0130yile\u015fmenin, hayattaki ne\u015feyi, yarat\u0131c\u0131l\u0131\u011f\u0131 ve huzuru yeniden kazanman\u0131n anahtar\u0131, Alice Miller&#8217;\u0131n ikna edici bir \u015fekilde a\u00e7\u0131klad\u0131\u011f\u0131 gibi, \u00e7ocuklu\u011fun ko\u015fulsuz if\u015fas\u0131nda yatar.\u201d Alice Miller \u0130hmal Edilen Anahtar&#8217;da,<span class=\"excerpt-hellip\"> [\u2026]<\/span><\/p>\n","protected":false},"featured_media":0,"template":"","meta":{"_monsterinsights_skip_tracking":false,"_monsterinsights_sitenote_active":false,"_monsterinsights_sitenote_note":"","_monsterinsights_sitenote_category":0},"product_brand":[],"product_cat":[12755,12357],"product_tag":[],"class_list":{"0":"post-735037","1":"product","2":"type-product","3":"status-publish","5":"product_cat-gelisim-psikolojisi","6":"product_cat-psikoloji","7":"pa_cilt-ciltsiz","8":"pa_tur-kitap","9":"pa_yayinevi-profil-kitap","10":"pa_yazar-alice-miller","12":"first","13":"instock","14":"sale","15":"shipping-taxable","16":"purchasable","17":"product-type-simple"},"_links":{"self":[{"href":"https:\/\/roveyayinevi.com.tr\/index.php\/wp-json\/wp\/v2\/product\/735037","targetHints":{"allow":["GET"]}}],"collection":[{"href":"https:\/\/roveyayinevi.com.tr\/index.php\/wp-json\/wp\/v2\/product"}],"about":[{"href":"https:\/\/roveyayinevi.com.tr\/index.php\/wp-json\/wp\/v2\/types\/product"}],"wp:attachment":[{"href":"https:\/\/roveyayinevi.com.tr\/index.php\/wp-json\/wp\/v2\/media?parent=735037"}],"wp:term":[{"taxonomy":"product_brand","embeddable":true,"href":"https:\/\/roveyayinevi.com.tr\/index.php\/wp-json\/wp\/v2\/product_brand?post=735037"},{"taxonomy":"product_cat","embeddable":true,"href":"https:\/\/roveyayinevi.com.tr\/index.php\/wp-json\/wp\/v2\/product_cat?post=735037"},{"taxonomy":"product_tag","embeddable":true,"href":"https:\/\/roveyayinevi.com.tr\/index.php\/wp-json\/wp\/v2\/product_tag?post=735037"}],"curies":[{"name":"wp","href":"https:\/\/api.w.org\/{rel}","templated":true}]}}