{"id":735023,"date":"2025-08-27T22:38:57","date_gmt":"2025-08-27T19:38:57","guid":{"rendered":"https:\/\/roveyayinevi.com.tr\/index.php\/urun\/adavatan-giritten-anavatana-celebiler\/"},"modified":"2026-04-16T02:42:57","modified_gmt":"2026-04-15T23:42:57","slug":"adavatan-giritten-anavatana-celebiler","status":"publish","type":"product","link":"https:\/\/roveyayinevi.com.tr\/index.php\/urun\/adavatan-giritten-anavatana-celebiler\/","title":{"rendered":"Adavatan Girit&#8217;ten Anavatana \u00c7elebiler"},"content":{"rendered":"<p>Ac\u0131lardan Umuda bir yolculuktur, G\u00f6\u00e7\u2026 Her g\u00f6\u00e7, ac\u0131dan umuda giden bir s\u00fcrecin t\u00fcm renklerini i\u00e7inde bar\u0131nd\u0131r\u0131r. \u00d6yle de\u011fil mi? ac\u0131lar olmazsa insanlar ni\u00e7in ata topraklar\u0131n\u0131 terk edip yeni diyarlara yelken a\u00e7s\u0131nlar. Terk edilen ata topraklar\u0131, evler, e\u015fyalar de\u011fildir. Bir tarihtir arkada b\u0131rak\u0131lan.   G\u00f6\u00e7 denilen bu yolculu\u011fun bir di\u011fer ad\u0131 umuda ka\u00e7\u0131\u015ft\u0131r.  Hedeflenen topraklara var\u0131ld\u0131\u011f\u0131nda ise; ilk el y\u00fcz y\u0131kanan su, ilk hasat edilen \u00fcr\u00fcn, ata topra\u011f\u0131nda b\u0131rak\u0131lan tek \u015feyin e\u015fyalar olmad\u0131\u011f\u0131n\u0131 hayk\u0131r\u0131r g\u00f6\u00e7erlere\u2026 hem de ac\u0131 ac\u0131. Saklan\u0131r, gizlenir, \u00e7o\u011fu kere kendi kendine bile itiraf edilmez. \u0130\u015fte arkada b\u0131rak\u0131lan, ata topra\u011f\u0131ndaki hayatt\u0131r.   Yeni topraklar umuttur, ancak bir o kadar da \u00e7etindir. A\u011faca yap\u0131lan a\u015f\u0131 gibidir yeni hayat, filiz vermesi, ye\u015fermesi beklenir.   \u201cD\u00f6rtnala gelip uzak Asya\u2019dan, Akdeniz&#8217;e bir k\u0131srak ba\u015f\u0131 gibi uzanan bu memleketin\u201d ye\u015feren en g\u00fczel dallar\u0131ndan biri olan Girit G\u00f6\u00e7menlerinin hikayesini anlatan bu kitap, gelecek ku\u015faklara \u0131\u015f\u0131k tutmaktad\u0131r. <\/p>\n","protected":false},"excerpt":{"rendered":"<p>Ac\u0131lardan Umuda bir yolculuktur, G\u00f6\u00e7\u2026 Her g\u00f6\u00e7, ac\u0131dan umuda giden bir s\u00fcrecin t\u00fcm renklerini i\u00e7inde bar\u0131nd\u0131r\u0131r. \u00d6yle de\u011fil mi? ac\u0131lar olmazsa insanlar ni\u00e7in ata topraklar\u0131n\u0131 terk<span class=\"excerpt-hellip\"> [\u2026]<\/span><\/p>\n","protected":false},"featured_media":0,"template":"","meta":{"_monsterinsights_skip_tracking":false,"_monsterinsights_sitenote_active":false,"_monsterinsights_sitenote_note":"","_monsterinsights_sitenote_category":0},"product_brand":[],"product_cat":[12370,12304],"product_tag":[],"class_list":{"0":"post-735023","1":"product","2":"type-product","3":"status-publish","5":"product_cat-arastirma-inceleme","6":"product_cat-tarih","7":"pa_cilt-ciltsiz","8":"pa_tur-kitap","9":"pa_yayinevi-gulnar-yayinlari","10":"pa_yazar-betul-parlak-timur","12":"first","13":"instock","14":"sale","15":"shipping-taxable","16":"purchasable","17":"product-type-simple"},"_links":{"self":[{"href":"https:\/\/roveyayinevi.com.tr\/index.php\/wp-json\/wp\/v2\/product\/735023","targetHints":{"allow":["GET"]}}],"collection":[{"href":"https:\/\/roveyayinevi.com.tr\/index.php\/wp-json\/wp\/v2\/product"}],"about":[{"href":"https:\/\/roveyayinevi.com.tr\/index.php\/wp-json\/wp\/v2\/types\/product"}],"wp:attachment":[{"href":"https:\/\/roveyayinevi.com.tr\/index.php\/wp-json\/wp\/v2\/media?parent=735023"}],"wp:term":[{"taxonomy":"product_brand","embeddable":true,"href":"https:\/\/roveyayinevi.com.tr\/index.php\/wp-json\/wp\/v2\/product_brand?post=735023"},{"taxonomy":"product_cat","embeddable":true,"href":"https:\/\/roveyayinevi.com.tr\/index.php\/wp-json\/wp\/v2\/product_cat?post=735023"},{"taxonomy":"product_tag","embeddable":true,"href":"https:\/\/roveyayinevi.com.tr\/index.php\/wp-json\/wp\/v2\/product_tag?post=735023"}],"curies":[{"name":"wp","href":"https:\/\/api.w.org\/{rel}","templated":true}]}}