{"id":735011,"date":"2025-08-27T22:38:45","date_gmt":"2025-08-27T19:38:45","guid":{"rendered":"https:\/\/roveyayinevi.com.tr\/index.php\/urun\/matematik-ilk-bilgilerim\/"},"modified":"2026-04-16T02:42:56","modified_gmt":"2026-04-15T23:42:56","slug":"matematik-ilk-bilgilerim","status":"publish","type":"product","link":"https:\/\/roveyayinevi.com.tr\/index.php\/urun\/matematik-ilk-bilgilerim\/","title":{"rendered":"Matematik &#8211; \u0130lk Bilgilerim"},"content":{"rendered":"<p>Okul \u00d6ncesi ve \u0130lk\u00f6\u011fretim E\u011fitiminde \u00c7ocuklar\u0131n geli\u015fimine katk\u0131 sa\u011flayacak bu eser ile Say\u0131lar , Matematik i\u015flemleri , Renkler ,\u00c7izgi \u00e7al\u0131\u015fmalar\u0131 , Nokta ve \u00e7izgi tamamlama \u00e7al\u0131\u015fmalar\u0131 ile dakkat ve zeka becerinizin geli\u015fimine katk\u0131 sa\u011flayacaks\u0131n\u0131z. <\/p>\n","protected":false},"excerpt":{"rendered":"<p>Okul \u00d6ncesi ve \u0130lk\u00f6\u011fretim E\u011fitiminde \u00c7ocuklar\u0131n geli\u015fimine katk\u0131 sa\u011flayacak bu eser ile Say\u0131lar , Matematik i\u015flemleri , Renkler ,\u00c7izgi \u00e7al\u0131\u015fmalar\u0131 , Nokta ve \u00e7izgi tamamlama \u00e7al\u0131\u015fmalar\u0131<span class=\"excerpt-hellip\"> [\u2026]<\/span><\/p>\n","protected":false},"featured_media":0,"template":"","meta":{"_monsterinsights_skip_tracking":false,"_monsterinsights_sitenote_active":false,"_monsterinsights_sitenote_note":"","_monsterinsights_sitenote_category":0},"product_brand":[],"product_cat":[12274,12518],"product_tag":[],"class_list":{"0":"post-735011","1":"product","2":"type-product","3":"status-publish","5":"product_cat-cocuk-ve-genclik-kitaplari","6":"product_cat-okul-oncesi-kitaplar","7":"pa_cilt-ciltsiz","8":"pa_tur-kitap","9":"pa_yayinevi-profil-kitap","10":"pa_yazar-yavuz-erdogan","12":"first","13":"instock","14":"sale","15":"shipping-taxable","16":"purchasable","17":"product-type-simple"},"_links":{"self":[{"href":"https:\/\/roveyayinevi.com.tr\/index.php\/wp-json\/wp\/v2\/product\/735011","targetHints":{"allow":["GET"]}}],"collection":[{"href":"https:\/\/roveyayinevi.com.tr\/index.php\/wp-json\/wp\/v2\/product"}],"about":[{"href":"https:\/\/roveyayinevi.com.tr\/index.php\/wp-json\/wp\/v2\/types\/product"}],"wp:attachment":[{"href":"https:\/\/roveyayinevi.com.tr\/index.php\/wp-json\/wp\/v2\/media?parent=735011"}],"wp:term":[{"taxonomy":"product_brand","embeddable":true,"href":"https:\/\/roveyayinevi.com.tr\/index.php\/wp-json\/wp\/v2\/product_brand?post=735011"},{"taxonomy":"product_cat","embeddable":true,"href":"https:\/\/roveyayinevi.com.tr\/index.php\/wp-json\/wp\/v2\/product_cat?post=735011"},{"taxonomy":"product_tag","embeddable":true,"href":"https:\/\/roveyayinevi.com.tr\/index.php\/wp-json\/wp\/v2\/product_tag?post=735011"}],"curies":[{"name":"wp","href":"https:\/\/api.w.org\/{rel}","templated":true}]}}