{"id":735007,"date":"2025-08-27T22:38:41","date_gmt":"2025-08-27T19:38:41","guid":{"rendered":"https:\/\/roveyayinevi.com.tr\/index.php\/urun\/kose-i-bend-tarz-i-sefai\/"},"modified":"2026-04-16T02:42:56","modified_gmt":"2026-04-15T23:42:56","slug":"kose-i-bend-tarz-i-sefai","status":"publish","type":"product","link":"https:\/\/roveyayinevi.com.tr\/index.php\/urun\/kose-i-bend-tarz-i-sefai\/","title":{"rendered":"K\u00f6\u015fe-i Bend (Tarz-\u0131 Sefai)"},"content":{"rendered":"<p>K\u00f6\u015fe-i bent\/bu kitapta \u00f6z kald\u0131 Bu kitapta\/n okur isen bilirsin \u00d6z\/nak\u0131\u015f desendir tad\u0131 Ad\u0131\/ile dokur isen bilirsin     \u00c2\u015f\u0131k Sefa\u00ee, h\u00fck\u00fcm\u00fc hem d\u00fcz, (ilk dizede), hem yukardan a\u015fa\u011f\u0131 (dizelerin ilk kelimeleri) bir k\u00f6\u015fe meydana getiriyor. Buna Sefa\u00ee \u201cK\u00f6\u015fe-i Bend\u201d diyor. Yani her d\u00f6rtl\u00fc\u011f\u00fc bend olarak kabul ederek bunu s\u00f6yl\u00fcyor. Hani halk \u015fiirinde Vezn-i Aher ve Satran\u00e7 dedi\u011fimiz bi\u00e7imler var ya! Sefa\u00ee\u2019nin bu tarzdaki d\u00f6rtl\u00fcklerde uygulad\u0131\u011f\u0131 h\u00fck\u00fcmler ise yar\u0131 vezn-i aher, yar\u0131 satran\u00e7 gibidir. Bu tarz, ilk defa halk \u015fiirinde uygulanmaktad\u0131r. \u00c2\u015f\u0131k Sefa\u00ee bu bi\u00e7ime \u201cTarz-\u0131 Sefa\u00ee\u201d ad\u0131 veriyor ki bence yerinde bir adland\u0131rmad\u0131r. Bu uygulamayla ortaya konan ve h\u00fck\u00fcm i\u00e7eren bi\u00e7imlere k\u00f6\u015fe-i bend de denilebilir, tarz-\u0131 Sefa\u00ee de denilebilir. \u00c2\u015f\u0131k Sefa\u00ee kendisine yak\u0131\u015fan\u0131 yap\u0131yor. \u00c7\u00fcnk\u00fc o \u00e2\u015f\u0131k olarak ya\u015fayan bir insan hazinesidir. Onun sevdi\u011fi ve emektar\u0131 oldu\u011fu bu sanatta, eski \u00e2\u015f\u0131klar\u0131n y\u00fczy\u0131llar boyu yapt\u0131\u011f\u0131 ve g\u00fcn\u00fcm\u00fcze ula\u015ft\u0131rd\u0131klar\u0131 t\u00fcr ve bi\u00e7imlerin \u00e7e\u015fitlenmesine yapt\u0131klar\u0131 katk\u0131larda oldu\u011fu gibi yenilikler getirmesi, bizler taraf\u0131ndan ancak takdir edilir ve te\u015fvik edilir<\/p>\n","protected":false},"excerpt":{"rendered":"<p>K\u00f6\u015fe-i bent\/bu kitapta \u00f6z kald\u0131 Bu kitapta\/n okur isen bilirsin \u00d6z\/nak\u0131\u015f desendir tad\u0131 Ad\u0131\/ile dokur isen bilirsin \u00c2\u015f\u0131k Sefa\u00ee, h\u00fck\u00fcm\u00fc hem d\u00fcz, (ilk dizede), hem yukardan<span class=\"excerpt-hellip\"> [\u2026]<\/span><\/p>\n","protected":false},"featured_media":0,"template":"","meta":{"_monsterinsights_skip_tracking":false,"_monsterinsights_sitenote_active":false,"_monsterinsights_sitenote_note":"","_monsterinsights_sitenote_category":0},"product_brand":[],"product_cat":[12291,12509],"product_tag":[],"class_list":{"0":"post-735007","1":"product","2":"type-product","3":"status-publish","5":"product_cat-edebiyat","6":"product_cat-siir","7":"pa_cilt-ciltsiz","8":"pa_tur-kitap","9":"pa_yayinevi-kultur-ajans-yayinlari","10":"pa_yazar-mehmet-acet","12":"first","13":"instock","14":"sale","15":"shipping-taxable","16":"purchasable","17":"product-type-simple"},"_links":{"self":[{"href":"https:\/\/roveyayinevi.com.tr\/index.php\/wp-json\/wp\/v2\/product\/735007","targetHints":{"allow":["GET"]}}],"collection":[{"href":"https:\/\/roveyayinevi.com.tr\/index.php\/wp-json\/wp\/v2\/product"}],"about":[{"href":"https:\/\/roveyayinevi.com.tr\/index.php\/wp-json\/wp\/v2\/types\/product"}],"wp:attachment":[{"href":"https:\/\/roveyayinevi.com.tr\/index.php\/wp-json\/wp\/v2\/media?parent=735007"}],"wp:term":[{"taxonomy":"product_brand","embeddable":true,"href":"https:\/\/roveyayinevi.com.tr\/index.php\/wp-json\/wp\/v2\/product_brand?post=735007"},{"taxonomy":"product_cat","embeddable":true,"href":"https:\/\/roveyayinevi.com.tr\/index.php\/wp-json\/wp\/v2\/product_cat?post=735007"},{"taxonomy":"product_tag","embeddable":true,"href":"https:\/\/roveyayinevi.com.tr\/index.php\/wp-json\/wp\/v2\/product_tag?post=735007"}],"curies":[{"name":"wp","href":"https:\/\/api.w.org\/{rel}","templated":true}]}}