{"id":735000,"date":"2025-08-27T22:38:34","date_gmt":"2025-08-27T19:38:34","guid":{"rendered":"https:\/\/roveyayinevi.com.tr\/index.php\/urun\/baykus-ellinin-oyun-arkadasi\/"},"modified":"2026-04-16T02:42:56","modified_gmt":"2026-04-15T23:42:56","slug":"baykus-ellinin-oyun-arkadasi","status":"publish","type":"product","link":"https:\/\/roveyayinevi.com.tr\/index.php\/urun\/baykus-ellinin-oyun-arkadasi\/","title":{"rendered":"Bayku\u015f Elli\u2019nin Oyun Arkada\u015f\u0131"},"content":{"rendered":"<p>Elli seviyordu geceyi,Tek tek y\u0131ld\u0131zlar\u0131n parlad\u0131\u011f\u0131 vakti.Ay \u0131\u015f\u0131\u011f\u0131n\u0131n alt\u0131ndaTek ba\u015f\u0131na oturdu\u011fundaKurdu hayalini Elli:\u201cKe\u015fke benim de bir oyun arkada\u015f\u0131m olsa!\u201dBayku\u015f Elli i\u00e7in hayvanlar\u0131n gece uyumas\u0131 \u00e7ok b\u00fcy\u00fck bir \u015fanss\u0131zl\u0131kt\u0131! G\u00fcnd\u00fczleri bir arkada\u015f bulup tam e\u011flenceye dalm\u0131\u015fken bu defa da Elli uyuyakal\u0131yordu. Acaba Elli bir arkada\u015f bulabilecek mi?<\/p>\n","protected":false},"excerpt":{"rendered":"<p>Elli seviyordu geceyi,Tek tek y\u0131ld\u0131zlar\u0131n parlad\u0131\u011f\u0131 vakti.Ay \u0131\u015f\u0131\u011f\u0131n\u0131n alt\u0131ndaTek ba\u015f\u0131na oturdu\u011fundaKurdu hayalini Elli:\u201cKe\u015fke benim de bir oyun arkada\u015f\u0131m olsa!\u201dBayku\u015f Elli i\u00e7in hayvanlar\u0131n gece uyumas\u0131 \u00e7ok b\u00fcy\u00fck<span class=\"excerpt-hellip\"> [\u2026]<\/span><\/p>\n","protected":false},"featured_media":0,"template":"","meta":{"_monsterinsights_skip_tracking":false,"_monsterinsights_sitenote_active":false,"_monsterinsights_sitenote_note":"","_monsterinsights_sitenote_category":0},"product_brand":[],"product_cat":[12274,12284],"product_tag":[],"class_list":{"0":"post-735000","1":"product","2":"type-product","3":"status-publish","5":"product_cat-cocuk-ve-genclik-kitaplari","6":"product_cat-hikayeler","7":"pa_cilt-ciltsiz","8":"pa_tur-kitap","9":"pa_yayinevi-abm-yayinevi","10":"pa_yazar-georg-vollmer-pina-gertenbach","12":"first","13":"instock","14":"sale","15":"shipping-taxable","16":"purchasable","17":"product-type-simple"},"_links":{"self":[{"href":"https:\/\/roveyayinevi.com.tr\/index.php\/wp-json\/wp\/v2\/product\/735000","targetHints":{"allow":["GET"]}}],"collection":[{"href":"https:\/\/roveyayinevi.com.tr\/index.php\/wp-json\/wp\/v2\/product"}],"about":[{"href":"https:\/\/roveyayinevi.com.tr\/index.php\/wp-json\/wp\/v2\/types\/product"}],"wp:attachment":[{"href":"https:\/\/roveyayinevi.com.tr\/index.php\/wp-json\/wp\/v2\/media?parent=735000"}],"wp:term":[{"taxonomy":"product_brand","embeddable":true,"href":"https:\/\/roveyayinevi.com.tr\/index.php\/wp-json\/wp\/v2\/product_brand?post=735000"},{"taxonomy":"product_cat","embeddable":true,"href":"https:\/\/roveyayinevi.com.tr\/index.php\/wp-json\/wp\/v2\/product_cat?post=735000"},{"taxonomy":"product_tag","embeddable":true,"href":"https:\/\/roveyayinevi.com.tr\/index.php\/wp-json\/wp\/v2\/product_tag?post=735000"}],"curies":[{"name":"wp","href":"https:\/\/api.w.org\/{rel}","templated":true}]}}