{"id":734996,"date":"2025-08-27T22:38:31","date_gmt":"2025-08-27T19:38:31","guid":{"rendered":"https:\/\/roveyayinevi.com.tr\/index.php\/urun\/iktisadi-konulara-davranissal-yaklasim\/"},"modified":"2026-04-16T02:42:56","modified_gmt":"2026-04-15T23:42:56","slug":"iktisadi-konulara-davranissal-yaklasim","status":"publish","type":"product","link":"https:\/\/roveyayinevi.com.tr\/index.php\/urun\/iktisadi-konulara-davranissal-yaklasim\/","title":{"rendered":"\u0130ktisadi Konulara Davran\u0131\u015fsal Yakla\u015f\u0131m"},"content":{"rendered":"<p>1.      Teknostres Kompulsif T\u00fcketimi Tetikleyebilir mi? 2.      M\u00fczik ve T\u00fcketim Davran\u0131\u015flar: Deneysel Bir Uygulama 3.      Nicel \u00d6nerilerin Davran\u0131\u015fsal Karar Analizindeki Yeri ve \u00d6nemine \u0130li\u015fkin Bir Uygulama 4.      Deneysel \u00c7al\u0131\u015fma Ekonomisi: \u0130\u015fg\u00fcc\u00fc Arz\u0131 ve Hediye-De\u011fi\u015fim Teorisi \u00dczerine Bir Literat\u00fcr Taramas\u0131 5.      Davran\u0131\u015fsal \u0130ktisad\u0131n Geli\u015fimi ve G\u00fcnl\u00fck Ya\u015famdaki Yeri 6.      Evlilik \u00dczerine Davran\u0131\u015fsal \u0130ktisat Perspektifinden Bir De\u011ferlendirme 7.      \u00c7al\u0131\u015fma Ekonomisinin Davran\u0131\u015fsal Boyutlar\u0131 8.      Aile \u0130leti\u015fim Kal\u0131plar\u0131n\u0131n Finansal Okuryazarl\u0131k D\u00fczeyine Etkisinin Belirlenmesine Y\u00f6nelik Bir Uygulama 9.      Kripto Paralarda S\u00fcr\u00fc Psikolojisi Manip\u00fclasyona m\u0131 Neden Oluyor? 10.  Menkul K\u0131ymet Pazarlar\u0131nda Fiyat Olu\u015fum S\u00fcrecine \u0130li\u015fkin Geleneksel Modeller ve Davran\u0131\u015fsal Finans 11.  Davran\u0131\u015fsal Muhasebe: Teorik Bak\u0131\u015f 12.  \u00d6zgecili\u011fin Toplum Refah\u0131n\u0131n Artt\u0131r\u0131lmas\u0131nda Kullan\u0131lmas\u0131 13.  Muhasebede Davran\u0131\u015fsal Etkilerin \u0130ncelenmesi: Davran\u0131\u015fsal Muhasebe ve N\u00f6romuhasebe <\/p>\n","protected":false},"excerpt":{"rendered":"<p>1. Teknostres Kompulsif T\u00fcketimi Tetikleyebilir mi? 2. M\u00fczik ve T\u00fcketim Davran\u0131\u015flar: Deneysel Bir Uygulama 3. Nicel \u00d6nerilerin Davran\u0131\u015fsal Karar Analizindeki Yeri ve \u00d6nemine \u0130li\u015fkin Bir Uygulama<span class=\"excerpt-hellip\"> [\u2026]<\/span><\/p>\n","protected":false},"featured_media":0,"template":"","meta":{"_monsterinsights_skip_tracking":false,"_monsterinsights_sitenote_active":false,"_monsterinsights_sitenote_note":"","_monsterinsights_sitenote_category":0},"product_brand":[],"product_cat":[20333,13043],"product_tag":[],"class_list":{"0":"post-734996","1":"product","2":"type-product","3":"status-publish","5":"product_cat-diger-ekonomi","6":"product_cat-ekonomi","7":"pa_cilt-ciltsiz","8":"pa_tur-kitap","9":"pa_yayinevi-gazi-kitabevi","10":"pa_yazar-mehmet-yigit-asena-gizem-yigit","12":"first","13":"instock","14":"sale","15":"shipping-taxable","16":"purchasable","17":"product-type-simple"},"_links":{"self":[{"href":"https:\/\/roveyayinevi.com.tr\/index.php\/wp-json\/wp\/v2\/product\/734996","targetHints":{"allow":["GET"]}}],"collection":[{"href":"https:\/\/roveyayinevi.com.tr\/index.php\/wp-json\/wp\/v2\/product"}],"about":[{"href":"https:\/\/roveyayinevi.com.tr\/index.php\/wp-json\/wp\/v2\/types\/product"}],"wp:attachment":[{"href":"https:\/\/roveyayinevi.com.tr\/index.php\/wp-json\/wp\/v2\/media?parent=734996"}],"wp:term":[{"taxonomy":"product_brand","embeddable":true,"href":"https:\/\/roveyayinevi.com.tr\/index.php\/wp-json\/wp\/v2\/product_brand?post=734996"},{"taxonomy":"product_cat","embeddable":true,"href":"https:\/\/roveyayinevi.com.tr\/index.php\/wp-json\/wp\/v2\/product_cat?post=734996"},{"taxonomy":"product_tag","embeddable":true,"href":"https:\/\/roveyayinevi.com.tr\/index.php\/wp-json\/wp\/v2\/product_tag?post=734996"}],"curies":[{"name":"wp","href":"https:\/\/api.w.org\/{rel}","templated":true}]}}