{"id":734995,"date":"2025-08-27T22:38:30","date_gmt":"2025-08-27T19:38:30","guid":{"rendered":"https:\/\/roveyayinevi.com.tr\/index.php\/urun\/ekonominin-guncel-konulari\/"},"modified":"2026-04-16T02:42:56","modified_gmt":"2026-04-15T23:42:56","slug":"ekonominin-guncel-konulari","status":"publish","type":"product","link":"https:\/\/roveyayinevi.com.tr\/index.php\/urun\/ekonominin-guncel-konulari\/","title":{"rendered":"Ekonominin G\u00fcncel Konular\u0131"},"content":{"rendered":"<p>1.      T\u00dcRK\u0130YE EKONOM\u0130S\u0130N\u0130N SEKT\u00d6REL G\u00dcNCEL EKONOM\u0130K ANAL\u0130Z\u0130 2.      D\u0130J\u0130TAL EKONOM\u0130 VE TEMEL G\u00d6STERGELERLE T\u00dcRK\u0130YE 3.      COV\u0130D-19 SALGINININ MAKROEKONOM\u0130K ETK\u0130LER\u0130 4.      GELENEKSEL OLMAYAN PARA POL\u0130T\u0130KALARI VE COV\u0130D19 KR\u0130Z\u0130 5.      D\u0130J\u0130TAL PARA KULLANIMI VE EKONOM\u0130K ETK\u0130LER\u0130 6.      DO\u011eRUDAN YABANCI YATIRIMLARIN EKONOM\u0130K ETK\u0130LER\u0130 VE COVID 19 SALGINININ YABANCI YATIRIMLARA YANSIMASI 7.      \u00dc\u00c7\u00dcZ A\u00c7IK H\u0130POTEZ\u0130: KAR\u015eILA\u015eTIMALI B\u0130R ANAL\u0130Z 8.      KAP\u0130TAL\u0130ZM EN \u0130Y\u0130 EKONOM\u0130K S\u0130STEM M\u0130D\u0130R? 9.      GEL\u0130R DA\u011eILIMI NE KADAR AD\u0130L? YA DA GEL\u0130R AD\u0130L DA\u011eILMALI MI? 10.  TER\u00d6R\u0130ZM\u0130N SOSYO-EKONOM\u0130K ETK\u0130LER\u0130 11.  BE\u015eER\u0130 SERMAYE, T\u0130CARET VE \u0130\u015e\u00c7\u0130 D\u00d6V\u0130ZLER\u0130 BA\u011eLAMINDA ULUSLARARASI G\u00d6\u00c7 VE KALKINMA \u0130L\u0130\u015eK\u0130S\u0130 12.  DAVRANI\u015eSAL \u0130KT\u0130SAT TEMEL\u0130NDE PS\u0130KOLOJ\u0130N\u0130N EKONOM\u0130DEK\u0130 ROL\u00dc: T\u00dcRK\u0130YE \u00dcZER\u0130NE DE\u011eERLEND\u0130RME 13.  YEN\u0130 T\u0130CARET TEOR\u0130LER\u0130, B\u00dcY\u00dcME VE REFAH <\/p>\n","protected":false},"excerpt":{"rendered":"<p>1. T\u00dcRK\u0130YE EKONOM\u0130S\u0130N\u0130N SEKT\u00d6REL G\u00dcNCEL EKONOM\u0130K ANAL\u0130Z\u0130 2. D\u0130J\u0130TAL EKONOM\u0130 VE TEMEL G\u00d6STERGELERLE T\u00dcRK\u0130YE 3. COV\u0130D-19 SALGINININ MAKROEKONOM\u0130K ETK\u0130LER\u0130 4. GELENEKSEL OLMAYAN PARA POL\u0130T\u0130KALARI VE COV\u0130D19<span class=\"excerpt-hellip\"> [\u2026]<\/span><\/p>\n","protected":false},"featured_media":0,"template":"","meta":{"_monsterinsights_skip_tracking":false,"_monsterinsights_sitenote_active":false,"_monsterinsights_sitenote_note":"","_monsterinsights_sitenote_category":0},"product_brand":[],"product_cat":[14841,13043],"product_tag":[],"class_list":{"0":"post-734995","1":"product","2":"type-product","3":"status-publish","5":"product_cat-arastirma-inceleme-kuram","6":"product_cat-ekonomi","7":"pa_cilt-ciltsiz","8":"pa_tur-kitap","9":"pa_yayinevi-gazi-kitabevi","10":"pa_yazar-efe-can-kilinc-nazan-sahbaz-kilinc","12":"first","13":"instock","14":"sale","15":"shipping-taxable","16":"purchasable","17":"product-type-simple"},"_links":{"self":[{"href":"https:\/\/roveyayinevi.com.tr\/index.php\/wp-json\/wp\/v2\/product\/734995","targetHints":{"allow":["GET"]}}],"collection":[{"href":"https:\/\/roveyayinevi.com.tr\/index.php\/wp-json\/wp\/v2\/product"}],"about":[{"href":"https:\/\/roveyayinevi.com.tr\/index.php\/wp-json\/wp\/v2\/types\/product"}],"wp:attachment":[{"href":"https:\/\/roveyayinevi.com.tr\/index.php\/wp-json\/wp\/v2\/media?parent=734995"}],"wp:term":[{"taxonomy":"product_brand","embeddable":true,"href":"https:\/\/roveyayinevi.com.tr\/index.php\/wp-json\/wp\/v2\/product_brand?post=734995"},{"taxonomy":"product_cat","embeddable":true,"href":"https:\/\/roveyayinevi.com.tr\/index.php\/wp-json\/wp\/v2\/product_cat?post=734995"},{"taxonomy":"product_tag","embeddable":true,"href":"https:\/\/roveyayinevi.com.tr\/index.php\/wp-json\/wp\/v2\/product_tag?post=734995"}],"curies":[{"name":"wp","href":"https:\/\/api.w.org\/{rel}","templated":true}]}}