{"id":734994,"date":"2025-08-27T22:38:29","date_gmt":"2025-08-27T19:38:29","guid":{"rendered":"https:\/\/roveyayinevi.com.tr\/index.php\/urun\/iletisim-psikolojisi\/"},"modified":"2026-04-16T02:42:56","modified_gmt":"2026-04-15T23:42:56","slug":"iletisim-psikolojisi","status":"publish","type":"product","link":"https:\/\/roveyayinevi.com.tr\/index.php\/urun\/iletisim-psikolojisi\/","title":{"rendered":"\u0130leti\u015fim Psikolojisi"},"content":{"rendered":"<p>1.      Genel \u00c7er\u00e7eve: \u0130leti\u015fim Tan\u0131mlar\u0131 2.      \u0130leti\u015fimin \u0130lk A\u015famas\u0131: \u0130\u00e7 \u0130leti\u015fim 3.      Ki\u015fileraras\u0131 \u0130leti\u015fim 4.      \u0130leti\u015fim Modelleri 5.      S\u00f6zs\u00fcz \u0130leti\u015fim ve Beden Dili 6.      \u00d6rg\u00fctsel \u0130leti\u015fim 7.      Dinleme Hatalar\u0131 ve Etkin Dinleme 8.      Etkili Sunum Becerileri 9.      \u0130leti\u015fimde Benlik Rolleri ve Transaksiyonel Analiz 10.  K\u00fclt\u00fcrel Farkl\u0131l\u0131klar ve \u0130leti\u015fim 11.  Etkin ve Etkili Bir \u0130leti\u015fim \u0130\u00e7in <\/p>\n","protected":false},"excerpt":{"rendered":"<p>1. Genel \u00c7er\u00e7eve: \u0130leti\u015fim Tan\u0131mlar\u0131 2. \u0130leti\u015fimin \u0130lk A\u015famas\u0131: \u0130\u00e7 \u0130leti\u015fim 3. Ki\u015fileraras\u0131 \u0130leti\u015fim 4. \u0130leti\u015fim Modelleri 5. S\u00f6zs\u00fcz \u0130leti\u015fim ve Beden Dili 6. \u00d6rg\u00fctsel \u0130leti\u015fim<span class=\"excerpt-hellip\"> [\u2026]<\/span><\/p>\n","protected":false},"featured_media":0,"template":"","meta":{"_monsterinsights_skip_tracking":false,"_monsterinsights_sitenote_active":false,"_monsterinsights_sitenote_note":"","_monsterinsights_sitenote_category":0},"product_brand":[],"product_cat":[12755,12357],"product_tag":[],"class_list":{"0":"post-734994","1":"product","2":"type-product","3":"status-publish","5":"product_cat-gelisim-psikolojisi","6":"product_cat-psikoloji","7":"pa_cilt-ciltsiz","8":"pa_tur-kitap","9":"pa_yayinevi-gazi-kitabevi","10":"pa_yazar-cem-guney-ozveren","12":"first","13":"instock","14":"sale","15":"shipping-taxable","16":"purchasable","17":"product-type-simple"},"_links":{"self":[{"href":"https:\/\/roveyayinevi.com.tr\/index.php\/wp-json\/wp\/v2\/product\/734994","targetHints":{"allow":["GET"]}}],"collection":[{"href":"https:\/\/roveyayinevi.com.tr\/index.php\/wp-json\/wp\/v2\/product"}],"about":[{"href":"https:\/\/roveyayinevi.com.tr\/index.php\/wp-json\/wp\/v2\/types\/product"}],"wp:attachment":[{"href":"https:\/\/roveyayinevi.com.tr\/index.php\/wp-json\/wp\/v2\/media?parent=734994"}],"wp:term":[{"taxonomy":"product_brand","embeddable":true,"href":"https:\/\/roveyayinevi.com.tr\/index.php\/wp-json\/wp\/v2\/product_brand?post=734994"},{"taxonomy":"product_cat","embeddable":true,"href":"https:\/\/roveyayinevi.com.tr\/index.php\/wp-json\/wp\/v2\/product_cat?post=734994"},{"taxonomy":"product_tag","embeddable":true,"href":"https:\/\/roveyayinevi.com.tr\/index.php\/wp-json\/wp\/v2\/product_tag?post=734994"}],"curies":[{"name":"wp","href":"https:\/\/api.w.org\/{rel}","templated":true}]}}