{"id":734990,"date":"2025-08-27T22:38:25","date_gmt":"2025-08-27T19:38:25","guid":{"rendered":"https:\/\/roveyayinevi.com.tr\/index.php\/urun\/hamlet-makinesi\/"},"modified":"2026-04-16T02:42:56","modified_gmt":"2026-04-15T23:42:56","slug":"hamlet-makinesi","status":"publish","type":"product","link":"https:\/\/roveyayinevi.com.tr\/index.php\/urun\/hamlet-makinesi\/","title":{"rendered":"Hamlet Makinesi"},"content":{"rendered":"<p>Hamlet Makinesi, \u00e7a\u011fda\u015f Alman tiyatrosunun en \u00f6nemli yazarlar\u0131ndan Heiner M\u00fcller\u2019in tiyatroya bak\u0131\u015f\u0131 hakk\u0131nda genel bir izlenim olu\u015fturacak oyunlar\u0131ndan bir se\u00e7ki. Do\u011fu Almanya\u2019da ya\u015fam\u0131\u015f, \u00f6l\u00fcm\u00fcnden alt\u0131 y\u0131l \u00f6nce iki Almanya\u2019n\u0131n yeniden birle\u015fmesine tan\u0131k olmu\u015f ve Duvar\u2019\u0131n y\u0131k\u0131lmas\u0131n\u0131 sevin\u00e7le kar\u015f\u0131layan, \u201ck\u0131rk y\u0131l \u00f6nce m\u00fclk edindi\u011fi bir do\u011fruya kar\u015f\u0131 \u00e7\u0131kan\u201d yurtta\u015flar\u0131na, \u201changi mezar beni gen\u00e7li\u011fimden koruyacak\u201d diye sormu\u015f bir yazar\u0131n oyunlar\u0131n\u0131 bir araya getiriyor Hamlet Makinesi\u2026 S\u0131ras\u0131yla Philoktetes, Horatial\u0131, Mavzer, Germania &#8211; Berlin\u2019de \u00d6l\u00fcm, Sava\u015f, Hamlet Makinesi, G\u00f6rev, Kuartet ve Resim Tasviri oyunlar\u0131ndan olu\u015fan, ihanetin ve pragmatizmin, karde\u015f katlinin \u201cantik\u201d \u00f6rnekleriyle ba\u015flayan se\u00e7kide M\u00fcller son oyunda art\u0131k rolleri bile ortadan kald\u0131r\u0131yor! \u0130lk sahnesinden son kelimesine kadar, her hamlesinde etkisini daha da \u201csert\u201d bi\u00e7imde g\u00f6steren bir yazar\u0131n oyunlar\u0131! <\/p>\n","protected":false},"excerpt":{"rendered":"<p>Hamlet Makinesi, \u00e7a\u011fda\u015f Alman tiyatrosunun en \u00f6nemli yazarlar\u0131ndan Heiner M\u00fcller\u2019in tiyatroya bak\u0131\u015f\u0131 hakk\u0131nda genel bir izlenim olu\u015fturacak oyunlar\u0131ndan bir se\u00e7ki. Do\u011fu Almanya\u2019da ya\u015fam\u0131\u015f, \u00f6l\u00fcm\u00fcnden alt\u0131 y\u0131l<span class=\"excerpt-hellip\"> [\u2026]<\/span><\/p>\n","protected":false},"featured_media":0,"template":"","meta":{"_monsterinsights_skip_tracking":false,"_monsterinsights_sitenote_active":false,"_monsterinsights_sitenote_note":"","_monsterinsights_sitenote_category":0},"product_brand":[],"product_cat":[12291,15566],"product_tag":[],"class_list":{"0":"post-734990","1":"product","2":"type-product","3":"status-publish","5":"product_cat-edebiyat","6":"product_cat-oyun","7":"pa_cilt-ciltsiz","8":"pa_tur-kitap","9":"pa_yayinevi-kirmizi-kedi-yayinevi","10":"pa_yazar-heiner-muller","12":"first","13":"instock","14":"sale","15":"shipping-taxable","16":"purchasable","17":"product-type-simple"},"_links":{"self":[{"href":"https:\/\/roveyayinevi.com.tr\/index.php\/wp-json\/wp\/v2\/product\/734990","targetHints":{"allow":["GET"]}}],"collection":[{"href":"https:\/\/roveyayinevi.com.tr\/index.php\/wp-json\/wp\/v2\/product"}],"about":[{"href":"https:\/\/roveyayinevi.com.tr\/index.php\/wp-json\/wp\/v2\/types\/product"}],"wp:attachment":[{"href":"https:\/\/roveyayinevi.com.tr\/index.php\/wp-json\/wp\/v2\/media?parent=734990"}],"wp:term":[{"taxonomy":"product_brand","embeddable":true,"href":"https:\/\/roveyayinevi.com.tr\/index.php\/wp-json\/wp\/v2\/product_brand?post=734990"},{"taxonomy":"product_cat","embeddable":true,"href":"https:\/\/roveyayinevi.com.tr\/index.php\/wp-json\/wp\/v2\/product_cat?post=734990"},{"taxonomy":"product_tag","embeddable":true,"href":"https:\/\/roveyayinevi.com.tr\/index.php\/wp-json\/wp\/v2\/product_tag?post=734990"}],"curies":[{"name":"wp","href":"https:\/\/api.w.org\/{rel}","templated":true}]}}