{"id":734985,"date":"2025-08-27T22:38:18","date_gmt":"2025-08-27T19:38:18","guid":{"rendered":"https:\/\/roveyayinevi.com.tr\/index.php\/urun\/hakkinda-hicbir-sey-bilmedigim-seyler\/"},"modified":"2026-04-16T02:42:56","modified_gmt":"2026-04-15T23:42:56","slug":"hakkinda-hicbir-sey-bilmedigim-seyler","status":"publish","type":"product","link":"https:\/\/roveyayinevi.com.tr\/index.php\/urun\/hakkinda-hicbir-sey-bilmedigim-seyler\/","title":{"rendered":"Hakk\u0131nda Hi\u00e7bir \u015eey Bilmedi\u011fim \u015eeyler"},"content":{"rendered":"<p>\u201cPatrick Ness&#8217;in bu se\u00e7kisi yenilik\u00e7i ve cesur olman\u0131n yan\u0131 s\u0131ra yarat\u0131c\u0131l\u0131kla bezeli.\u201d Daily Telegraph\u0130nsan ayr\u0131ks\u0131 \u00e7ocu\u011fu daha \u00e7ok sever, de\u011fil mi?Canavar\u0131n \u00c7a\u011fr\u0131s\u0131 kitab\u0131ndan tan\u0131d\u0131\u011f\u0131m\u0131z Patrick Ness&#8217;ten, abs\u00fcrtl\u00fc\u011f\u00fcn s\u0131n\u0131rlar\u0131nda gezinen postmodern \u00f6yk\u00fcler&#8230;Edeb\u00ee yetkinli\u011fini birden fazla defa ald\u0131\u011f\u0131 \u00f6d\u00fcllerle s\u00fcrd\u00fcren yazar, uzun s\u00fcre zihninizi me\u015fgul edecek on bir s\u0131rad\u0131\u015f\u0131 \u00f6yk\u00fc anlat\u0131yor.Al\u0131\u015f\u0131lmad\u0131k bir mizah anlay\u0131\u015f\u0131n\u0131n ve cesur bir hayal g\u00fcc\u00fcn\u00fcn \u00fcr\u00fcn\u00fc olan Hakk\u0131nda Hi\u00e7bir \u015eey Bilmedi\u011fim \u015eeyler her sat\u0131r\u0131nda okurun ilgisini canl\u0131 tutmay\u0131 ba\u015far\u0131yor.\u0130sa&#8217;n\u0131n \u00e7ift eklemli dirseklerinden, Nuh&#8217;un gemisine almad\u0131\u011f\u0131 dinozorlardan ya da Man Adas\u0131&#8217;ndaki Amazonlardan haberdar m\u0131yd\u0131n\u0131z? \u0130yi niyetli, dahas\u0131 iyi giyimli yeti\u015fkinlerin k\u00f6t\u00fc giyimli \u00e7ocuklar\u0131 hay\u0131rseverlik ad\u0131na al\u0131koyduklar\u0131 giy\u015firme trendi hakk\u0131nda ne d\u00fc\u015f\u00fcn\u00fcyorsunuz? Peki, telepazarlamayla \u00f6z savunma kurslar\u0131 satmak istemez misiniz? Endi\u015felenmeyin haftal\u0131k kotay\u0131 doldurdu\u011funuz s\u00fcrece bu i\u015f tam size g\u00f6re. \u015eehir efsanelerinden e\u015fsiz bir kurgusal ger\u00e7ekli\u011fe uzanan yarat\u0131c\u0131l\u0131kla dolup ta\u015fan \u00f6yk\u00fcler&#8230; Etkileyici eserlere imza atan Patrick Ness, bu kitab\u0131nda kulland\u0131\u011f\u0131 farkl\u0131 tarzlarla her edeb\u00ee t\u00fcre ne kadar yatk\u0131n oldu\u011funu g\u00f6zler \u00f6n\u00fcne seriyor. \u00d6yk\u00fclerin t\u00fcr\u00fcne g\u00f6re de\u011fi\u015fen yaz\u0131 tipi karakteri ve sayfa d\u00fczenlemesi ise okurun metinle b\u00fct\u00fcnle\u015fmesini destekliyor.  \u201cBu hik\u00e2yelerin hepsini, kimsenin okumayaca\u011f\u0131n\u0131 d\u00fc\u015f\u00fcnerek yazm\u0131\u015ft\u0131m; yani kimse okumayacaksa, diye d\u00fc\u015f\u00fcnm\u00fc\u015ft\u00fcm, s\u0131rf kendimi e\u011flendirmek i\u00e7in yazabilir ve yan\u0131ma k\u00e2r kal\u0131p kalmayaca\u011f\u0131na bakabilirdim.\u201d P.N.<\/p>\n","protected":false},"excerpt":{"rendered":"<p>\u201cPatrick Ness&#8217;in bu se\u00e7kisi yenilik\u00e7i ve cesur olman\u0131n yan\u0131 s\u0131ra yarat\u0131c\u0131l\u0131kla bezeli.\u201d Daily Telegraph\u0130nsan ayr\u0131ks\u0131 \u00e7ocu\u011fu daha \u00e7ok sever, de\u011fil mi?Canavar\u0131n \u00c7a\u011fr\u0131s\u0131 kitab\u0131ndan tan\u0131d\u0131\u011f\u0131m\u0131z Patrick Ness&#8217;ten,<span class=\"excerpt-hellip\"> [\u2026]<\/span><\/p>\n","protected":false},"featured_media":0,"template":"","meta":{"_monsterinsights_skip_tracking":false,"_monsterinsights_sitenote_active":false,"_monsterinsights_sitenote_note":"","_monsterinsights_sitenote_category":0},"product_brand":[],"product_cat":[12291,12711],"product_tag":[],"class_list":{"0":"post-734985","1":"product","2":"type-product","3":"status-publish","5":"product_cat-edebiyat","6":"product_cat-roman-oyku","7":"pa_cilt-ciltsiz","8":"pa_tur-kitap","9":"pa_yayinevi-delidolu","10":"pa_yazar-patrick-ness","12":"first","13":"instock","14":"sale","15":"shipping-taxable","16":"purchasable","17":"product-type-simple"},"_links":{"self":[{"href":"https:\/\/roveyayinevi.com.tr\/index.php\/wp-json\/wp\/v2\/product\/734985","targetHints":{"allow":["GET"]}}],"collection":[{"href":"https:\/\/roveyayinevi.com.tr\/index.php\/wp-json\/wp\/v2\/product"}],"about":[{"href":"https:\/\/roveyayinevi.com.tr\/index.php\/wp-json\/wp\/v2\/types\/product"}],"wp:attachment":[{"href":"https:\/\/roveyayinevi.com.tr\/index.php\/wp-json\/wp\/v2\/media?parent=734985"}],"wp:term":[{"taxonomy":"product_brand","embeddable":true,"href":"https:\/\/roveyayinevi.com.tr\/index.php\/wp-json\/wp\/v2\/product_brand?post=734985"},{"taxonomy":"product_cat","embeddable":true,"href":"https:\/\/roveyayinevi.com.tr\/index.php\/wp-json\/wp\/v2\/product_cat?post=734985"},{"taxonomy":"product_tag","embeddable":true,"href":"https:\/\/roveyayinevi.com.tr\/index.php\/wp-json\/wp\/v2\/product_tag?post=734985"}],"curies":[{"name":"wp","href":"https:\/\/api.w.org\/{rel}","templated":true}]}}