{"id":734976,"date":"2025-08-27T22:38:08","date_gmt":"2025-08-27T19:38:08","guid":{"rendered":"https:\/\/roveyayinevi.com.tr\/index.php\/urun\/kiliclar-denizi-drizzt-efsanesi-13-kitap\/"},"modified":"2026-04-16T02:42:55","modified_gmt":"2026-04-15T23:42:55","slug":"kiliclar-denizi-drizzt-efsanesi-13-kitap","status":"publish","type":"product","link":"https:\/\/roveyayinevi.com.tr\/index.php\/urun\/kiliclar-denizi-drizzt-efsanesi-13-kitap\/","title":{"rendered":"K\u0131l\u0131\u00e7lar Denizi &#8211; Drizzt Efsanesi 13. Kitap"},"content":{"rendered":"<p>Dostu Wulfgar\u2019\u0131n yard\u0131ma ihtiyac\u0131 oldu\u011funu anlayan Drizzt, yan\u0131na Catti-brie, Regis ve Bruenor\u2019u da al\u0131p Wulfgar ve sava\u015f \u00e7ekici efsanevi Aegis-fang\u2019i kurtarmak i\u00e7in yola d\u00fc\u015fer. Bu esnada, Wulfgar da Aegis-fang\u2019in pe\u015findedir. Wulfgar\u2019\u0131n ruhu ve kalbi i\u00e7in verilecek son sava\u015fta, Salon\u2019un Yolda\u015flar\u0131 bir araya gelebilecekler midir?   Hepimiz \u00f6l\u00fcyoruz, her ge\u00e7en g\u00fcn\u00fcn her ge\u00e7en \u00e2n\u0131nda \u00f6l\u00fcme gidiyoruz. Bu, varolu\u015fun ka\u00e7\u0131n\u0131lmaz ger\u00e7e\u011fi. Bizi korkuyla fel\u00e7 edebilecek, ya da bize sab\u0131rs\u0131zl\u0131kla enerji verebilecek, bizi ke\u015ffedip deneyimleme arzusuyla, her hareketten bir hat\u0131ra \u00e7\u0131kartma umuduyla \u2013hay\u0131r, demirden bir iradeyle\u2013 doldurabilecek bir ger\u00e7ek. <\/p>\n","protected":false},"excerpt":{"rendered":"<p>Dostu Wulfgar\u2019\u0131n yard\u0131ma ihtiyac\u0131 oldu\u011funu anlayan Drizzt, yan\u0131na Catti-brie, Regis ve Bruenor\u2019u da al\u0131p Wulfgar ve sava\u015f \u00e7ekici efsanevi Aegis-fang\u2019i kurtarmak i\u00e7in yola d\u00fc\u015fer. Bu esnada,<span class=\"excerpt-hellip\"> [\u2026]<\/span><\/p>\n","protected":false},"featured_media":0,"template":"","meta":{"_monsterinsights_skip_tracking":false,"_monsterinsights_sitenote_active":false,"_monsterinsights_sitenote_note":"","_monsterinsights_sitenote_category":0},"product_brand":[],"product_cat":[12291,14777],"product_tag":[],"class_list":{"0":"post-734976","1":"product","2":"type-product","3":"status-publish","5":"product_cat-edebiyat","6":"product_cat-fantastik","7":"pa_cilt-ciltsiz","8":"pa_tur-kitap","9":"pa_yayinevi-ithaki-yayinlari","10":"pa_yazar-r-a-salvatore","12":"first","13":"instock","14":"sale","15":"shipping-taxable","16":"purchasable","17":"product-type-simple"},"_links":{"self":[{"href":"https:\/\/roveyayinevi.com.tr\/index.php\/wp-json\/wp\/v2\/product\/734976","targetHints":{"allow":["GET"]}}],"collection":[{"href":"https:\/\/roveyayinevi.com.tr\/index.php\/wp-json\/wp\/v2\/product"}],"about":[{"href":"https:\/\/roveyayinevi.com.tr\/index.php\/wp-json\/wp\/v2\/types\/product"}],"wp:attachment":[{"href":"https:\/\/roveyayinevi.com.tr\/index.php\/wp-json\/wp\/v2\/media?parent=734976"}],"wp:term":[{"taxonomy":"product_brand","embeddable":true,"href":"https:\/\/roveyayinevi.com.tr\/index.php\/wp-json\/wp\/v2\/product_brand?post=734976"},{"taxonomy":"product_cat","embeddable":true,"href":"https:\/\/roveyayinevi.com.tr\/index.php\/wp-json\/wp\/v2\/product_cat?post=734976"},{"taxonomy":"product_tag","embeddable":true,"href":"https:\/\/roveyayinevi.com.tr\/index.php\/wp-json\/wp\/v2\/product_tag?post=734976"}],"curies":[{"name":"wp","href":"https:\/\/api.w.org\/{rel}","templated":true}]}}