{"id":734967,"date":"2025-08-27T22:37:57","date_gmt":"2025-08-27T19:37:57","guid":{"rendered":"https:\/\/roveyayinevi.com.tr\/index.php\/urun\/duygularim-oynuyorum-ve-kendimi-taniyorum-seti-3-kitap\/"},"modified":"2026-04-16T02:42:55","modified_gmt":"2026-04-15T23:42:55","slug":"duygularim-oynuyorum-ve-kendimi-taniyorum-seti-3-kitap","status":"publish","type":"product","link":"https:\/\/roveyayinevi.com.tr\/index.php\/urun\/duygularim-oynuyorum-ve-kendimi-taniyorum-seti-3-kitap\/","title":{"rendered":"Duygular\u0131m &#8211; Oynuyorum ve Kendimi Tan\u0131yorum Seti (3 Kitap)"},"content":{"rendered":"<p>Fransa\u2019da pozitif ebeveynlik y\u00f6nteminde \u00f6nc\u00fc psikoterapist Isabelle Filliozat ile psikoterapist ve \u00e7ocuk terapisti Virginie Limousin taraf\u0131ndan kaleme al\u0131nan, T\u00fcrkiye dahil yay\u0131mland\u0131\u011f\u0131 t\u00fcm \u00fclkelerde b\u00fcy\u00fck be\u011feni toplayan Oynuyorum ve Kendimi Tan\u0131yorum serisi, her kitaptaki 100\u2019den fazla etkinlik ve ebeveyn kitap\u00e7\u0131\u011f\u0131yla birlikte, \u00e7ocuklar\u0131n i\u00e7lerinde neler olup bitti\u011fini anlayabilmeleri, \u201cduygular\u0131n\u0131n efendileri\u201d olabilmeleri i\u00e7in haz\u0131rland\u0131.\u201cDuyguyu anlama ve aktarma becerisi i\u00e7in k\u0131ymetli bir kitap bu. Ebeveynlerin de mutlaka okumas\u0131n\u0131 dilerim.\u201d Psikiyatrist Dr. G\u00fclcan \u00d6zer<\/p>\n","protected":false},"excerpt":{"rendered":"<p>Fransa\u2019da pozitif ebeveynlik y\u00f6nteminde \u00f6nc\u00fc psikoterapist Isabelle Filliozat ile psikoterapist ve \u00e7ocuk terapisti Virginie Limousin taraf\u0131ndan kaleme al\u0131nan, T\u00fcrkiye dahil yay\u0131mland\u0131\u011f\u0131 t\u00fcm \u00fclkelerde b\u00fcy\u00fck be\u011feni toplayan<span class=\"excerpt-hellip\"> [\u2026]<\/span><\/p>\n","protected":false},"featured_media":0,"template":"","meta":{"_monsterinsights_skip_tracking":false,"_monsterinsights_sitenote_active":false,"_monsterinsights_sitenote_note":"","_monsterinsights_sitenote_category":0},"product_brand":[],"product_cat":[12274,24599],"product_tag":[],"class_list":{"0":"post-734967","1":"product","2":"type-product","3":"status-publish","5":"product_cat-cocuk-ve-genclik-kitaplari","6":"product_cat-zeka-gelisimi","7":"pa_cilt-set","8":"pa_tur-kitap","9":"pa_yayinevi-domingo-yayinevi","10":"pa_yazar-domingo-yayinevi-kolektif","12":"first","13":"instock","14":"sale","15":"shipping-taxable","16":"purchasable","17":"product-type-simple"},"_links":{"self":[{"href":"https:\/\/roveyayinevi.com.tr\/index.php\/wp-json\/wp\/v2\/product\/734967","targetHints":{"allow":["GET"]}}],"collection":[{"href":"https:\/\/roveyayinevi.com.tr\/index.php\/wp-json\/wp\/v2\/product"}],"about":[{"href":"https:\/\/roveyayinevi.com.tr\/index.php\/wp-json\/wp\/v2\/types\/product"}],"wp:attachment":[{"href":"https:\/\/roveyayinevi.com.tr\/index.php\/wp-json\/wp\/v2\/media?parent=734967"}],"wp:term":[{"taxonomy":"product_brand","embeddable":true,"href":"https:\/\/roveyayinevi.com.tr\/index.php\/wp-json\/wp\/v2\/product_brand?post=734967"},{"taxonomy":"product_cat","embeddable":true,"href":"https:\/\/roveyayinevi.com.tr\/index.php\/wp-json\/wp\/v2\/product_cat?post=734967"},{"taxonomy":"product_tag","embeddable":true,"href":"https:\/\/roveyayinevi.com.tr\/index.php\/wp-json\/wp\/v2\/product_tag?post=734967"}],"curies":[{"name":"wp","href":"https:\/\/api.w.org\/{rel}","templated":true}]}}