{"id":734958,"date":"2025-08-27T22:37:48","date_gmt":"2025-08-27T19:37:48","guid":{"rendered":"https:\/\/roveyayinevi.com.tr\/index.php\/urun\/sanat-dunyamiz-185-kasim-aralik-2021\/"},"modified":"2026-04-16T02:42:55","modified_gmt":"2026-04-15T23:42:55","slug":"sanat-dunyamiz-185-kasim-aralik-2021","status":"publish","type":"product","link":"https:\/\/roveyayinevi.com.tr\/index.php\/urun\/sanat-dunyamiz-185-kasim-aralik-2021\/","title":{"rendered":"Sanat D\u00fcnyam\u0131z 185 Kas\u0131m &#8211; Aral\u0131k 2021"},"content":{"rendered":"<p>\u201cSanat D\u00fcnyam\u0131z\u201d  dergisinin 185. say\u0131s\u0131 \u00e7\u0131kt\u0131!   Sanat D\u00fcnyam\u0131z dergisinin 185. say\u0131s\u0131 yay\u0131mland\u0131. Dergi, bu say\u0131s\u0131nda \u201cMesafenin Politikas\u0131\u201d adl\u0131 dosyada mesafe s\u00f6zc\u00fc\u011f\u00fcn\u00fcn farkl\u0131 anlamlar\u0131na bakan yaz\u0131lar\u0131 ve s\u00f6yle\u015fileri bir araya getiriyor.   Bu kapsamda dergide Sezen \u00dcnl\u00fc\u00f6nen izleyici ve sanat\u00e7\u0131 aras\u0131ndaki mesafeyi ele ald\u0131\u011f\u0131 yaz\u0131s\u0131yla yer al\u0131yor. Beg\u00fcm \u00d6zden F\u0131rat, Berfin Atl\u0131, \u00c7isel Karacebe ve Suzi Asa\u2019n\u0131n dosyada yer verilen makalesi, 2020\u2019nin May\u0131s ve Haziran aylar\u0131nda yap\u0131lan saha ara\u015ft\u0131rmas\u0131ndan yola \u00e7\u0131karak, sessel deneyimlerin fiziksel mesafeleri a\u015fan niteliklerini inceliyor. \u0130lker Hepkaner\u2019in dosyadaki yaz\u0131s\u0131, \u015fark\u0131 s\u00f6zlerindeki mesafelere g\u00f6\u00e7\u00fcn m\u00fczik \u00fczerindeki etkisi \u00fcst\u00fcnden bak\u0131yor. Nesli G\u00fcl Durukan ise sanat\u00e7\u0131 Belit Sa\u011f\u2019\u0131n g\u00f6\u00e7men kad\u0131nlar\u0131n pandemi deneyimlerine e\u011fildi\u011fi eserine odaklan\u0131yor. Hisler \/ Kar\u015f\u0131la\u015fmalar \/ Kesi\u015fmeler s\u00f6yle\u015fi serisinin be\u015fincisinde sanat\u00e7\u0131lar Hale Tenger ve G\u00fcl\u015fah Mursalo\u011flu \u2018mesafe\u2019 kavram\u0131n\u0131n i\u015flerine etkisini anlat\u0131yor. Sanat\u00e7\u0131 Dilek Winchester son \u00e7al\u0131\u015fmalar\u0131 ekseninde mesafe kavram\u0131 etraf\u0131nda Naz Kocadere\u2019nin ger\u00e7ekle\u015ftirdi\u011fi bir s\u00f6yle\u015fisiyle dergide yer buluyor. Elif Kam\u0131\u015fl\u0131 \u201cG\u00fcneye Y\u00fcr\u00fcy\u00fc\u015f\u201d ba\u015fl\u0131kl\u0131 denemesinde mesafe kavram\u0131n\u0131n farkl\u0131 anlamlar\u0131 etraf\u0131nda geziniyor. \u015e\u00fckran \u00c7akmak ise yaz\u0131s\u0131nda sahne sanatlar\u0131n\u0131n mesafelerin etkisiyle de\u011fi\u015fen pratiklerine dair \u00f6rnekler veriyor.   Dergide ayr\u0131ca Adorno\u2019nun \u201cVal\u00e9ry, Proust, M\u00fcze\u201d ba\u015fl\u0131kl\u0131 makalesi dosyaya e\u015flik ederken, S\u00fcreyyya Evren Sarmal Senaryolar serisinin \u00fc\u00e7\u00fcnc\u00fc yaz\u0131s\u0131nda bilinen ve bilinmeyen aras\u0131ndaki a\u00e7\u0131kl\u0131\u011fa dair sorular soruyor. Derginin Ajanda b\u00f6l\u00fcm\u00fcnde ise sanat\u00e7\u0131 Canan ajandas\u0131ndaki sergi, m\u00fczik, kitap ve filmleri payla\u015f\u0131yor.   Derginin ge\u00e7mi\u015f sergilerin de\u011ferlendirmelerine yer verdi\u011fi +\u0130z b\u00f6l\u00fcm\u00fcnde Fatih \u00d6zg\u00fcven Galeri Nev Ankara\u2019da ger\u00e7ekle\u015fen Selim Cebeci\u2019nin \u201cMogambo\u201d sergisini de\u011ferlendiriyor. G\u00fcr\u00e7im Y\u0131lmaz ise Protocinema\u2019n\u0131n \u201cBir Zamanlar Kavranamayan\u201d sergisi \u00fczerine Barad\u2019\u0131n ili\u015fkisel ontolojisi \u00fczerinden bir okuma yap\u0131yor. <\/p>\n","protected":false},"excerpt":{"rendered":"<p>\u201cSanat D\u00fcnyam\u0131z\u201d dergisinin 185. say\u0131s\u0131 \u00e7\u0131kt\u0131! Sanat D\u00fcnyam\u0131z dergisinin 185. say\u0131s\u0131 yay\u0131mland\u0131. Dergi, bu say\u0131s\u0131nda \u201cMesafenin Politikas\u0131\u201d adl\u0131 dosyada mesafe s\u00f6zc\u00fc\u011f\u00fcn\u00fcn farkl\u0131 anlamlar\u0131na bakan yaz\u0131lar\u0131 ve<span class=\"excerpt-hellip\"> [\u2026]<\/span><\/p>\n","protected":false},"featured_media":0,"template":"","meta":{"_monsterinsights_skip_tracking":false,"_monsterinsights_sitenote_active":false,"_monsterinsights_sitenote_note":"","_monsterinsights_sitenote_category":0},"product_brand":[],"product_cat":[22066,13527],"product_tag":[],"class_list":{"0":"post-734958","1":"product","2":"type-product","3":"status-publish","5":"product_cat-sanat-sureli-yayinlar","6":"product_cat-sureli-yayinlar","7":"pa_cilt-ciltsiz","8":"pa_tur-dergi","9":"pa_yayinevi-yapi-kredi-yayinlari-dergi","10":"pa_yazar-yapi-kredi-yayinlari-dergi-kolektif","12":"first","13":"instock","14":"sale","15":"shipping-taxable","16":"purchasable","17":"product-type-simple"},"_links":{"self":[{"href":"https:\/\/roveyayinevi.com.tr\/index.php\/wp-json\/wp\/v2\/product\/734958","targetHints":{"allow":["GET"]}}],"collection":[{"href":"https:\/\/roveyayinevi.com.tr\/index.php\/wp-json\/wp\/v2\/product"}],"about":[{"href":"https:\/\/roveyayinevi.com.tr\/index.php\/wp-json\/wp\/v2\/types\/product"}],"wp:attachment":[{"href":"https:\/\/roveyayinevi.com.tr\/index.php\/wp-json\/wp\/v2\/media?parent=734958"}],"wp:term":[{"taxonomy":"product_brand","embeddable":true,"href":"https:\/\/roveyayinevi.com.tr\/index.php\/wp-json\/wp\/v2\/product_brand?post=734958"},{"taxonomy":"product_cat","embeddable":true,"href":"https:\/\/roveyayinevi.com.tr\/index.php\/wp-json\/wp\/v2\/product_cat?post=734958"},{"taxonomy":"product_tag","embeddable":true,"href":"https:\/\/roveyayinevi.com.tr\/index.php\/wp-json\/wp\/v2\/product_tag?post=734958"}],"curies":[{"name":"wp","href":"https:\/\/api.w.org\/{rel}","templated":true}]}}