{"id":734930,"date":"2025-08-27T22:37:16","date_gmt":"2025-08-27T19:37:16","guid":{"rendered":"https:\/\/roveyayinevi.com.tr\/index.php\/urun\/kopekleri-seven-adam\/"},"modified":"2026-04-16T02:42:54","modified_gmt":"2026-04-15T23:42:54","slug":"kopekleri-seven-adam","status":"publish","type":"product","link":"https:\/\/roveyayinevi.com.tr\/index.php\/urun\/kopekleri-seven-adam\/","title":{"rendered":"K\u00f6pekleri Seven Adam"},"content":{"rendered":"<p>K\u00fcba edebiyat\u0131n\u0131n ya\u015fayan en \u00f6nemli yazar\u0131 say\u0131lan Leonardo Padura, bu roman\u0131n \u00f6rg\u00fcs\u00fcn\u00fc devrimci lider ve kom\u00fcnist kuramc\u0131 Leon Tro\u00e7ki&#8217;nin 1940 yaz\u0131nda, Meksiko kentinde NKVD ajan\u0131 Ram\u00f3n Mercader taraf\u0131ndan \u00f6ld\u00fcr\u00fclmesi etraf\u0131nda kurarken, 20. y\u00fczy\u0131l\u0131n en b\u00fcy\u00fck tarihsel dramlar\u0131ndan birine ve insanl\u0131\u011f\u0131n en uzun s\u00fcren \u00fctopyas\u0131n\u0131n ikilemlerine \u0131\u015f\u0131k tutuyor. Ele\u015ftirmenler taraf\u0131ndan yazar\u0131n en \u00f6nemli eseri kabul edilen K\u00f6pekleri Seven Adam, Tro\u00e7ki&#8217;nin B\u00fcy\u00fckada, Paris ve Meksika&#8217;daki s\u00fcrg\u00fcn y\u0131llar\u0131 hakk\u0131nda az bilinen ger\u00e7ekleri ortaya koymas\u0131yla, tart\u0131\u015fmal\u0131 konulara girme cesaretiyle ve s\u00fcr\u00fckleyici bir polisiye roman tarz\u0131ndaki kurgusuyla her t\u00fcr okurun ilgisini \u00e7ekebilecek bir okuma deneyimi sunuyor. 2015 y\u0131l\u0131nda Asturias Prensesi Edebiyat \u00d6d\u00fcl\u00fc de dahil olmak \u00fczere \u00e7ok say\u0131da \u00f6d\u00fcle lay\u0131k g\u00f6r\u00fclen Leonardo Padura&#8217;n\u0131n K\u00f6pekleri Seven Adam roman\u0131 s\u00fcrg\u00fcndeki bir devrimcinin \u00e7alkant\u0131l\u0131 ya\u015fam\u0131 ve pe\u015findeki NKVD ajan\u0131n\u0131n suikast planlar\u0131 ile ilerleyen muhte\u015fem bir siyasi gerilim. \u00d6vg\u00fcler: &#8220;Kitab\u0131n Rus romanlar\u0131n\u0131 and\u0131rmas\u0131 yaln\u0131zca uzunlu\u011fundan ya da Moskova ba\u011flant\u0131s\u0131ndan de\u011fil, ayn\u0131 zamanda tarihi bilgilere Tolstoyvari bir tutkuyla yakla\u015fmas\u0131ndan ve karakterlerinin manevi d\u00fcnyas\u0131n\u0131 incelerken sergiledi\u011fi Dostoyevskivari zevkten kaynaklan\u0131yor.&#8221; The New York Times &#8220;Y\u00fcksek tempolu, felsefi, muhte\u015fem bir d\u00fc\u015f\u00fcnsel macera.&#8221; Kirkus Review<\/p>\n","protected":false},"excerpt":{"rendered":"<p>K\u00fcba edebiyat\u0131n\u0131n ya\u015fayan en \u00f6nemli yazar\u0131 say\u0131lan Leonardo Padura, bu roman\u0131n \u00f6rg\u00fcs\u00fcn\u00fc devrimci lider ve kom\u00fcnist kuramc\u0131 Leon Tro\u00e7ki&#8217;nin 1940 yaz\u0131nda, Meksiko kentinde NKVD ajan\u0131 Ram\u00f3n<span class=\"excerpt-hellip\"> [\u2026]<\/span><\/p>\n","protected":false},"featured_media":0,"template":"","meta":{"_monsterinsights_skip_tracking":false,"_monsterinsights_sitenote_active":false,"_monsterinsights_sitenote_note":"","_monsterinsights_sitenote_category":0},"product_brand":[],"product_cat":[12291,12711],"product_tag":[],"class_list":{"0":"post-734930","1":"product","2":"type-product","3":"status-publish","5":"product_cat-edebiyat","6":"product_cat-roman-oyku","7":"pa_cilt-ciltsiz","8":"pa_tur-kitap","9":"pa_yayinevi-bilgi-yayinevi","10":"pa_yazar-leonardo-padura","12":"first","13":"instock","14":"sale","15":"shipping-taxable","16":"purchasable","17":"product-type-simple"},"_links":{"self":[{"href":"https:\/\/roveyayinevi.com.tr\/index.php\/wp-json\/wp\/v2\/product\/734930","targetHints":{"allow":["GET"]}}],"collection":[{"href":"https:\/\/roveyayinevi.com.tr\/index.php\/wp-json\/wp\/v2\/product"}],"about":[{"href":"https:\/\/roveyayinevi.com.tr\/index.php\/wp-json\/wp\/v2\/types\/product"}],"wp:attachment":[{"href":"https:\/\/roveyayinevi.com.tr\/index.php\/wp-json\/wp\/v2\/media?parent=734930"}],"wp:term":[{"taxonomy":"product_brand","embeddable":true,"href":"https:\/\/roveyayinevi.com.tr\/index.php\/wp-json\/wp\/v2\/product_brand?post=734930"},{"taxonomy":"product_cat","embeddable":true,"href":"https:\/\/roveyayinevi.com.tr\/index.php\/wp-json\/wp\/v2\/product_cat?post=734930"},{"taxonomy":"product_tag","embeddable":true,"href":"https:\/\/roveyayinevi.com.tr\/index.php\/wp-json\/wp\/v2\/product_tag?post=734930"}],"curies":[{"name":"wp","href":"https:\/\/api.w.org\/{rel}","templated":true}]}}