{"id":734923,"date":"2025-08-27T22:37:09","date_gmt":"2025-08-27T19:37:09","guid":{"rendered":"https:\/\/roveyayinevi.com.tr\/index.php\/urun\/diplomasi-tarihi-4-sovyetlerin-afganistani-isgali\/"},"modified":"2026-04-16T02:42:54","modified_gmt":"2026-04-15T23:42:54","slug":"diplomasi-tarihi-4-sovyetlerin-afganistani-isgali","status":"publish","type":"product","link":"https:\/\/roveyayinevi.com.tr\/index.php\/urun\/diplomasi-tarihi-4-sovyetlerin-afganistani-isgali\/","title":{"rendered":"Diplomasi Tarihi 4 &#8211; Sovyetler&#8217;in Afganistan&#8217;\u0131 \u0130\u015fgali"},"content":{"rendered":"<p>\u201cHer Pe\u015ftun, kendisinin B\u00fcy\u00fck \u0130skender oldu\u011funu zanneder ve d\u00fcnyan\u0131n bunu kabul etmesini ister. Sonu\u00e7, kuzen ile kuzen, karde\u015f ile karde\u015f ve \u00e7o\u011fu zaman baba ile o\u011ful aras\u0131nda s\u00fcrekli bir m\u00fccadeledir. Bu, \u00e7a\u011flar boyunca mahvolu\u015funun hik\u00e2yesidir. B\u00fcy\u00fck bir millet olmay\u0131 ba\u015faramad\u0131lar\u2026 Zira, karde\u015finin y\u00f6netti\u011fini g\u00f6rmektense kendi evini yakmay\u0131 tercih ederdi.\u201d   Yirmi farkl\u0131 etnik gruptan olu\u015fan, a\u015firet\u00e7ili\u011fin h\u00fck\u00fcm s\u00fcrd\u00fc\u011f\u00fc ve bir t\u00fcrl\u00fc millet olamayan, birlik kuramayan bir co\u011frafya i\u00e7in bundan daha g\u00fczel bir ifade olamazd\u0131. Asya\u2019n\u0131n kalbinde; \u00c7in, Hindistan, Pakistan, \u0130ran ve Orta Asya bozk\u0131rlar\u0131n\u0131n aras\u0131nda, Herat ile bir zamanlar insanl\u0131k medeniyetinin en g\u00f6zde \u00f6rneklerinden birini vermi\u015f olan Afganistan iki y\u00fczy\u0131ld\u0131r s\u00fcper g\u00fc\u00e7lerin \u201cB\u00fcy\u00fck Oyun\u201d olarak adland\u0131r\u0131lan stratejik m\u00fccadelesinin vah\u015fi ve ac\u0131mas\u0131z bir m\u00fccadele ve n\u00fcfuz alan\u0131 olarak yery\u00fcz\u00fcn\u00fcn en geri kalm\u0131\u015f b\u00f6lgelerinden birine d\u00f6n\u00fc\u015fm\u00fc\u015f durumda.   Sovyetler Birli\u011fi, 1979\u2019da Afganistan\u2019\u0131 i\u015fgal ederek, bir \u00fclke sosyalist olduktan sonra Moskova\u2019n\u0131n o \u00fclkenin bir daha kapitalist kampa d\u00f6nmesine asla izin vermeyece\u011fini savunan Brejnev Doktrini\u2019ni uygulam\u0131\u015ft\u0131r. ABD ise Pakistan\u2019\u0131n g\u00fcvenli\u011fini garanti alt\u0131na almak, Sovyetler\u2019in b\u00f6lgeye daha fazla n\u00fcfuz etmesini engellemek ve Afganistan maceras\u0131n\u0131 olabildi\u011fince maliyetli hale getirmek, i\u015fgali sonland\u0131rmak i\u00e7in kendi a\u00e7\u0131s\u0131ndan olduk\u00e7a etkin bir politika ve \u00f6rt\u00fcl\u00fc harekat y\u00fcr\u00fctm\u00fc\u015ft\u00fcr.   Afganistan bir yandan ABD ile Sovyetler aras\u0131nda rekabet alan\u0131 haline gelirken, di\u011fer yandan radikal hareketler i\u00e7in verimli bir zemine d\u00f6n\u00fc\u015fm\u00fc\u015ft\u00fcr. Afganistan\u2019\u0131 i\u015fgalin sonu\u00e7lar\u0131, bug\u00fcn bile ba\u015fta Ortado\u011fu olmak \u00fczere d\u00fcnya politikas\u0131nda radikal cihat\u00e7\u0131 hareketlerle ba\u011flant\u0131l\u0131 olarak etkisini g\u00f6stermektedir.<\/p>\n","protected":false},"excerpt":{"rendered":"<p>\u201cHer Pe\u015ftun, kendisinin B\u00fcy\u00fck \u0130skender oldu\u011funu zanneder ve d\u00fcnyan\u0131n bunu kabul etmesini ister. Sonu\u00e7, kuzen ile kuzen, karde\u015f ile karde\u015f ve \u00e7o\u011fu zaman baba ile o\u011ful<span class=\"excerpt-hellip\"> [\u2026]<\/span><\/p>\n","protected":false},"featured_media":0,"template":"","meta":{"_monsterinsights_skip_tracking":false,"_monsterinsights_sitenote_active":false,"_monsterinsights_sitenote_note":"","_monsterinsights_sitenote_category":0},"product_brand":[],"product_cat":[12337,14706],"product_tag":[],"class_list":{"0":"post-734923","1":"product","2":"type-product","3":"status-publish","5":"product_cat-politika-siyaset","6":"product_cat-siyaset-bilimi","7":"pa_cilt-ciltsiz","8":"pa_tur-kitap","9":"pa_yayinevi-dogu-bati-yayinlari","10":"pa_yazar-ferhat-balekoglu","12":"first","13":"instock","14":"sale","15":"shipping-taxable","16":"purchasable","17":"product-type-simple"},"_links":{"self":[{"href":"https:\/\/roveyayinevi.com.tr\/index.php\/wp-json\/wp\/v2\/product\/734923","targetHints":{"allow":["GET"]}}],"collection":[{"href":"https:\/\/roveyayinevi.com.tr\/index.php\/wp-json\/wp\/v2\/product"}],"about":[{"href":"https:\/\/roveyayinevi.com.tr\/index.php\/wp-json\/wp\/v2\/types\/product"}],"wp:attachment":[{"href":"https:\/\/roveyayinevi.com.tr\/index.php\/wp-json\/wp\/v2\/media?parent=734923"}],"wp:term":[{"taxonomy":"product_brand","embeddable":true,"href":"https:\/\/roveyayinevi.com.tr\/index.php\/wp-json\/wp\/v2\/product_brand?post=734923"},{"taxonomy":"product_cat","embeddable":true,"href":"https:\/\/roveyayinevi.com.tr\/index.php\/wp-json\/wp\/v2\/product_cat?post=734923"},{"taxonomy":"product_tag","embeddable":true,"href":"https:\/\/roveyayinevi.com.tr\/index.php\/wp-json\/wp\/v2\/product_tag?post=734923"}],"curies":[{"name":"wp","href":"https:\/\/api.w.org\/{rel}","templated":true}]}}