{"id":734915,"date":"2025-08-27T22:37:03","date_gmt":"2025-08-27T19:37:03","guid":{"rendered":"https:\/\/roveyayinevi.com.tr\/index.php\/urun\/yakinlik-2\/"},"modified":"2026-04-16T02:42:53","modified_gmt":"2026-04-15T23:42:53","slug":"yakinlik-2","status":"publish","type":"product","link":"https:\/\/roveyayinevi.com.tr\/index.php\/urun\/yakinlik-2\/","title":{"rendered":"Yak\u0131nl\u0131k"},"content":{"rendered":"<p>Bu kitapta, yirminci yu\u0308zy\u0131l\u0131n en bu\u0308yu\u0308k spiritu\u0308el ustalar\u0131ndan biri olan Osho, sevgi dolu ili\u015fkiler kurma konusundaki bilgeli\u011fini payla\u015f\u0131yor. \u201cVur-ka\u00e7\u201d ili\u015fkileri, toplumumuzda son derece yayg\u0131n hale geldi. Art\u0131k daha k\u00f6ksu\u0308zler, geleneksel aile yap\u0131lar\u0131na daha az ba\u011fl\u0131lar ve geli\u015figu\u0308zel cinsel ili\u015fkileri daha kabul ediciler. Ama ayn\u0131 zamanda, bir \u015feylerin eksik oldu\u011funa dair derin bir hisse sahipler: bir yak\u0131nl\u0131k niteli\u011fi. Bu niteli\u011fin fiziksellik ile \u00e7ok az ilgisi var; her ne kadar cinsellik kesinlikle olas\u0131 bir kap\u0131 olsa da. \u00c7ok daha \u00f6nemli olan, di\u011fer ki\u015finin onlara sevgiyle yakla\u015faca\u011f\u0131na gu\u0308venerek en derin duygular\u0131m\u0131z\u0131 ve savunmas\u0131zl\u0131klar\u0131m\u0131z\u0131 ortaya d\u00f6kebilmektir. Nihayetinde, yak\u0131nl\u0131k riskini g\u00f6ze alma iste\u011fi, di\u011feri kapal\u0131 kalsa da, bu gu\u0308vene ihanet etse de bundan kal\u0131c\u0131 bir zarar g\u00f6rmeyece\u011fimizi bilen bir i\u00e7sel gu\u0308ce dayanmal\u0131d\u0131r. Nezaket ve \u015fefkat temalar\u0131n\u0131 i\u015fleyen bu rehberde Osho, yak\u0131nl\u0131k konusunda bizi nelerin korkuttu\u011funu, bu korkularla yu\u0308zle\u015fip onlar\u0131n \u00f6tesine nas\u0131l ge\u00e7ebilece\u011fimizi ve daha fazla a\u00e7\u0131kl\u0131k ve gu\u0308ven getirmek ad\u0131na ili\u015fkilerimizi nas\u0131l besleyece\u011fimizi ad\u0131m ad\u0131m a\u00e7\u0131kl\u0131yor. Osho, bizleri hayat\u0131 tu\u0308m zenginlikleriyle ya\u015fama kapasitemizi s\u0131n\u0131rlayan ko\u015fullu inan\u00e7 sistemlerinden ve \u00f6nyarg\u0131lardan kurtulmaya davet ediyor. Kendisi, Sunday Times of London taraf\u0131ndan \u201c20\u2019nci Yu\u0308zy\u0131l\u0131n En Bu\u0308yu\u0308k 1000 Kurucusu\u201d listesine dahil edilmi\u015ftir. Ve Hindistan\u2019da yay\u0131nlanan Sunday Mid-Day, Osho\u2019yu Hindistan\u2019\u0131n tarihini de\u011fi\u015ftiren 10 insan\u0131n aras\u0131nda olmaya lay\u0131k g\u00f6rmu\u0308\u015f, onu Gandhi, Nehru ve Buda gibi \u015fahsiyetlerin aras\u0131na yerle\u015ftirmi\u015ftir. 1990\u2019daki .lu\u0308mu\u0308nden bu yana Osho\u2019nun \u00f6\u011fretilerinin etkisi geni\u015flemeye devam ediyor ve du\u0308nyan\u0131n hemen her u\u0308lkesinde her ya\u015ftan aray\u0131c\u0131ya ula\u015f\u0131yor.<\/p>\n","protected":false},"excerpt":{"rendered":"<p>Bu kitapta, yirminci yu\u0308zy\u0131l\u0131n en bu\u0308yu\u0308k spiritu\u0308el ustalar\u0131ndan biri olan Osho, sevgi dolu ili\u015fkiler kurma konusundaki bilgeli\u011fini payla\u015f\u0131yor. \u201cVur-ka\u00e7\u201d ili\u015fkileri, toplumumuzda son derece yayg\u0131n hale geldi.<span class=\"excerpt-hellip\"> [\u2026]<\/span><\/p>\n","protected":false},"featured_media":0,"template":"","meta":{"_monsterinsights_skip_tracking":false,"_monsterinsights_sitenote_active":false,"_monsterinsights_sitenote_note":"","_monsterinsights_sitenote_category":0},"product_brand":[],"product_cat":[12364,12376],"product_tag":[],"class_list":{"0":"post-734915","1":"product","2":"type-product","3":"status-publish","5":"product_cat-genel-konular","6":"product_cat-kisisel-gelisim","7":"pa_cilt-ciltsiz","8":"pa_tur-kitap","9":"pa_yayinevi-butik-yayinlari","10":"pa_yazar-osho","12":"first","13":"instock","14":"sale","15":"shipping-taxable","16":"purchasable","17":"product-type-simple"},"_links":{"self":[{"href":"https:\/\/roveyayinevi.com.tr\/index.php\/wp-json\/wp\/v2\/product\/734915","targetHints":{"allow":["GET"]}}],"collection":[{"href":"https:\/\/roveyayinevi.com.tr\/index.php\/wp-json\/wp\/v2\/product"}],"about":[{"href":"https:\/\/roveyayinevi.com.tr\/index.php\/wp-json\/wp\/v2\/types\/product"}],"wp:attachment":[{"href":"https:\/\/roveyayinevi.com.tr\/index.php\/wp-json\/wp\/v2\/media?parent=734915"}],"wp:term":[{"taxonomy":"product_brand","embeddable":true,"href":"https:\/\/roveyayinevi.com.tr\/index.php\/wp-json\/wp\/v2\/product_brand?post=734915"},{"taxonomy":"product_cat","embeddable":true,"href":"https:\/\/roveyayinevi.com.tr\/index.php\/wp-json\/wp\/v2\/product_cat?post=734915"},{"taxonomy":"product_tag","embeddable":true,"href":"https:\/\/roveyayinevi.com.tr\/index.php\/wp-json\/wp\/v2\/product_tag?post=734915"}],"curies":[{"name":"wp","href":"https:\/\/api.w.org\/{rel}","templated":true}]}}