{"id":734911,"date":"2025-08-27T22:36:59","date_gmt":"2025-08-27T19:36:59","guid":{"rendered":"https:\/\/roveyayinevi.com.tr\/index.php\/urun\/ahlak-3\/"},"modified":"2026-04-16T02:42:53","modified_gmt":"2026-04-15T23:42:53","slug":"ahlak-3","status":"publish","type":"product","link":"https:\/\/roveyayinevi.com.tr\/index.php\/urun\/ahlak-3\/","title":{"rendered":"Ahlak"},"content":{"rendered":"<p>\u0130ngiliz filozof Bernard Williams, bu kitapta, ahlak\u0131n problemlerine ve s\u0131n\u0131rl\u0131l\u0131klar\u0131na bir giri\u015f olarak eti\u011fi tart\u0131\u015fmaktad\u0131r. Etik hayat\u0131 sistematik bir teorinin talepleri do\u011frultusunda anlama ve yorumlama \u00e7abalar\u0131n\u0131 k\u0131s\u0131r ve \u00e7arp\u0131k bulan Williams, \u00e7a\u011fda\u015f bir klasik h\u00e2line gelmi\u015f olan bu ilk kitab\u0131nda, ahlaki meselelere nas\u0131l yakla\u015f\u0131labilece\u011finin parlak bir \u00f6rne\u011fini sunmaktad\u0131r. Ahlaki yarg\u0131n\u0131n do\u011fas\u0131 nedir? Ahlaki bilgi m\u00fcmk\u00fcn m\u00fcd\u00fcr? \u2018Ahlaki olan\u2019 ile \u2018ahlaki olmayan\u2019\u0131 nas\u0131l ay\u0131rt ederiz? Tanr\u0131n\u0131n varl\u0131\u011f\u0131 ya da yoklu\u011fu ahlak anlay\u0131\u015f\u0131m\u0131z\u0131 etkiler mi? \u2018\u0130yili\u011fin\u2019 do\u011fas\u0131 ba\u011flam\u0131nda roller, standartlar ve sorumluluklar ne anlama gelir? Mutluluk ahlakla ilgili olmak zorunda m\u0131d\u0131r? T\u00fcm bu sorularla beraber yazar, amoralizm, \u00f6znelcilik, g\u00f6recilik ve faydac\u0131l\u0131k gibi, farkl\u0131 etik anlay\u0131\u015flar\u0131n \u00f6zg\u00fcn bir okumas\u0131n\u0131 sunmaktad\u0131r. Bu kitap bizleri, felsefe ve etik arac\u0131l\u0131\u011f\u0131yla; s\u00f6ylemekte, d\u00fc\u015f\u00fcnmekte ve hissetmekte oldu\u011fumuz \u015feyler konusunda daha keskin ve daha d\u00fcr\u00fcst bir fark\u0131ndal\u0131\u011fa davet etmektedir.<\/p>\n","protected":false},"excerpt":{"rendered":"<p>\u0130ngiliz filozof Bernard Williams, bu kitapta, ahlak\u0131n problemlerine ve s\u0131n\u0131rl\u0131l\u0131klar\u0131na bir giri\u015f olarak eti\u011fi tart\u0131\u015fmaktad\u0131r. Etik hayat\u0131 sistematik bir teorinin talepleri do\u011frultusunda anlama ve yorumlama \u00e7abalar\u0131n\u0131<span class=\"excerpt-hellip\"> [\u2026]<\/span><\/p>\n","protected":false},"featured_media":0,"template":"","meta":{"_monsterinsights_skip_tracking":false,"_monsterinsights_sitenote_active":false,"_monsterinsights_sitenote_note":"","_monsterinsights_sitenote_category":0},"product_brand":[],"product_cat":[15319,12388],"product_tag":[],"class_list":{"0":"post-734911","1":"product","2":"type-product","3":"status-publish","5":"product_cat-etik","6":"product_cat-felsefe","7":"pa_cilt-ciltsiz","8":"pa_tur-kitap","9":"pa_yayinevi-fol-kitap","10":"pa_yazar-bernard-williams","12":"first","13":"instock","14":"sale","15":"shipping-taxable","16":"purchasable","17":"product-type-simple"},"_links":{"self":[{"href":"https:\/\/roveyayinevi.com.tr\/index.php\/wp-json\/wp\/v2\/product\/734911","targetHints":{"allow":["GET"]}}],"collection":[{"href":"https:\/\/roveyayinevi.com.tr\/index.php\/wp-json\/wp\/v2\/product"}],"about":[{"href":"https:\/\/roveyayinevi.com.tr\/index.php\/wp-json\/wp\/v2\/types\/product"}],"wp:attachment":[{"href":"https:\/\/roveyayinevi.com.tr\/index.php\/wp-json\/wp\/v2\/media?parent=734911"}],"wp:term":[{"taxonomy":"product_brand","embeddable":true,"href":"https:\/\/roveyayinevi.com.tr\/index.php\/wp-json\/wp\/v2\/product_brand?post=734911"},{"taxonomy":"product_cat","embeddable":true,"href":"https:\/\/roveyayinevi.com.tr\/index.php\/wp-json\/wp\/v2\/product_cat?post=734911"},{"taxonomy":"product_tag","embeddable":true,"href":"https:\/\/roveyayinevi.com.tr\/index.php\/wp-json\/wp\/v2\/product_tag?post=734911"}],"curies":[{"name":"wp","href":"https:\/\/api.w.org\/{rel}","templated":true}]}}