{"id":734910,"date":"2025-08-27T22:36:59","date_gmt":"2025-08-27T19:36:59","guid":{"rendered":"https:\/\/roveyayinevi.com.tr\/index.php\/urun\/cocugumun-aklindan-neler-geciyor\/"},"modified":"2026-04-16T02:42:53","modified_gmt":"2026-04-15T23:42:53","slug":"cocugumun-aklindan-neler-geciyor","status":"publish","type":"product","link":"https:\/\/roveyayinevi.com.tr\/index.php\/urun\/cocugumun-aklindan-neler-geciyor\/","title":{"rendered":"\u00c7ocu\u011fumun Akl\u0131ndan Neler Ge\u00e7iyor?"},"content":{"rendered":"<p>\u201cBAK N\u2019APTIM!\u201d\u201cDAHA UYKUM GELMED\u0130 K\u0130!\u201d\u201cBEN\u0130 UTANDIRIYORSUN.\u201d\u00c7ocu\u011fun bu ve bunun gibi c\u00fcmleleri sarf ederken asl\u0131nda ne demek istiyor? Hislerini ifade edemeyip a\u011flad\u0131\u011f\u0131nda, kendini yerden yere at\u0131p \u00f6fke krizleri ge\u00e7irdi\u011finde ve sen kendini \u00e7aresiz bir \u015fekilde k\u00f6\u015feye s\u0131k\u0131\u015fm\u0131\u015f hissetti\u011finde \u00e7ocu\u011funun akl\u0131ndan neler ge\u00e7iyor? Ona nas\u0131l yard\u0131mc\u0131 olabilir, nas\u0131l \u201cyeterince iyi\u201d bir ebeveyne d\u00f6n\u00fc\u015febilirsin? \u0130\u015fte bu kitapla her g\u00fcn ya\u015fanabilecek y\u00fczden fazla olay\u0131 deneyimlerken \u00e7ocu\u011funun davran\u0131\u015flar\u0131n\u0131n ard\u0131ndaki sebebi ke\u015ffetmekle kalmayacak, onun duygular\u0131na da anlam verebileceksin. \u00d6te yandan, her an patlak verebilen ve bocalamana sebep olan sorunlar kar\u015f\u0131s\u0131nda hem en iyi \u00e7\u00f6z\u00fcm\u00fc g\u00fcvenle uygulayabilecek hem de kendi hislerini hi\u00e7e say\u0131p yaln\u0131zl\u0131k \u00e7ekmek zorunda kalmayacaks\u0131n. \u00c7ocuklar\u0131n 2 ila 7 ya\u015f aras\u0131nda geride b\u0131rakt\u0131klar\u0131 d\u00f6n\u00fcm noktalar\u0131n\u0131 ke\u015ffederken \u00f6fke n\u00f6betleri, karde\u015f \u00e7eki\u015fmeleri, uyku sorunlar\u0131, \u00e7evrimi\u00e7i g\u00fcvenlik ve \u00e7ok daha fazlas\u0131yla ba\u015fa \u00e7\u0131kman\u0131n yollar\u0131n\u0131 bulacaks\u0131n. \u00c7ocu\u011funun en derinlerde yatan d\u00fc\u015f\u00fcncelerini g\u00f6z ard\u0131 etme ve hep olmak istedi\u011fin ebeveyne ula\u015f!<\/p>\n","protected":false},"excerpt":{"rendered":"<p>\u201cBAK N\u2019APTIM!\u201d\u201cDAHA UYKUM GELMED\u0130 K\u0130!\u201d\u201cBEN\u0130 UTANDIRIYORSUN.\u201d\u00c7ocu\u011fun bu ve bunun gibi c\u00fcmleleri sarf ederken asl\u0131nda ne demek istiyor? Hislerini ifade edemeyip a\u011flad\u0131\u011f\u0131nda, kendini yerden yere at\u0131p \u00f6fke<span class=\"excerpt-hellip\"> [\u2026]<\/span><\/p>\n","protected":false},"featured_media":0,"template":"","meta":{"_monsterinsights_skip_tracking":false,"_monsterinsights_sitenote_active":false,"_monsterinsights_sitenote_note":"","_monsterinsights_sitenote_category":0},"product_brand":[],"product_cat":[12831,12324],"product_tag":[],"class_list":{"0":"post-734910","1":"product","2":"type-product","3":"status-publish","5":"product_cat-aile-ve-cocuk","6":"product_cat-sosyoloji","7":"pa_cilt-ciltsiz","8":"pa_tur-kitap","9":"pa_yayinevi-kronik-kitap","10":"pa_yazar-tanith-carey-angharad-rudkin","12":"first","13":"instock","14":"sale","15":"shipping-taxable","16":"purchasable","17":"product-type-simple"},"_links":{"self":[{"href":"https:\/\/roveyayinevi.com.tr\/index.php\/wp-json\/wp\/v2\/product\/734910","targetHints":{"allow":["GET"]}}],"collection":[{"href":"https:\/\/roveyayinevi.com.tr\/index.php\/wp-json\/wp\/v2\/product"}],"about":[{"href":"https:\/\/roveyayinevi.com.tr\/index.php\/wp-json\/wp\/v2\/types\/product"}],"wp:attachment":[{"href":"https:\/\/roveyayinevi.com.tr\/index.php\/wp-json\/wp\/v2\/media?parent=734910"}],"wp:term":[{"taxonomy":"product_brand","embeddable":true,"href":"https:\/\/roveyayinevi.com.tr\/index.php\/wp-json\/wp\/v2\/product_brand?post=734910"},{"taxonomy":"product_cat","embeddable":true,"href":"https:\/\/roveyayinevi.com.tr\/index.php\/wp-json\/wp\/v2\/product_cat?post=734910"},{"taxonomy":"product_tag","embeddable":true,"href":"https:\/\/roveyayinevi.com.tr\/index.php\/wp-json\/wp\/v2\/product_tag?post=734910"}],"curies":[{"name":"wp","href":"https:\/\/api.w.org\/{rel}","templated":true}]}}