{"id":734907,"date":"2025-08-27T22:36:55","date_gmt":"2025-08-27T19:36:55","guid":{"rendered":"https:\/\/roveyayinevi.com.tr\/index.php\/urun\/napolyon-imparator-ve-general\/"},"modified":"2026-04-16T02:42:53","modified_gmt":"2026-04-15T23:42:53","slug":"napolyon-imparator-ve-general","status":"publish","type":"product","link":"https:\/\/roveyayinevi.com.tr\/index.php\/urun\/napolyon-imparator-ve-general\/","title":{"rendered":"Napolyon &#8211; \u0130mparator ve General"},"content":{"rendered":"<p>Napolyon; \u0130skender, Hannibal, Sezar\u2019\u0131n toplam\u0131ndan daha fazla sava\u015f y\u00f6netmi\u015ftir ve Avrupa\u2019n\u0131n (Bat\u0131\u2019n\u0131n) gelmi\u015f ge\u00e7mi\u015f en b\u00fcy\u00fck generalidir. Napolyon\u2019la ayn\u0131 d\u00f6nemde ya\u015fayan \u00fcnl\u00fc Alman \u015fair ve filozofu Goethe\u2019nin Bourrienne\u2019in Hat\u0131ralar\u0131 eserinden: \u201cGazetecilerin, tarih\u00e7ilerin ve \u015fairlerin Napolyon\u2019un etraf\u0131nda olu\u015fturduklar\u0131 t\u00fcm bu \u015f\u00f6hret bulutu, t\u00fcm bu hayal \u00e2lemi, bu kitab\u0131n korkutucu ger\u00e7ekli\u011fi kar\u015f\u0131s\u0131nda yok oluyor; fakat kahraman burada hi\u00e7bir \u015fekilde k\u00fc\u00e7\u00fclm\u00fc\u015f olmaz; tam tersine b\u00fcy\u00fcr. Bundan \u00f6\u011frendi\u011fimiz \u015fey, herhangi bir ki\u015fi bunu s\u00f6ylemeye cesaret etti\u011fi zaman, ger\u00e7e\u011fin ne kadar muhte\u015fem bir \u015fey oldu\u011fudur. Napolyon\u2019un hayat\u0131 kaderin eliyle yaz\u0131lm\u0131\u015f b\u00fcy\u00fck bir destand\u0131r; bunun t\u00fcm anlam\u0131 kendisini, hayal g\u00fcc\u00fcn\u00fc ba\u015f\u0131bo\u015f b\u0131rakan ki\u015fiye de\u011fil, fakat kadere inanan ki\u015fiye a\u00e7\u0131klanabilir. B\u00f6ylece, ayn\u0131 \u015fekilde, \u00f6l\u00fcml\u00fc bir insan\u0131n bin y\u0131lda sadece bir kez ger\u00e7ekle\u015ftirdi\u011fi trajedi, bu sayfalar\u0131n okuru i\u00e7in yeniden olu\u015fturulmal\u0131d\u0131r. O, bir insan\u0131n \u00f6zg\u00fcven ve cesaret, tutku ve hayal g\u00fcc\u00fc, \u00e7al\u0131\u015fkanl\u0131k ve iradeyle elde edebilece\u011fi her \u015feyi elde etti. Bug\u00fcn en yetenekli insanlara m\u00fcmk\u00fcn olan her yolu a\u00e7makta olan devrimler \u00e7a\u011f\u0131nda, Avrupa\u2019n\u0131n ate\u015fli gen\u00e7leri \u00f6nlerinde hem \u00f6rnek hem de uyar\u0131c\u0131 olarak, Bat\u0131\u2019daki t\u00fcm insanlar aras\u0131nda en \u015fiddetli olaylar\u0131 yaratan ve bunlar\u0131n \u0131st\u0131rab\u0131n\u0131 \u00e7eken bu ki\u015fiden daha b\u00fcy\u00fck bir adam bulamaz.\u201d<\/p>\n","protected":false},"excerpt":{"rendered":"<p>Napolyon; \u0130skender, Hannibal, Sezar\u2019\u0131n toplam\u0131ndan daha fazla sava\u015f y\u00f6netmi\u015ftir ve Avrupa\u2019n\u0131n (Bat\u0131\u2019n\u0131n) gelmi\u015f ge\u00e7mi\u015f en b\u00fcy\u00fck generalidir. Napolyon\u2019la ayn\u0131 d\u00f6nemde ya\u015fayan \u00fcnl\u00fc Alman \u015fair ve filozofu<span class=\"excerpt-hellip\"> [\u2026]<\/span><\/p>\n","protected":false},"featured_media":0,"template":"","meta":{"_monsterinsights_skip_tracking":false,"_monsterinsights_sitenote_active":false,"_monsterinsights_sitenote_note":"","_monsterinsights_sitenote_category":0},"product_brand":[],"product_cat":[12370,12304],"product_tag":[],"class_list":{"0":"post-734907","1":"product","2":"type-product","3":"status-publish","5":"product_cat-arastirma-inceleme","6":"product_cat-tarih","7":"pa_cilt-ciltsiz","8":"pa_tur-kitap","9":"pa_yayinevi-inkilap-kitabevi","10":"pa_yazar-osman-pamukoglu","12":"first","13":"instock","14":"sale","15":"shipping-taxable","16":"purchasable","17":"product-type-simple"},"_links":{"self":[{"href":"https:\/\/roveyayinevi.com.tr\/index.php\/wp-json\/wp\/v2\/product\/734907","targetHints":{"allow":["GET"]}}],"collection":[{"href":"https:\/\/roveyayinevi.com.tr\/index.php\/wp-json\/wp\/v2\/product"}],"about":[{"href":"https:\/\/roveyayinevi.com.tr\/index.php\/wp-json\/wp\/v2\/types\/product"}],"wp:attachment":[{"href":"https:\/\/roveyayinevi.com.tr\/index.php\/wp-json\/wp\/v2\/media?parent=734907"}],"wp:term":[{"taxonomy":"product_brand","embeddable":true,"href":"https:\/\/roveyayinevi.com.tr\/index.php\/wp-json\/wp\/v2\/product_brand?post=734907"},{"taxonomy":"product_cat","embeddable":true,"href":"https:\/\/roveyayinevi.com.tr\/index.php\/wp-json\/wp\/v2\/product_cat?post=734907"},{"taxonomy":"product_tag","embeddable":true,"href":"https:\/\/roveyayinevi.com.tr\/index.php\/wp-json\/wp\/v2\/product_tag?post=734907"}],"curies":[{"name":"wp","href":"https:\/\/api.w.org\/{rel}","templated":true}]}}