{"id":734903,"date":"2025-08-27T22:36:52","date_gmt":"2025-08-27T19:36:52","guid":{"rendered":"https:\/\/roveyayinevi.com.tr\/index.php\/urun\/hz-aisenin-sahabeye-yonelttigi-elestiriler\/"},"modified":"2026-04-16T02:42:53","modified_gmt":"2026-04-15T23:42:53","slug":"hz-aisenin-sahabeye-yonelttigi-elestiriler","status":"publish","type":"product","link":"https:\/\/roveyayinevi.com.tr\/index.php\/urun\/hz-aisenin-sahabeye-yonelttigi-elestiriler\/","title":{"rendered":"Hz. Ai\u015fe&#8217;nin Sahabeye Y\u00f6neltti\u011fi Ele\u015ftiriler"},"content":{"rendered":"<p>\u0130lk as\u0131rlarda yeterince metin tenkidi yap\u0131l\u0131p yap\u0131lmad\u0131\u011f\u0131, g\u00fcn\u00fcm\u00fcz hadis-S\u00fcnnet \u00e7al\u0131\u015fmalar\u0131n\u0131n en \u00e7ok tart\u0131\u015f\u0131lan konular\u0131ndan biridir. Ge\u00e7mi\u015fte, genellikle isnad tenkidi yap\u0131ld\u0131\u011f\u0131n\u0131 ve metin tenkidinin ihmal edildi\u011fini savunanlarla birlikte, bunun aksini savunan, hatta g\u00fcn\u00fcm\u00fczde yap\u0131lan metin tenkidi \u00e7al\u0131\u015fmalar\u0131na ve ele\u015ftirel yakla\u015f\u0131mlara kar\u015f\u0131 \u00e7\u0131kan ki\u015filer de bulunmaktad\u0131r. Elinizdeki kitap, her iki d\u00fc\u015f\u00fcnceyi savunanlara cevap niteli\u011findedir. Hz. \u00c2i\u015fe\u2019nin tenkidlerini i\u00e7eren bu kitap, zikretti\u011fi bir\u00e7ok misal ile Hz. \u00c2i\u015fe\u2019nin hadis ve S\u00fcnnetleri anlama-yorumlama y\u00f6ntemine \u0131\u015f\u0131k tutmaktad\u0131r. Ayr\u0131ca, Hz. \u00c2i\u015fe validemizin Kur\u2019an\u2019a, S\u00fcnnet\u2019e ve akla dayal\u0131 y\u00f6ntem ve yakla\u015f\u0131m\u0131, Resul-i Ekrem\u2019in hadis ve S\u00fcnnetlerinin do\u011fru anla\u015f\u0131lmas\u0131na, tutarl\u0131 yorumlanmas\u0131na katk\u0131da bulunacakt\u0131r.<\/p>\n","protected":false},"excerpt":{"rendered":"<p>\u0130lk as\u0131rlarda yeterince metin tenkidi yap\u0131l\u0131p yap\u0131lmad\u0131\u011f\u0131, g\u00fcn\u00fcm\u00fcz hadis-S\u00fcnnet \u00e7al\u0131\u015fmalar\u0131n\u0131n en \u00e7ok tart\u0131\u015f\u0131lan konular\u0131ndan biridir. Ge\u00e7mi\u015fte, genellikle isnad tenkidi yap\u0131ld\u0131\u011f\u0131n\u0131 ve metin tenkidinin ihmal edildi\u011fini savunanlarla<span class=\"excerpt-hellip\"> [\u2026]<\/span><\/p>\n","protected":false},"featured_media":0,"template":"","meta":{"_monsterinsights_skip_tracking":false,"_monsterinsights_sitenote_active":false,"_monsterinsights_sitenote_note":"","_monsterinsights_sitenote_category":0},"product_brand":[],"product_cat":[12718,12719,18109],"product_tag":[],"class_list":{"0":"post-734903","1":"product","2":"type-product","3":"status-publish","5":"product_cat-din","6":"product_cat-islam","7":"product_cat-islam-tarihi","8":"pa_cilt-ciltsiz","9":"pa_tur-kitap","10":"pa_yayinevi-otto-yayinlari","11":"pa_yazar-zerkesi","13":"first","14":"instock","15":"sale","16":"shipping-taxable","17":"purchasable","18":"product-type-simple"},"_links":{"self":[{"href":"https:\/\/roveyayinevi.com.tr\/index.php\/wp-json\/wp\/v2\/product\/734903","targetHints":{"allow":["GET"]}}],"collection":[{"href":"https:\/\/roveyayinevi.com.tr\/index.php\/wp-json\/wp\/v2\/product"}],"about":[{"href":"https:\/\/roveyayinevi.com.tr\/index.php\/wp-json\/wp\/v2\/types\/product"}],"wp:attachment":[{"href":"https:\/\/roveyayinevi.com.tr\/index.php\/wp-json\/wp\/v2\/media?parent=734903"}],"wp:term":[{"taxonomy":"product_brand","embeddable":true,"href":"https:\/\/roveyayinevi.com.tr\/index.php\/wp-json\/wp\/v2\/product_brand?post=734903"},{"taxonomy":"product_cat","embeddable":true,"href":"https:\/\/roveyayinevi.com.tr\/index.php\/wp-json\/wp\/v2\/product_cat?post=734903"},{"taxonomy":"product_tag","embeddable":true,"href":"https:\/\/roveyayinevi.com.tr\/index.php\/wp-json\/wp\/v2\/product_tag?post=734903"}],"curies":[{"name":"wp","href":"https:\/\/api.w.org\/{rel}","templated":true}]}}