{"id":734900,"date":"2025-08-27T22:36:49","date_gmt":"2025-08-27T19:36:49","guid":{"rendered":"https:\/\/roveyayinevi.com.tr\/index.php\/urun\/kor-karanligim\/"},"modified":"2026-04-16T02:42:53","modified_gmt":"2026-04-15T23:42:53","slug":"kor-karanligim","status":"publish","type":"product","link":"https:\/\/roveyayinevi.com.tr\/index.php\/urun\/kor-karanligim\/","title":{"rendered":"K\u00f6r Karanl\u0131\u011f\u0131m"},"content":{"rendered":"<p>Sana d\u00fc\u015f getirecektim \u015eeymaAhir zaman\u0131n okyanus mavisindenKirli pasl\u0131 bir elveda olmayacakt\u0131 haniHani t\u00fckenmi\u015fli\u011fini y\u00fcre\u011fimde arayacakt\u0131nNe sular \u00f6pecekti g\u00f6\u011f\u00fcNe mavisi d\u00fc\u015fecekti sulara g\u00f6\u011f\u00fcnSen benim i\u00e7inYal\u0131nayak bir \u00f6zlemdin kald\u0131r\u0131m ta\u015flar\u0131ndaGeceyi bunun i\u00e7in seviyordum\u00c7\u00fcnk\u00fc yitiktin bana birazBirazc\u0131k suskunBana mezar olacakt\u0131 g\u00fcnbat\u0131m\u0131 ak\u015famlarSana \u015fehir t\u00fckenecekti \u015eeymaBu sitem bu \u00f6fke sana \u015eeyma<\/p>\n","protected":false},"excerpt":{"rendered":"<p>Sana d\u00fc\u015f getirecektim \u015eeymaAhir zaman\u0131n okyanus mavisindenKirli pasl\u0131 bir elveda olmayacakt\u0131 haniHani t\u00fckenmi\u015fli\u011fini y\u00fcre\u011fimde arayacakt\u0131nNe sular \u00f6pecekti g\u00f6\u011f\u00fcNe mavisi d\u00fc\u015fecekti sulara g\u00f6\u011f\u00fcnSen benim i\u00e7inYal\u0131nayak bir \u00f6zlemdin<span class=\"excerpt-hellip\"> [\u2026]<\/span><\/p>\n","protected":false},"featured_media":0,"template":"","meta":{"_monsterinsights_skip_tracking":false,"_monsterinsights_sitenote_active":false,"_monsterinsights_sitenote_note":"","_monsterinsights_sitenote_category":0},"product_brand":[],"product_cat":[12291,12509],"product_tag":[],"class_list":{"0":"post-734900","1":"product","2":"type-product","3":"status-publish","5":"product_cat-edebiyat","6":"product_cat-siir","7":"pa_cilt-ciltsiz","8":"pa_tur-kitap","9":"pa_yayinevi-gulnar-yayinlari","10":"pa_yazar-f-seyma-akkiz","12":"first","13":"instock","14":"sale","15":"shipping-taxable","16":"purchasable","17":"product-type-simple"},"_links":{"self":[{"href":"https:\/\/roveyayinevi.com.tr\/index.php\/wp-json\/wp\/v2\/product\/734900","targetHints":{"allow":["GET"]}}],"collection":[{"href":"https:\/\/roveyayinevi.com.tr\/index.php\/wp-json\/wp\/v2\/product"}],"about":[{"href":"https:\/\/roveyayinevi.com.tr\/index.php\/wp-json\/wp\/v2\/types\/product"}],"wp:attachment":[{"href":"https:\/\/roveyayinevi.com.tr\/index.php\/wp-json\/wp\/v2\/media?parent=734900"}],"wp:term":[{"taxonomy":"product_brand","embeddable":true,"href":"https:\/\/roveyayinevi.com.tr\/index.php\/wp-json\/wp\/v2\/product_brand?post=734900"},{"taxonomy":"product_cat","embeddable":true,"href":"https:\/\/roveyayinevi.com.tr\/index.php\/wp-json\/wp\/v2\/product_cat?post=734900"},{"taxonomy":"product_tag","embeddable":true,"href":"https:\/\/roveyayinevi.com.tr\/index.php\/wp-json\/wp\/v2\/product_tag?post=734900"}],"curies":[{"name":"wp","href":"https:\/\/api.w.org\/{rel}","templated":true}]}}