{"id":734895,"date":"2025-08-27T22:36:45","date_gmt":"2025-08-27T19:36:45","guid":{"rendered":"https:\/\/roveyayinevi.com.tr\/index.php\/urun\/ingiliz-misyonerleri\/"},"modified":"2026-04-16T02:42:53","modified_gmt":"2026-04-15T23:42:53","slug":"ingiliz-misyonerleri","status":"publish","type":"product","link":"https:\/\/roveyayinevi.com.tr\/index.php\/urun\/ingiliz-misyonerleri\/","title":{"rendered":"\u0130ngiliz Misyonerleri"},"content":{"rendered":"<p>\u201cMisyonerler Afrika\u2019ya geldi\u011finde bizim topraklar\u0131m\u0131z ve incilerimiz, onlar\u0131n \u0130ncilleri vard\u0131. Dua edelim dediler.  G\u00f6zlerimizi kapatt\u0131k. G\u00f6zlerimizi a\u00e7t\u0131\u011f\u0131m\u0131zda bizim \u0130ncil\u2019imiz, onlar\u0131n topraklar\u0131 ve incileri vard\u0131.\u201d Jomo Kenyata Kenya Devlet Ba\u015fkan\u0131 Misyoner Cemiyeti\u2019nin g\u00f6revi Hr\u0131stiyanl\u0131\u011f\u0131 yaymak gibi g\u00f6r\u00fcn\u00fcr. Gizli g\u00f6revi ise \u0130ngiliz s\u00f6m\u00fcrgecili\u011fini sa\u011flamakt\u0131r.Sadece \u015fiddetle i\u015fgal edilen yerlerde \u00e7ok durulmaz. \u0130ngiltere i\u015fgal edece\u011fi \u00fclkeleri \u00f6nceden inceleyerek \u00f6\u011frenir. Ondan sonra misyonerler sayesinde i\u015fgali haz\u0131rlar. Bir g\u00fcn ans\u0131z\u0131n oray\u0131 istila eder ve o \u00fclkeye girdi\u011fi zaman bir yabanc\u0131 gibi de\u011fil, kendi \u00fclkesine girer gibi girer.  <\/p>\n","protected":false},"excerpt":{"rendered":"<p>\u201cMisyonerler Afrika\u2019ya geldi\u011finde bizim topraklar\u0131m\u0131z ve incilerimiz, onlar\u0131n \u0130ncilleri vard\u0131. Dua edelim dediler. G\u00f6zlerimizi kapatt\u0131k. G\u00f6zlerimizi a\u00e7t\u0131\u011f\u0131m\u0131zda bizim \u0130ncil\u2019imiz, onlar\u0131n topraklar\u0131 ve incileri vard\u0131.\u201d Jomo Kenyata<span class=\"excerpt-hellip\"> [\u2026]<\/span><\/p>\n","protected":false},"featured_media":0,"template":"","meta":{"_monsterinsights_skip_tracking":false,"_monsterinsights_sitenote_active":false,"_monsterinsights_sitenote_note":"","_monsterinsights_sitenote_category":0},"product_brand":[],"product_cat":[13590,12337],"product_tag":[],"class_list":{"0":"post-734895","1":"product","2":"type-product","3":"status-publish","5":"product_cat-arastirma-inceleme-politika-siyaset","6":"product_cat-politika-siyaset","7":"pa_cilt-ciltsiz","8":"pa_tur-kitap","9":"pa_yayinevi-biyografi-net-yayincilik","10":"pa_yazar-ahmet-hamdi-bey","12":"first","13":"instock","14":"sale","15":"shipping-taxable","16":"purchasable","17":"product-type-simple"},"_links":{"self":[{"href":"https:\/\/roveyayinevi.com.tr\/index.php\/wp-json\/wp\/v2\/product\/734895","targetHints":{"allow":["GET"]}}],"collection":[{"href":"https:\/\/roveyayinevi.com.tr\/index.php\/wp-json\/wp\/v2\/product"}],"about":[{"href":"https:\/\/roveyayinevi.com.tr\/index.php\/wp-json\/wp\/v2\/types\/product"}],"wp:attachment":[{"href":"https:\/\/roveyayinevi.com.tr\/index.php\/wp-json\/wp\/v2\/media?parent=734895"}],"wp:term":[{"taxonomy":"product_brand","embeddable":true,"href":"https:\/\/roveyayinevi.com.tr\/index.php\/wp-json\/wp\/v2\/product_brand?post=734895"},{"taxonomy":"product_cat","embeddable":true,"href":"https:\/\/roveyayinevi.com.tr\/index.php\/wp-json\/wp\/v2\/product_cat?post=734895"},{"taxonomy":"product_tag","embeddable":true,"href":"https:\/\/roveyayinevi.com.tr\/index.php\/wp-json\/wp\/v2\/product_tag?post=734895"}],"curies":[{"name":"wp","href":"https:\/\/api.w.org\/{rel}","templated":true}]}}